{"id":2,"date":"2010-07-02T08:05:33","date_gmt":"2010-07-02T08:05:33","guid":{"rendered":"http:\/\/departamentos.unileon.es\/tecnologia-minera-topografia-y-de-estructuras\/?page_id=2"},"modified":"2024-06-04T12:56:00","modified_gmt":"2024-06-04T12:56:00","slug":"organos-directivos","status":"publish","type":"page","link":"https:\/\/departamentos.unileon.es\/tecnologia-minera-topografia-y-de-estructuras\/organos-directivos\/","title":{"rendered":"\u00d3rganos Directivos"},"content":{"rendered":"<table style=\"width: 100%;\">\n<tbody>\n<tr>\n<th class=\"alignleft\">Director del Departamento<\/th>\n<td><a href=\"mailto:dtmdir@unileon.es\"><strong>Enoc Sanz Ablanedo<\/strong><\/a><\/td>\n<td>Tel\u00e9fono: 987 293530<\/td>\n<\/tr>\n<tr>\n<th class=\"alignleft\">Subdirectora del Departamento<\/th>\n<td><a href=\"mailto:ngomm@unileon.es\"><strong>Natalia G\u00f3mez Mar\u00edn<\/strong><\/a><\/td>\n<td>Tel\u00e9fono: 987 291000 + 5428<\/td>\n<\/tr>\n<tr>\n<th class=\"alignleft\">Secretario del Departamento<\/th>\n<td><a href=\"mailto:vgutp@unileon.es\"><strong>Victor Guti\u00e9rrez Posada<\/strong><\/a><\/td>\n<td>Tel\u00e9fono: 987 291000 + 5414<\/td>\n<\/tr>\n<\/tbody>\n<\/table>","protected":false},"excerpt":{"rendered":"<p>Director del Departamento Enoc Sanz Ablanedo Tel\u00e9fono: 987 293530 Subdirectora del Departamento Natalia G\u00f3mez Mar\u00edn Tel\u00e9fono: 987 291000 + 5428 Secretario del Departamento Victor Guti\u00e9rrez Posada Tel\u00e9fono: 987 291000 + 5414<\/p>\n","protected":false},"author":32,"featured_media":0,"parent":0,"menu_order":0,"comment_status":"closed","ping_status":"open","template":"","meta":{"ngg_post_thumbnail":0,"footnotes":""},"class_list":["post-2","page","type-page","status-publish","hentry"],"yoast_head":"<!-- This site is optimized with the Yoast SEO plugin v25.8 - https:\/\/yoast.com\/wordpress\/plugins\/seo\/ -->\n<title>\u00d3rganos Directivos - Departamento de Tecnolog\u00eda Minera, Topograf\u00eda y de Estructuras<\/title>\n<meta name=\"robots\" content=\"index, follow, max-snippet:-1, max-image-preview:large, max-video-preview:-1\" \/>\n<link rel=\"canonical\" href=\"https:\/\/departamentos.unileon.es\/tecnologia-minera-topografia-y-de-estructuras\/organos-directivos\/\" \/>\n<meta property=\"og:locale\" content=\"es_ES\" \/>\n<meta property=\"og:type\" content=\"article\" \/>\n<meta property=\"og:title\" content=\"\u00d3rganos Directivos - Departamento de Tecnolog\u00eda Minera, Topograf\u00eda y de Estructuras\" \/>\n<meta property=\"og:description\" content=\"Director del Departamento Enoc Sanz Ablanedo Tel\u00e9fono: 987 293530 Subdirectora del Departamento Natalia G\u00f3mez Mar\u00edn Tel\u00e9fono: 987 291000 + 5428 Secretario del Departamento Victor Guti\u00e9rrez Posada Tel\u00e9fono: 987 291000 + 5414\" \/>\n<meta property=\"og:url\" content=\"https:\/\/departamentos.unileon.es\/tecnologia-minera-topografia-y-de-estructuras\/organos-directivos\/\" \/>\n<meta property=\"og:site_name\" content=\"Departamento de Tecnolog\u00eda Minera, Topograf\u00eda y de Estructuras\" \/>\n<meta property=\"article:modified_time\" content=\"2024-06-04T12:56:00+00:00\" \/>\n<meta name=\"twitter:card\" content=\"summary_large_image\" \/>\n<meta name=\"twitter:label1\" content=\"Tiempo de lectura\" \/>\n\t<meta name=\"twitter:data1\" content=\"1 minuto\" \/>\n<script type=\"application\/ld+json\" class=\"yoast-schema-graph\">{\"@context\":\"https:\/\/schema.org\",\"@graph\":[{\"@type\":\"WebPage\",\"@id\":\"https:\/\/departamentos.unileon.es\/tecnologia-minera-topografia-y-de-estructuras\/organos-directivos\/\",\"url\":\"https:\/\/departamentos.unileon.es\/tecnologia-minera-topografia-y-de-estructuras\/organos-directivos\/\",\"name\":\"\u00d3rganos Directivos - Departamento de Tecnolog\u00eda Minera, Topograf\u00eda y de Estructuras\",\"isPartOf\":{\"@id\":\"https:\/\/departamentos.unileon.es\/tecnologia-minera-topografia-y-de-estructuras\/#website\"},\"datePublished\":\"2010-07-02T08:05:33+00:00\",\"dateModified\":\"2024-06-04T12:56:00+00:00\",\"inLanguage\":\"es\",\"potentialAction\":[{\"@type\":\"ReadAction\",\"target\":[\"https:\/\/departamentos.unileon.es\/tecnologia-minera-topografia-y-de-estructuras\/organos-directivos\/\"]}]},{\"@type\":\"WebSite\",\"@id\":\"https:\/\/departamentos.unileon.es\/tecnologia-minera-topografia-y-de-estructuras\/#website\",\"url\":\"https:\/\/departamentos.unileon.es\/tecnologia-minera-topografia-y-de-estructuras\/\",\"name\":\"Departamento de Tecnolog\u00eda Minera, Topograf\u00eda y de Estructuras\",\"description\":\"Otro sitio m\u00e1s de Universidad de Le\u00f3n\",\"potentialAction\":[{\"@type\":\"SearchAction\",\"target\":{\"@type\":\"EntryPoint\",\"urlTemplate\":\"https:\/\/departamentos.unileon.es\/tecnologia-minera-topografia-y-de-estructuras\/?s={search_term_string}\"},\"query-input\":{\"@type\":\"PropertyValueSpecification\",\"valueRequired\":true,\"valueName\":\"search_term_string\"}}],\"inLanguage\":\"es\"}]}<\/script>\n<!-- \/ Yoast SEO plugin. -->","yoast_head_json":{"title":"\u00d3rganos Directivos - Departamento de Tecnolog\u00eda Minera, Topograf\u00eda y de Estructuras","robots":{"index":"index","follow":"follow","max-snippet":"max-snippet:-1","max-image-preview":"max-image-preview:large","max-video-preview":"max-video-preview:-1"},"canonical":"https:\/\/departamentos.unileon.es\/tecnologia-minera-topografia-y-de-estructuras\/organos-directivos\/","og_locale":"es_ES","og_type":"article","og_title":"\u00d3rganos Directivos - Departamento de Tecnolog\u00eda Minera, Topograf\u00eda y de Estructuras","og_description":"Director del Departamento Enoc Sanz Ablanedo Tel\u00e9fono: 987 293530 Subdirectora del Departamento Natalia G\u00f3mez Mar\u00edn Tel\u00e9fono: 987 291000 + 5428 Secretario del Departamento Victor Guti\u00e9rrez Posada Tel\u00e9fono: 987 291000 + 5414","og_url":"https:\/\/departamentos.unileon.es\/tecnologia-minera-topografia-y-de-estructuras\/organos-directivos\/","og_site_name":"Departamento de Tecnolog\u00eda Minera, Topograf\u00eda y de Estructuras","article_modified_time":"2024-06-04T12:56:00+00:00","twitter_card":"summary_large_image","twitter_misc":{"Tiempo de lectura":"1 minuto"},"schema":{"@context":"https:\/\/schema.org","@graph":[{"@type":"WebPage","@id":"https:\/\/departamentos.unileon.es\/tecnologia-minera-topografia-y-de-estructuras\/organos-directivos\/","url":"https:\/\/departamentos.unileon.es\/tecnologia-minera-topografia-y-de-estructuras\/organos-directivos\/","name":"\u00d3rganos Directivos - Departamento de Tecnolog\u00eda Minera, Topograf\u00eda y de Estructuras","isPartOf":{"@id":"https:\/\/departamentos.unileon.es\/tecnologia-minera-topografia-y-de-estructuras\/#website"},"datePublished":"2010-07-02T08:05:33+00:00","dateModified":"2024-06-04T12:56:00+00:00","inLanguage":"es","potentialAction":[{"@type":"ReadAction","target":["https:\/\/departamentos.unileon.es\/tecnologia-minera-topografia-y-de-estructuras\/organos-directivos\/"]}]},{"@type":"WebSite","@id":"https:\/\/departamentos.unileon.es\/tecnologia-minera-topografia-y-de-estructuras\/#website","url":"https:\/\/departamentos.unileon.es\/tecnologia-minera-topografia-y-de-estructuras\/","name":"Departamento de Tecnolog\u00eda Minera, Topograf\u00eda y de Estructuras","description":"Otro sitio m\u00e1s de Universidad de Le\u00f3n","potentialAction":[{"@type":"SearchAction","target":{"@type":"EntryPoint","urlTemplate":"https:\/\/departamentos.unileon.es\/tecnologia-minera-topografia-y-de-estructuras\/?s={search_term_string}"},"query-input":{"@type":"PropertyValueSpecification","valueRequired":true,"valueName":"search_term_string"}}],"inLanguage":"es"}]}},"_links":{"self":[{"href":"https:\/\/departamentos.unileon.es\/tecnologia-minera-topografia-y-de-estructuras\/wp-json\/wp\/v2\/pages\/2","targetHints":{"allow":["GET"]}}],"collection":[{"href":"https:\/\/departamentos.unileon.es\/tecnologia-minera-topografia-y-de-estructuras\/wp-json\/wp\/v2\/pages"}],"about":[{"href":"https:\/\/departamentos.unileon.es\/tecnologia-minera-topografia-y-de-estructuras\/wp-json\/wp\/v2\/types\/page"}],"author":[{"embeddable":true,"href":"https:\/\/departamentos.unileon.es\/tecnologia-minera-topografia-y-de-estructuras\/wp-json\/wp\/v2\/users\/32"}],"replies":[{"embeddable":true,"href":"https:\/\/departamentos.unileon.es\/tecnologia-minera-topografia-y-de-estructuras\/wp-json\/wp\/v2\/comments?post=2"}],"version-history":[{"count":21,"href":"https:\/\/departamentos.unileon.es\/tecnologia-minera-topografia-y-de-estructuras\/wp-json\/wp\/v2\/pages\/2\/revisions"}],"predecessor-version":[{"id":115,"href":"https:\/\/departamentos.unileon.es\/tecnologia-minera-topografia-y-de-estructuras\/wp-json\/wp\/v2\/pages\/2\/revisions\/115"}],"wp:attachment":[{"href":"https:\/\/departamentos.unileon.es\/tecnologia-minera-topografia-y-de-estructuras\/wp-json\/wp\/v2\/media?parent=2"}],"curies":[{"name":"wp","href":"https:\/\/api.w.org\/{rel}","templated":true}]}}