{"id":70,"date":"2011-04-07T08:26:07","date_gmt":"2011-04-07T08:26:07","guid":{"rendered":"http:\/\/departamentos.unileon.es\/psicologia-sociologia-y-filosofia\/?page_id=70"},"modified":"2026-04-07T12:41:55","modified_gmt":"2026-04-07T12:41:55","slug":"localizacion-y-contacto","status":"publish","type":"page","link":"https:\/\/departamentos.unileon.es\/psicologia-sociologia-y-filosofia\/localizacion-y-contacto\/","title":{"rendered":"Localizaci\u00f3n y Contacto"},"content":{"rendered":"<p><strong>Direcci\u00f3n Postal<\/strong><\/p>\r\n<p>Departamento de Psicolog\u00eda, Sociolog\u00eda y Filosof\u00eda<\/p>\r\n<p>Universidad de Le\u00f3n<\/p>\r\n<p>Facultad de Educaci\u00f3n<\/p>\r\n<p>Campus de Vegazana, s\/n<\/p>\r\n<p>24071 Le\u00f3n<\/p>\r\n<p>&nbsp;<\/p>\r\n<p><strong>Contacto<\/strong><\/p>\r\n<p>Administraci\u00f3n del Departamento<\/p>\r\n<p>Despacho n\u00ba 224<\/p>\r\n<p>Tel\u00e9fono: 987291038<\/p>\r\n<p>Direcci\u00f3n electr\u00f3nica: dpsfadm@unileon.es<\/p>","protected":false},"excerpt":{"rendered":"<p>Direcci\u00f3n Postal Departamento de Psicolog\u00eda, Sociolog\u00eda y Filosof\u00eda Universidad de Le\u00f3n Facultad de Educaci\u00f3n Campus de Vegazana, s\/n 24071 Le\u00f3n &nbsp; Contacto Administraci\u00f3n del Departamento Despacho n\u00ba 224 Tel\u00e9fono: 987291038 Direcci\u00f3n electr\u00f3nica: dpsfadm@unileon.es<\/p>\n","protected":false},"author":29,"featured_media":0,"parent":0,"menu_order":0,"comment_status":"closed","ping_status":"open","template":"","meta":{"ngg_post_thumbnail":0,"footnotes":""},"class_list":["post-70","page","type-page","status-publish","hentry"],"yoast_head":"<!-- This site is optimized with the Yoast SEO plugin v25.8 - https:\/\/yoast.com\/wordpress\/plugins\/seo\/ -->\n<title>Localizaci\u00f3n y Contacto - Departamento de Psicolog\u00eda, Sociolog\u00eda y Filosof\u00eda<\/title>\n<meta name=\"robots\" content=\"index, follow, max-snippet:-1, max-image-preview:large, max-video-preview:-1\" \/>\n<link rel=\"canonical\" href=\"https:\/\/departamentos.unileon.es\/psicologia-sociologia-y-filosofia\/localizacion-y-contacto\/\" \/>\n<meta property=\"og:locale\" content=\"es_ES\" \/>\n<meta property=\"og:type\" content=\"article\" \/>\n<meta property=\"og:title\" content=\"Localizaci\u00f3n y Contacto - Departamento de Psicolog\u00eda, Sociolog\u00eda y Filosof\u00eda\" \/>\n<meta property=\"og:description\" content=\"Direcci\u00f3n Postal Departamento de Psicolog\u00eda, Sociolog\u00eda y Filosof\u00eda Universidad de Le\u00f3n Facultad de Educaci\u00f3n Campus de Vegazana, s\/n 24071 Le\u00f3n &nbsp; Contacto Administraci\u00f3n del Departamento Despacho n\u00ba 224 Tel\u00e9fono: 987291038 Direcci\u00f3n electr\u00f3nica: dpsfadm@unileon.es\" \/>\n<meta property=\"og:url\" content=\"https:\/\/departamentos.unileon.es\/psicologia-sociologia-y-filosofia\/localizacion-y-contacto\/\" \/>\n<meta property=\"og:site_name\" content=\"Departamento de Psicolog\u00eda, Sociolog\u00eda y Filosof\u00eda\" \/>\n<meta property=\"article:modified_time\" content=\"2026-04-07T12:41:55+00:00\" \/>\n<meta name=\"twitter:card\" content=\"summary_large_image\" \/>\n<meta name=\"twitter:label1\" content=\"Tiempo de lectura\" \/>\n\t<meta name=\"twitter:data1\" content=\"1 minuto\" \/>\n<script type=\"application\/ld+json\" class=\"yoast-schema-graph\">{\"@context\":\"https:\/\/schema.org\",\"@graph\":[{\"@type\":\"WebPage\",\"@id\":\"https:\/\/departamentos.unileon.es\/psicologia-sociologia-y-filosofia\/localizacion-y-contacto\/\",\"url\":\"https:\/\/departamentos.unileon.es\/psicologia-sociologia-y-filosofia\/localizacion-y-contacto\/\",\"name\":\"Localizaci\u00f3n y Contacto - Departamento de Psicolog\u00eda, Sociolog\u00eda y Filosof\u00eda\",\"isPartOf\":{\"@id\":\"https:\/\/departamentos.unileon.es\/psicologia-sociologia-y-filosofia\/#website\"},\"datePublished\":\"2011-04-07T08:26:07+00:00\",\"dateModified\":\"2026-04-07T12:41:55+00:00\",\"inLanguage\":\"es\",\"potentialAction\":[{\"@type\":\"ReadAction\",\"target\":[\"https:\/\/departamentos.unileon.es\/psicologia-sociologia-y-filosofia\/localizacion-y-contacto\/\"]}]},{\"@type\":\"WebSite\",\"@id\":\"https:\/\/departamentos.unileon.es\/psicologia-sociologia-y-filosofia\/#website\",\"url\":\"https:\/\/departamentos.unileon.es\/psicologia-sociologia-y-filosofia\/\",\"name\":\"Departamento de Psicolog\u00eda, Sociolog\u00eda y Filosof\u00eda\",\"description\":\"Otro sitio m\u00e1s de Universidad de Le\u00f3n\",\"potentialAction\":[{\"@type\":\"SearchAction\",\"target\":{\"@type\":\"EntryPoint\",\"urlTemplate\":\"https:\/\/departamentos.unileon.es\/psicologia-sociologia-y-filosofia\/?s={search_term_string}\"},\"query-input\":{\"@type\":\"PropertyValueSpecification\",\"valueRequired\":true,\"valueName\":\"search_term_string\"}}],\"inLanguage\":\"es\"}]}<\/script>\n<!-- \/ Yoast SEO plugin. -->","yoast_head_json":{"title":"Localizaci\u00f3n y Contacto - Departamento de Psicolog\u00eda, Sociolog\u00eda y Filosof\u00eda","robots":{"index":"index","follow":"follow","max-snippet":"max-snippet:-1","max-image-preview":"max-image-preview:large","max-video-preview":"max-video-preview:-1"},"canonical":"https:\/\/departamentos.unileon.es\/psicologia-sociologia-y-filosofia\/localizacion-y-contacto\/","og_locale":"es_ES","og_type":"article","og_title":"Localizaci\u00f3n y Contacto - Departamento de Psicolog\u00eda, Sociolog\u00eda y Filosof\u00eda","og_description":"Direcci\u00f3n Postal Departamento de Psicolog\u00eda, Sociolog\u00eda y Filosof\u00eda Universidad de Le\u00f3n Facultad de Educaci\u00f3n Campus de Vegazana, s\/n 24071 Le\u00f3n &nbsp; Contacto Administraci\u00f3n del Departamento Despacho n\u00ba 224 Tel\u00e9fono: 987291038 Direcci\u00f3n electr\u00f3nica: dpsfadm@unileon.es","og_url":"https:\/\/departamentos.unileon.es\/psicologia-sociologia-y-filosofia\/localizacion-y-contacto\/","og_site_name":"Departamento de Psicolog\u00eda, Sociolog\u00eda y Filosof\u00eda","article_modified_time":"2026-04-07T12:41:55+00:00","twitter_card":"summary_large_image","twitter_misc":{"Tiempo de lectura":"1 minuto"},"schema":{"@context":"https:\/\/schema.org","@graph":[{"@type":"WebPage","@id":"https:\/\/departamentos.unileon.es\/psicologia-sociologia-y-filosofia\/localizacion-y-contacto\/","url":"https:\/\/departamentos.unileon.es\/psicologia-sociologia-y-filosofia\/localizacion-y-contacto\/","name":"Localizaci\u00f3n y Contacto - Departamento de Psicolog\u00eda, Sociolog\u00eda y Filosof\u00eda","isPartOf":{"@id":"https:\/\/departamentos.unileon.es\/psicologia-sociologia-y-filosofia\/#website"},"datePublished":"2011-04-07T08:26:07+00:00","dateModified":"2026-04-07T12:41:55+00:00","inLanguage":"es","potentialAction":[{"@type":"ReadAction","target":["https:\/\/departamentos.unileon.es\/psicologia-sociologia-y-filosofia\/localizacion-y-contacto\/"]}]},{"@type":"WebSite","@id":"https:\/\/departamentos.unileon.es\/psicologia-sociologia-y-filosofia\/#website","url":"https:\/\/departamentos.unileon.es\/psicologia-sociologia-y-filosofia\/","name":"Departamento de Psicolog\u00eda, Sociolog\u00eda y Filosof\u00eda","description":"Otro sitio m\u00e1s de Universidad de Le\u00f3n","potentialAction":[{"@type":"SearchAction","target":{"@type":"EntryPoint","urlTemplate":"https:\/\/departamentos.unileon.es\/psicologia-sociologia-y-filosofia\/?s={search_term_string}"},"query-input":{"@type":"PropertyValueSpecification","valueRequired":true,"valueName":"search_term_string"}}],"inLanguage":"es"}]}},"_links":{"self":[{"href":"https:\/\/departamentos.unileon.es\/psicologia-sociologia-y-filosofia\/wp-json\/wp\/v2\/pages\/70","targetHints":{"allow":["GET"]}}],"collection":[{"href":"https:\/\/departamentos.unileon.es\/psicologia-sociologia-y-filosofia\/wp-json\/wp\/v2\/pages"}],"about":[{"href":"https:\/\/departamentos.unileon.es\/psicologia-sociologia-y-filosofia\/wp-json\/wp\/v2\/types\/page"}],"author":[{"embeddable":true,"href":"https:\/\/departamentos.unileon.es\/psicologia-sociologia-y-filosofia\/wp-json\/wp\/v2\/users\/29"}],"replies":[{"embeddable":true,"href":"https:\/\/departamentos.unileon.es\/psicologia-sociologia-y-filosofia\/wp-json\/wp\/v2\/comments?post=70"}],"version-history":[{"count":3,"href":"https:\/\/departamentos.unileon.es\/psicologia-sociologia-y-filosofia\/wp-json\/wp\/v2\/pages\/70\/revisions"}],"predecessor-version":[{"id":149,"href":"https:\/\/departamentos.unileon.es\/psicologia-sociologia-y-filosofia\/wp-json\/wp\/v2\/pages\/70\/revisions\/149"}],"wp:attachment":[{"href":"https:\/\/departamentos.unileon.es\/psicologia-sociologia-y-filosofia\/wp-json\/wp\/v2\/media?parent=70"}],"curies":[{"name":"wp","href":"https:\/\/api.w.org\/{rel}","templated":true}]}}