{"id":66,"date":"2011-04-07T07:43:13","date_gmt":"2011-04-07T07:43:13","guid":{"rendered":"http:\/\/departamentos.unileon.es\/psicologia-sociologia-y-filosofia\/?page_id=66"},"modified":"2026-04-07T12:39:23","modified_gmt":"2026-04-07T12:39:23","slug":"equipo-directivo","status":"publish","type":"page","link":"https:\/\/departamentos.unileon.es\/psicologia-sociologia-y-filosofia\/equipo-directivo\/","title":{"rendered":"Equipo Directivo"},"content":{"rendered":"<p><strong>Directora<\/strong><br>\r\n<em>Mar\u00eda Lourdes \u00c1lvarez Fern\u00e1ndez<\/em><br>\r\nDespacho n\u00ba 2.5<br>\r\nTel\u00e9fono: 987291019<br>\r\nE-mail: <a href=\"mailto:dpsfdir@unileon.es\">dpsfdir@unileon.es<\/a><\/p>\r\n<p>&nbsp;<\/p>\r\n<p><strong>Subdirectora<\/strong><br>\r\n<em>Olga Arias Gund\u00edn<\/em><br>\r\nDespacho n\u00ba 2.1<br>\r\nTel\u00e9fono: 987291030<br>\r\nE-mail: <a href=\"mailto:oarig@unileon.es\">oarig@unileon.es<\/a><\/p>\r\n<p>&nbsp;<\/p>\r\n<p><strong>Secretaria<\/strong><br>\r\n<em>Patricia Robledo Ram\u00f3n<\/em><br>\r\nDespacho n\u00ba 2.4<br>\r\nTel\u00e9fono: 987293141<br>\r\nE-mail: <a href=\"mailto:probr@unileon.es\">probr@unileon.es<\/a><\/p>","protected":false},"excerpt":{"rendered":"<p>Directora Mar\u00eda Lourdes \u00c1lvarez Fern\u00e1ndez Despacho n\u00ba 2.5 Tel\u00e9fono: 987291019 E-mail: dpsfdir@unileon.es &nbsp; Subdirectora Olga Arias Gund\u00edn Despacho n\u00ba 2.1 Tel\u00e9fono: 987291030 E-mail: oarig@unileon.es &nbsp; Secretaria Patricia Robledo Ram\u00f3n Despacho n\u00ba 2.4 Tel\u00e9fono: 987293141 E-mail: probr@unileon.es<\/p>\n","protected":false},"author":29,"featured_media":0,"parent":0,"menu_order":0,"comment_status":"closed","ping_status":"open","template":"","meta":{"ngg_post_thumbnail":0,"footnotes":""},"class_list":["post-66","page","type-page","status-publish","hentry"],"yoast_head":"<!-- This site is optimized with the Yoast SEO plugin v25.8 - https:\/\/yoast.com\/wordpress\/plugins\/seo\/ -->\n<title>Equipo Directivo - Departamento de Psicolog\u00eda, Sociolog\u00eda y Filosof\u00eda<\/title>\n<meta name=\"robots\" content=\"index, follow, max-snippet:-1, max-image-preview:large, max-video-preview:-1\" \/>\n<link rel=\"canonical\" href=\"https:\/\/departamentos.unileon.es\/psicologia-sociologia-y-filosofia\/equipo-directivo\/\" \/>\n<meta property=\"og:locale\" content=\"es_ES\" \/>\n<meta property=\"og:type\" content=\"article\" \/>\n<meta property=\"og:title\" content=\"Equipo Directivo - Departamento de Psicolog\u00eda, Sociolog\u00eda y Filosof\u00eda\" \/>\n<meta property=\"og:description\" content=\"Directora Mar\u00eda Lourdes \u00c1lvarez Fern\u00e1ndez Despacho n\u00ba 2.5 Tel\u00e9fono: 987291019 E-mail: dpsfdir@unileon.es &nbsp; Subdirectora Olga Arias Gund\u00edn Despacho n\u00ba 2.1 Tel\u00e9fono: 987291030 E-mail: oarig@unileon.es &nbsp; Secretaria Patricia Robledo Ram\u00f3n Despacho n\u00ba 2.4 Tel\u00e9fono: 987293141 E-mail: probr@unileon.es\" \/>\n<meta property=\"og:url\" content=\"https:\/\/departamentos.unileon.es\/psicologia-sociologia-y-filosofia\/equipo-directivo\/\" \/>\n<meta property=\"og:site_name\" content=\"Departamento de Psicolog\u00eda, Sociolog\u00eda y Filosof\u00eda\" \/>\n<meta property=\"article:modified_time\" content=\"2026-04-07T12:39:23+00:00\" \/>\n<meta name=\"twitter:card\" content=\"summary_large_image\" \/>\n<meta name=\"twitter:label1\" content=\"Tiempo de lectura\" \/>\n\t<meta name=\"twitter:data1\" content=\"1 minuto\" \/>\n<script type=\"application\/ld+json\" class=\"yoast-schema-graph\">{\"@context\":\"https:\/\/schema.org\",\"@graph\":[{\"@type\":\"WebPage\",\"@id\":\"https:\/\/departamentos.unileon.es\/psicologia-sociologia-y-filosofia\/equipo-directivo\/\",\"url\":\"https:\/\/departamentos.unileon.es\/psicologia-sociologia-y-filosofia\/equipo-directivo\/\",\"name\":\"Equipo Directivo - Departamento de Psicolog\u00eda, Sociolog\u00eda y Filosof\u00eda\",\"isPartOf\":{\"@id\":\"https:\/\/departamentos.unileon.es\/psicologia-sociologia-y-filosofia\/#website\"},\"datePublished\":\"2011-04-07T07:43:13+00:00\",\"dateModified\":\"2026-04-07T12:39:23+00:00\",\"inLanguage\":\"es\",\"potentialAction\":[{\"@type\":\"ReadAction\",\"target\":[\"https:\/\/departamentos.unileon.es\/psicologia-sociologia-y-filosofia\/equipo-directivo\/\"]}]},{\"@type\":\"WebSite\",\"@id\":\"https:\/\/departamentos.unileon.es\/psicologia-sociologia-y-filosofia\/#website\",\"url\":\"https:\/\/departamentos.unileon.es\/psicologia-sociologia-y-filosofia\/\",\"name\":\"Departamento de Psicolog\u00eda, Sociolog\u00eda y Filosof\u00eda\",\"description\":\"Otro sitio m\u00e1s de Universidad de Le\u00f3n\",\"potentialAction\":[{\"@type\":\"SearchAction\",\"target\":{\"@type\":\"EntryPoint\",\"urlTemplate\":\"https:\/\/departamentos.unileon.es\/psicologia-sociologia-y-filosofia\/?s={search_term_string}\"},\"query-input\":{\"@type\":\"PropertyValueSpecification\",\"valueRequired\":true,\"valueName\":\"search_term_string\"}}],\"inLanguage\":\"es\"}]}<\/script>\n<!-- \/ Yoast SEO plugin. -->","yoast_head_json":{"title":"Equipo Directivo - Departamento de Psicolog\u00eda, Sociolog\u00eda y Filosof\u00eda","robots":{"index":"index","follow":"follow","max-snippet":"max-snippet:-1","max-image-preview":"max-image-preview:large","max-video-preview":"max-video-preview:-1"},"canonical":"https:\/\/departamentos.unileon.es\/psicologia-sociologia-y-filosofia\/equipo-directivo\/","og_locale":"es_ES","og_type":"article","og_title":"Equipo Directivo - Departamento de Psicolog\u00eda, Sociolog\u00eda y Filosof\u00eda","og_description":"Directora Mar\u00eda Lourdes \u00c1lvarez Fern\u00e1ndez Despacho n\u00ba 2.5 Tel\u00e9fono: 987291019 E-mail: dpsfdir@unileon.es &nbsp; Subdirectora Olga Arias Gund\u00edn Despacho n\u00ba 2.1 Tel\u00e9fono: 987291030 E-mail: oarig@unileon.es &nbsp; Secretaria Patricia Robledo Ram\u00f3n Despacho n\u00ba 2.4 Tel\u00e9fono: 987293141 E-mail: probr@unileon.es","og_url":"https:\/\/departamentos.unileon.es\/psicologia-sociologia-y-filosofia\/equipo-directivo\/","og_site_name":"Departamento de Psicolog\u00eda, Sociolog\u00eda y Filosof\u00eda","article_modified_time":"2026-04-07T12:39:23+00:00","twitter_card":"summary_large_image","twitter_misc":{"Tiempo de lectura":"1 minuto"},"schema":{"@context":"https:\/\/schema.org","@graph":[{"@type":"WebPage","@id":"https:\/\/departamentos.unileon.es\/psicologia-sociologia-y-filosofia\/equipo-directivo\/","url":"https:\/\/departamentos.unileon.es\/psicologia-sociologia-y-filosofia\/equipo-directivo\/","name":"Equipo Directivo - Departamento de Psicolog\u00eda, Sociolog\u00eda y Filosof\u00eda","isPartOf":{"@id":"https:\/\/departamentos.unileon.es\/psicologia-sociologia-y-filosofia\/#website"},"datePublished":"2011-04-07T07:43:13+00:00","dateModified":"2026-04-07T12:39:23+00:00","inLanguage":"es","potentialAction":[{"@type":"ReadAction","target":["https:\/\/departamentos.unileon.es\/psicologia-sociologia-y-filosofia\/equipo-directivo\/"]}]},{"@type":"WebSite","@id":"https:\/\/departamentos.unileon.es\/psicologia-sociologia-y-filosofia\/#website","url":"https:\/\/departamentos.unileon.es\/psicologia-sociologia-y-filosofia\/","name":"Departamento de Psicolog\u00eda, Sociolog\u00eda y Filosof\u00eda","description":"Otro sitio m\u00e1s de Universidad de Le\u00f3n","potentialAction":[{"@type":"SearchAction","target":{"@type":"EntryPoint","urlTemplate":"https:\/\/departamentos.unileon.es\/psicologia-sociologia-y-filosofia\/?s={search_term_string}"},"query-input":{"@type":"PropertyValueSpecification","valueRequired":true,"valueName":"search_term_string"}}],"inLanguage":"es"}]}},"_links":{"self":[{"href":"https:\/\/departamentos.unileon.es\/psicologia-sociologia-y-filosofia\/wp-json\/wp\/v2\/pages\/66","targetHints":{"allow":["GET"]}}],"collection":[{"href":"https:\/\/departamentos.unileon.es\/psicologia-sociologia-y-filosofia\/wp-json\/wp\/v2\/pages"}],"about":[{"href":"https:\/\/departamentos.unileon.es\/psicologia-sociologia-y-filosofia\/wp-json\/wp\/v2\/types\/page"}],"author":[{"embeddable":true,"href":"https:\/\/departamentos.unileon.es\/psicologia-sociologia-y-filosofia\/wp-json\/wp\/v2\/users\/29"}],"replies":[{"embeddable":true,"href":"https:\/\/departamentos.unileon.es\/psicologia-sociologia-y-filosofia\/wp-json\/wp\/v2\/comments?post=66"}],"version-history":[{"count":15,"href":"https:\/\/departamentos.unileon.es\/psicologia-sociologia-y-filosofia\/wp-json\/wp\/v2\/pages\/66\/revisions"}],"predecessor-version":[{"id":147,"href":"https:\/\/departamentos.unileon.es\/psicologia-sociologia-y-filosofia\/wp-json\/wp\/v2\/pages\/66\/revisions\/147"}],"wp:attachment":[{"href":"https:\/\/departamentos.unileon.es\/psicologia-sociologia-y-filosofia\/wp-json\/wp\/v2\/media?parent=66"}],"curies":[{"name":"wp","href":"https:\/\/api.w.org\/{rel}","templated":true}]}}