{"id":16,"date":"2010-08-17T11:18:21","date_gmt":"2010-08-17T11:18:21","guid":{"rendered":"http:\/\/departamentos.unileon.es\/produccion-animal\/"},"modified":"2012-03-02T07:52:26","modified_gmt":"2012-03-02T07:52:26","slug":"lineas-de-investigacion","status":"publish","type":"page","link":"https:\/\/departamentos.unileon.es\/produccion-animal\/lineas-de-investigacion\/","title":{"rendered":"L\u00edneas de Investigaci\u00f3n"},"content":{"rendered":"<ul><li><p><a href=\"http:\/\/www3.unileon.es\/dp\/dp1\/acuicultura.htm\"><span style=\"font-size: small\">ACUICULTURA CONTINENTAL<\/span><\/a><span style=\"font-size: small\"> <\/span><\/p><\/li><li><p><a href=\"http:\/\/www3.unileon.es\/dp\/dp1\/alimentacion.htm\"><span style=\"font-size: small\">ALIMENTACI\u00d3N DE RUMIANTES<\/span><\/a><span style=\"font-size: small\"> <\/span><\/p><\/li><li><p><a href=\"http:\/\/www3.unileon.es\/dp\/dp1\/ecologia.htm\"><span style=\"font-size: small\">ECOLOG\u00cdA RUMINAL<\/span><\/a><span style=\"font-size: small\"> <\/span><\/p><\/li><li><p><a href=\"http:\/\/www3.unileon.es\/dp\/dp1\/etologia.htm\"><span style=\"font-size: small\">ETOLOG\u00cdA Y MANEJO DE ANIMALES \u00daTILES<\/span><\/a><span style=\"font-size: small\"> <\/span><\/p><\/li><li><p><a href=\"http:\/\/www3.unileon.es\/dp\/dp1\/mejora.htm\"><span style=\"font-size: small\">MEJORA GEN\u00c9TICA ANIMAL<\/span><\/a><span style=\"font-size: small\"> <\/span><\/p><\/li><li><p><a href=\"http:\/\/www3.unileon.es\/dp\/dp1\/forrajes.htm\"><span style=\"font-size: small\">PRODUCCI\u00d3N Y CONSERVACI\u00d3N DE FORRAJES<\/span><\/a><span style=\"font-size: small\"> <\/span><\/p><\/li><\/ul>","protected":false},"excerpt":{"rendered":"<p>ACUICULTURA CONTINENTAL ALIMENTACI\u00d3N DE RUMIANTES ECOLOG\u00cdA RUMINAL ETOLOG\u00cdA Y MANEJO DE ANIMALES \u00daTILES MEJORA GEN\u00c9TICA ANIMAL PRODUCCI\u00d3N Y CONSERVACI\u00d3N DE FORRAJES<\/p>\n","protected":false},"author":44,"featured_media":0,"parent":0,"menu_order":6,"comment_status":"closed","ping_status":"open","template":"","meta":{"ngg_post_thumbnail":0,"footnotes":""},"class_list":["post-16","page","type-page","status-publish","hentry"],"yoast_head":"<!-- This site is optimized with the Yoast SEO plugin v25.8 - https:\/\/yoast.com\/wordpress\/plugins\/seo\/ -->\n<title>L\u00edneas de Investigaci\u00f3n - Departamento de Producci\u00f3n Animal<\/title>\n<meta name=\"robots\" content=\"index, follow, max-snippet:-1, max-image-preview:large, max-video-preview:-1\" \/>\n<link rel=\"canonical\" href=\"https:\/\/departamentos.unileon.es\/produccion-animal\/lineas-de-investigacion\/\" \/>\n<meta property=\"og:locale\" content=\"es_ES\" \/>\n<meta property=\"og:type\" content=\"article\" \/>\n<meta property=\"og:title\" content=\"L\u00edneas de Investigaci\u00f3n - Departamento de Producci\u00f3n Animal\" \/>\n<meta property=\"og:description\" content=\"ACUICULTURA CONTINENTAL ALIMENTACI\u00d3N DE RUMIANTES ECOLOG\u00cdA RUMINAL ETOLOG\u00cdA Y MANEJO DE ANIMALES \u00daTILES MEJORA GEN\u00c9TICA ANIMAL PRODUCCI\u00d3N Y CONSERVACI\u00d3N DE FORRAJES\" \/>\n<meta property=\"og:url\" content=\"https:\/\/departamentos.unileon.es\/produccion-animal\/lineas-de-investigacion\/\" \/>\n<meta property=\"og:site_name\" content=\"Departamento de Producci\u00f3n Animal\" \/>\n<meta property=\"article:modified_time\" content=\"2012-03-02T07:52:26+00:00\" \/>\n<meta name=\"twitter:card\" content=\"summary_large_image\" \/>\n<script type=\"application\/ld+json\" class=\"yoast-schema-graph\">{\"@context\":\"https:\/\/schema.org\",\"@graph\":[{\"@type\":\"WebPage\",\"@id\":\"https:\/\/departamentos.unileon.es\/produccion-animal\/lineas-de-investigacion\/\",\"url\":\"https:\/\/departamentos.unileon.es\/produccion-animal\/lineas-de-investigacion\/\",\"name\":\"L\u00edneas de Investigaci\u00f3n - Departamento de Producci\u00f3n Animal\",\"isPartOf\":{\"@id\":\"https:\/\/departamentos.unileon.es\/produccion-animal\/#website\"},\"datePublished\":\"2010-08-17T11:18:21+00:00\",\"dateModified\":\"2012-03-02T07:52:26+00:00\",\"inLanguage\":\"es\",\"potentialAction\":[{\"@type\":\"ReadAction\",\"target\":[\"https:\/\/departamentos.unileon.es\/produccion-animal\/lineas-de-investigacion\/\"]}]},{\"@type\":\"WebSite\",\"@id\":\"https:\/\/departamentos.unileon.es\/produccion-animal\/#website\",\"url\":\"https:\/\/departamentos.unileon.es\/produccion-animal\/\",\"name\":\"Departamento de Producci\u00f3n Animal\",\"description\":\"Otro sitio m\u00e1s de Universidad de Le\u00f3n\",\"potentialAction\":[{\"@type\":\"SearchAction\",\"target\":{\"@type\":\"EntryPoint\",\"urlTemplate\":\"https:\/\/departamentos.unileon.es\/produccion-animal\/?s={search_term_string}\"},\"query-input\":{\"@type\":\"PropertyValueSpecification\",\"valueRequired\":true,\"valueName\":\"search_term_string\"}}],\"inLanguage\":\"es\"}]}<\/script>\n<!-- \/ Yoast SEO plugin. -->","yoast_head_json":{"title":"L\u00edneas de Investigaci\u00f3n - Departamento de Producci\u00f3n Animal","robots":{"index":"index","follow":"follow","max-snippet":"max-snippet:-1","max-image-preview":"max-image-preview:large","max-video-preview":"max-video-preview:-1"},"canonical":"https:\/\/departamentos.unileon.es\/produccion-animal\/lineas-de-investigacion\/","og_locale":"es_ES","og_type":"article","og_title":"L\u00edneas de Investigaci\u00f3n - Departamento de Producci\u00f3n Animal","og_description":"ACUICULTURA CONTINENTAL ALIMENTACI\u00d3N DE RUMIANTES ECOLOG\u00cdA RUMINAL ETOLOG\u00cdA Y MANEJO DE ANIMALES \u00daTILES MEJORA GEN\u00c9TICA ANIMAL PRODUCCI\u00d3N Y CONSERVACI\u00d3N DE FORRAJES","og_url":"https:\/\/departamentos.unileon.es\/produccion-animal\/lineas-de-investigacion\/","og_site_name":"Departamento de Producci\u00f3n Animal","article_modified_time":"2012-03-02T07:52:26+00:00","twitter_card":"summary_large_image","schema":{"@context":"https:\/\/schema.org","@graph":[{"@type":"WebPage","@id":"https:\/\/departamentos.unileon.es\/produccion-animal\/lineas-de-investigacion\/","url":"https:\/\/departamentos.unileon.es\/produccion-animal\/lineas-de-investigacion\/","name":"L\u00edneas de Investigaci\u00f3n - Departamento de Producci\u00f3n Animal","isPartOf":{"@id":"https:\/\/departamentos.unileon.es\/produccion-animal\/#website"},"datePublished":"2010-08-17T11:18:21+00:00","dateModified":"2012-03-02T07:52:26+00:00","inLanguage":"es","potentialAction":[{"@type":"ReadAction","target":["https:\/\/departamentos.unileon.es\/produccion-animal\/lineas-de-investigacion\/"]}]},{"@type":"WebSite","@id":"https:\/\/departamentos.unileon.es\/produccion-animal\/#website","url":"https:\/\/departamentos.unileon.es\/produccion-animal\/","name":"Departamento de Producci\u00f3n Animal","description":"Otro sitio m\u00e1s de Universidad de Le\u00f3n","potentialAction":[{"@type":"SearchAction","target":{"@type":"EntryPoint","urlTemplate":"https:\/\/departamentos.unileon.es\/produccion-animal\/?s={search_term_string}"},"query-input":{"@type":"PropertyValueSpecification","valueRequired":true,"valueName":"search_term_string"}}],"inLanguage":"es"}]}},"_links":{"self":[{"href":"https:\/\/departamentos.unileon.es\/produccion-animal\/wp-json\/wp\/v2\/pages\/16","targetHints":{"allow":["GET"]}}],"collection":[{"href":"https:\/\/departamentos.unileon.es\/produccion-animal\/wp-json\/wp\/v2\/pages"}],"about":[{"href":"https:\/\/departamentos.unileon.es\/produccion-animal\/wp-json\/wp\/v2\/types\/page"}],"author":[{"embeddable":true,"href":"https:\/\/departamentos.unileon.es\/produccion-animal\/wp-json\/wp\/v2\/users\/44"}],"replies":[{"embeddable":true,"href":"https:\/\/departamentos.unileon.es\/produccion-animal\/wp-json\/wp\/v2\/comments?post=16"}],"version-history":[{"count":7,"href":"https:\/\/departamentos.unileon.es\/produccion-animal\/wp-json\/wp\/v2\/pages\/16\/revisions"}],"predecessor-version":[{"id":228,"href":"https:\/\/departamentos.unileon.es\/produccion-animal\/wp-json\/wp\/v2\/pages\/16\/revisions\/228"}],"wp:attachment":[{"href":"https:\/\/departamentos.unileon.es\/produccion-animal\/wp-json\/wp\/v2\/media?parent=16"}],"curies":[{"name":"wp","href":"https:\/\/api.w.org\/{rel}","templated":true}]}}