{"id":424,"date":"2019-05-17T10:25:28","date_gmt":"2019-05-17T10:25:28","guid":{"rendered":"http:\/\/departamentos.unileon.es\/matematicas\/?page_id=424"},"modified":"2019-06-07T10:50:59","modified_gmt":"2019-06-07T10:50:59","slug":"evolucion-de-los-ordenadores-macintosh","status":"publish","type":"page","link":"https:\/\/departamentos.unileon.es\/matematicas\/catalogo-de-antiguos-ordenadores-del-atico\/evolucion-de-los-ordenadores-macintosh\/","title":{"rendered":"Evoluci\u00f3n de los ordenadores Macintosh"},"content":{"rendered":"\n<p>El Macintosh SE, lanzado en 1986 fue el primer Mac compacto con una unidad de 20 MB de disco duro interno y monitor CRT. En 1989 se lanz\u00f3 la versi\u00f3n Macintosh SE\/30, que inclu\u00eda un procesador de 16 MHz.<br><\/p>\n\n\n\n<p>En 1990, ante el lanzamiento de Windows 3.0 por parte de Microsoft, Apple introdujo una serie de Mac m\u00e1s baratos, entre los que se encontraban el Macintosh Classic (el m\u00e1s barato hasta el 2001) y el Macintosh LC (de Low Cost, con procesador Motorola y un dise\u00f1o de \u201ccaja de pizza\u201d que se pod\u00eda acompa\u00f1ar de un monitor tambi\u00e9n de bajo coste).<br><\/p>\n\n\n\n<p>Apple fue actualizando y mejorando las caracter\u00edsticas de los Mac, introduciendo nuevos modelos con procesadores 68K y CPU de 16 MHz como el Macintosh Classic II y el Macintosh LC II. A ellos se unieron en 1991 los Macintosh Quadra 700 y 900.<br><\/p>\n\n\n\n<p>La l\u00ednea Power Macintosh fue la primera en utilizar los nuevos chips RISC PowerPC, abandonando la arquitectura CISC.<br><\/p>\n\n\n\n<p>En 1997 Apple atravesaba una \u00e9poca de dificultades y de desgaste comercial y creativo. Un a\u00f1o despu\u00e9s, present\u00f3 el iMac, un Macintosh \u201ctodo en uno\u201d. Inclu\u00eda ya puertos USB y unidad de CD-ROM. A pesar de sus limitaciones, tuvo un gran \u00e9xito.<br><\/p>\n","protected":false},"excerpt":{"rendered":"<p>El Macintosh SE, lanzado en 1986 fue el primer Mac compacto con una unidad de 20 MB de disco duro interno y monitor CRT. En 1989 se lanz\u00f3 la versi\u00f3n Macintosh SE\/30, que inclu\u00eda un procesador de 16 MHz. En 1990, ante el lanzamiento de Windows 3.0 por parte de Microsoft, Apple introdujo una serie [&hellip;]<\/p>\n","protected":false},"author":166,"featured_media":0,"parent":408,"menu_order":0,"comment_status":"closed","ping_status":"closed","template":"","meta":{"ngg_post_thumbnail":0,"footnotes":""},"class_list":["post-424","page","type-page","status-publish","hentry"],"yoast_head":"<!-- This site is optimized with the Yoast SEO plugin v25.8 - https:\/\/yoast.com\/wordpress\/plugins\/seo\/ -->\n<title>Evoluci\u00f3n de los ordenadores Macintosh - Departamento de Matem\u00e1ticas<\/title>\n<meta name=\"robots\" content=\"index, follow, max-snippet:-1, max-image-preview:large, max-video-preview:-1\" \/>\n<link rel=\"canonical\" href=\"https:\/\/departamentos.unileon.es\/matematicas\/catalogo-de-antiguos-ordenadores-del-atico\/evolucion-de-los-ordenadores-macintosh\/\" \/>\n<meta property=\"og:locale\" content=\"es_ES\" \/>\n<meta property=\"og:type\" content=\"article\" \/>\n<meta property=\"og:title\" content=\"Evoluci\u00f3n de los ordenadores Macintosh - Departamento de Matem\u00e1ticas\" \/>\n<meta property=\"og:description\" content=\"El Macintosh SE, lanzado en 1986 fue el primer Mac compacto con una unidad de 20 MB de disco duro interno y monitor CRT. En 1989 se lanz\u00f3 la versi\u00f3n Macintosh SE\/30, que inclu\u00eda un procesador de 16 MHz. En 1990, ante el lanzamiento de Windows 3.0 por parte de Microsoft, Apple introdujo una serie [&hellip;]\" \/>\n<meta property=\"og:url\" content=\"https:\/\/departamentos.unileon.es\/matematicas\/catalogo-de-antiguos-ordenadores-del-atico\/evolucion-de-los-ordenadores-macintosh\/\" \/>\n<meta property=\"og:site_name\" content=\"Departamento de Matem\u00e1ticas\" \/>\n<meta property=\"article:modified_time\" content=\"2019-06-07T10:50:59+00:00\" \/>\n<meta name=\"twitter:card\" content=\"summary_large_image\" \/>\n<meta name=\"twitter:label1\" content=\"Tiempo de lectura\" \/>\n\t<meta name=\"twitter:data1\" content=\"1 minuto\" \/>\n<script type=\"application\/ld+json\" class=\"yoast-schema-graph\">{\"@context\":\"https:\/\/schema.org\",\"@graph\":[{\"@type\":\"WebPage\",\"@id\":\"https:\/\/departamentos.unileon.es\/matematicas\/catalogo-de-antiguos-ordenadores-del-atico\/evolucion-de-los-ordenadores-macintosh\/\",\"url\":\"https:\/\/departamentos.unileon.es\/matematicas\/catalogo-de-antiguos-ordenadores-del-atico\/evolucion-de-los-ordenadores-macintosh\/\",\"name\":\"Evoluci\u00f3n de los ordenadores Macintosh - Departamento de Matem\u00e1ticas\",\"isPartOf\":{\"@id\":\"https:\/\/departamentos.unileon.es\/matematicas\/#website\"},\"datePublished\":\"2019-05-17T10:25:28+00:00\",\"dateModified\":\"2019-06-07T10:50:59+00:00\",\"breadcrumb\":{\"@id\":\"https:\/\/departamentos.unileon.es\/matematicas\/catalogo-de-antiguos-ordenadores-del-atico\/evolucion-de-los-ordenadores-macintosh\/#breadcrumb\"},\"inLanguage\":\"es\",\"potentialAction\":[{\"@type\":\"ReadAction\",\"target\":[\"https:\/\/departamentos.unileon.es\/matematicas\/catalogo-de-antiguos-ordenadores-del-atico\/evolucion-de-los-ordenadores-macintosh\/\"]}]},{\"@type\":\"BreadcrumbList\",\"@id\":\"https:\/\/departamentos.unileon.es\/matematicas\/catalogo-de-antiguos-ordenadores-del-atico\/evolucion-de-los-ordenadores-macintosh\/#breadcrumb\",\"itemListElement\":[{\"@type\":\"ListItem\",\"position\":1,\"name\":\"Cat\u00e1logo de antiguos ordenadores\",\"item\":\"https:\/\/departamentos.unileon.es\/matematicas\/catalogo-de-antiguos-ordenadores-del-atico\/\"},{\"@type\":\"ListItem\",\"position\":2,\"name\":\"Evoluci\u00f3n de los ordenadores Macintosh\"}]},{\"@type\":\"WebSite\",\"@id\":\"https:\/\/departamentos.unileon.es\/matematicas\/#website\",\"url\":\"https:\/\/departamentos.unileon.es\/matematicas\/\",\"name\":\"Departamento de Matem\u00e1ticas\",\"description\":\"Otro sitio m\u00e1s de Universidad de Le\u00f3n\",\"potentialAction\":[{\"@type\":\"SearchAction\",\"target\":{\"@type\":\"EntryPoint\",\"urlTemplate\":\"https:\/\/departamentos.unileon.es\/matematicas\/?s={search_term_string}\"},\"query-input\":{\"@type\":\"PropertyValueSpecification\",\"valueRequired\":true,\"valueName\":\"search_term_string\"}}],\"inLanguage\":\"es\"}]}<\/script>\n<!-- \/ Yoast SEO plugin. -->","yoast_head_json":{"title":"Evoluci\u00f3n de los ordenadores Macintosh - Departamento de Matem\u00e1ticas","robots":{"index":"index","follow":"follow","max-snippet":"max-snippet:-1","max-image-preview":"max-image-preview:large","max-video-preview":"max-video-preview:-1"},"canonical":"https:\/\/departamentos.unileon.es\/matematicas\/catalogo-de-antiguos-ordenadores-del-atico\/evolucion-de-los-ordenadores-macintosh\/","og_locale":"es_ES","og_type":"article","og_title":"Evoluci\u00f3n de los ordenadores Macintosh - Departamento de Matem\u00e1ticas","og_description":"El Macintosh SE, lanzado en 1986 fue el primer Mac compacto con una unidad de 20 MB de disco duro interno y monitor CRT. En 1989 se lanz\u00f3 la versi\u00f3n Macintosh SE\/30, que inclu\u00eda un procesador de 16 MHz. En 1990, ante el lanzamiento de Windows 3.0 por parte de Microsoft, Apple introdujo una serie [&hellip;]","og_url":"https:\/\/departamentos.unileon.es\/matematicas\/catalogo-de-antiguos-ordenadores-del-atico\/evolucion-de-los-ordenadores-macintosh\/","og_site_name":"Departamento de Matem\u00e1ticas","article_modified_time":"2019-06-07T10:50:59+00:00","twitter_card":"summary_large_image","twitter_misc":{"Tiempo de lectura":"1 minuto"},"schema":{"@context":"https:\/\/schema.org","@graph":[{"@type":"WebPage","@id":"https:\/\/departamentos.unileon.es\/matematicas\/catalogo-de-antiguos-ordenadores-del-atico\/evolucion-de-los-ordenadores-macintosh\/","url":"https:\/\/departamentos.unileon.es\/matematicas\/catalogo-de-antiguos-ordenadores-del-atico\/evolucion-de-los-ordenadores-macintosh\/","name":"Evoluci\u00f3n de los ordenadores Macintosh - Departamento de Matem\u00e1ticas","isPartOf":{"@id":"https:\/\/departamentos.unileon.es\/matematicas\/#website"},"datePublished":"2019-05-17T10:25:28+00:00","dateModified":"2019-06-07T10:50:59+00:00","breadcrumb":{"@id":"https:\/\/departamentos.unileon.es\/matematicas\/catalogo-de-antiguos-ordenadores-del-atico\/evolucion-de-los-ordenadores-macintosh\/#breadcrumb"},"inLanguage":"es","potentialAction":[{"@type":"ReadAction","target":["https:\/\/departamentos.unileon.es\/matematicas\/catalogo-de-antiguos-ordenadores-del-atico\/evolucion-de-los-ordenadores-macintosh\/"]}]},{"@type":"BreadcrumbList","@id":"https:\/\/departamentos.unileon.es\/matematicas\/catalogo-de-antiguos-ordenadores-del-atico\/evolucion-de-los-ordenadores-macintosh\/#breadcrumb","itemListElement":[{"@type":"ListItem","position":1,"name":"Cat\u00e1logo de antiguos ordenadores","item":"https:\/\/departamentos.unileon.es\/matematicas\/catalogo-de-antiguos-ordenadores-del-atico\/"},{"@type":"ListItem","position":2,"name":"Evoluci\u00f3n de los ordenadores Macintosh"}]},{"@type":"WebSite","@id":"https:\/\/departamentos.unileon.es\/matematicas\/#website","url":"https:\/\/departamentos.unileon.es\/matematicas\/","name":"Departamento de Matem\u00e1ticas","description":"Otro sitio m\u00e1s de Universidad de Le\u00f3n","potentialAction":[{"@type":"SearchAction","target":{"@type":"EntryPoint","urlTemplate":"https:\/\/departamentos.unileon.es\/matematicas\/?s={search_term_string}"},"query-input":{"@type":"PropertyValueSpecification","valueRequired":true,"valueName":"search_term_string"}}],"inLanguage":"es"}]}},"_links":{"self":[{"href":"https:\/\/departamentos.unileon.es\/matematicas\/wp-json\/wp\/v2\/pages\/424","targetHints":{"allow":["GET"]}}],"collection":[{"href":"https:\/\/departamentos.unileon.es\/matematicas\/wp-json\/wp\/v2\/pages"}],"about":[{"href":"https:\/\/departamentos.unileon.es\/matematicas\/wp-json\/wp\/v2\/types\/page"}],"author":[{"embeddable":true,"href":"https:\/\/departamentos.unileon.es\/matematicas\/wp-json\/wp\/v2\/users\/166"}],"replies":[{"embeddable":true,"href":"https:\/\/departamentos.unileon.es\/matematicas\/wp-json\/wp\/v2\/comments?post=424"}],"version-history":[{"count":2,"href":"https:\/\/departamentos.unileon.es\/matematicas\/wp-json\/wp\/v2\/pages\/424\/revisions"}],"predecessor-version":[{"id":494,"href":"https:\/\/departamentos.unileon.es\/matematicas\/wp-json\/wp\/v2\/pages\/424\/revisions\/494"}],"up":[{"embeddable":true,"href":"https:\/\/departamentos.unileon.es\/matematicas\/wp-json\/wp\/v2\/pages\/408"}],"wp:attachment":[{"href":"https:\/\/departamentos.unileon.es\/matematicas\/wp-json\/wp\/v2\/media?parent=424"}],"curies":[{"name":"wp","href":"https:\/\/api.w.org\/{rel}","templated":true}]}}