{"id":420,"date":"2019-05-17T10:23:28","date_gmt":"2019-05-17T10:23:28","guid":{"rendered":"http:\/\/departamentos.unileon.es\/matematicas\/?page_id=420"},"modified":"2019-06-07T10:50:59","modified_gmt":"2019-06-07T10:50:59","slug":"breve-introduccion-a-macintosh","status":"publish","type":"page","link":"https:\/\/departamentos.unileon.es\/matematicas\/catalogo-de-antiguos-ordenadores-del-atico\/breve-introduccion-a-macintosh\/","title":{"rendered":"Breve introducci\u00f3n a Macintosh"},"content":{"rendered":"\n<p>Se conoce como Macintosh o Mac a la l\u00ednea de computadoras personales desarrollada por Apple en los a\u00f1os 80. En un primer momento surge como alternativa a un microcomputador de alta calidad conocido como Lisa. Sin embargo, con el paso de los a\u00f1os Mac ha terminado por convertirse en la l\u00ednea est\u00e1ndar de desarrollo de los ordenadores Apple.<br><\/p>\n\n\n\n<p>El primer ordenador personal comercializado con \u00e9xito fue el Macintosh 128K, caracterizado por el uso de interfaz gr\u00e1fica de usuario (GUI) y la sustituci\u00f3n de la l\u00ednea de comandos por un rat\u00f3n. Estas implantaciones supusieron una revoluci\u00f3n en la industria de la computaci\u00f3n.<br><\/p>\n\n\n\n<p>Los primeros Macintosh estaban basados en el empleo de microprocesadores de la familia Motorola con la tecnolog\u00eda CISC. A\u00f1os m\u00e1s tarde fueron introducidos los chips PowerPC que traer\u00edan consigo la implantaci\u00f3n de la tecnolog\u00eda RISC. Tras esto, en el a\u00f1o 2006, Apple comienza a emplear procesadores Intel con arquitectura x86. Actualmente, Mac emplea la serie de microprocesadores Intel Core e Intel Xeon.<br><\/p>\n\n\n\n<p>Una de las bases de la producci\u00f3n de los ordenadores Mac es el modelo de integraci\u00f3n vertical que hace que Apple proporcione su propio sistema operativo y hardware. Aunque existe una preinstalaci\u00f3n de este sistema operativo en todos los ordenadores Mac, es posible el funcionamiento de otros sistemas operativos en estos equipos.<br><\/p>\n\n\n\n<figure class=\"wp-block-image\"><img decoding=\"async\" src=\"https:\/\/lh6.googleusercontent.com\/oZavf8xK3R7W3E8DPyocBaKe6JGkNaqj_VI0ENtTUnyUxcjbLWuhdT8GeGRT-1MmxRqKX1krMvlet2ETZF7LPqI3I-sd7N9rwoegPvPvVg0mWTJ2gmkxLSrFtqpTYWJNvKUCmgJY\" alt=\"\"\/><figcaption>L\u00ednea de tiempo de los modelos Macintosh<\/figcaption><\/figure>\n\n\n\n<p><\/p>\n","protected":false},"excerpt":{"rendered":"<p>Se conoce como Macintosh o Mac a la l\u00ednea de computadoras personales desarrollada por Apple en los a\u00f1os 80. En un primer momento surge como alternativa a un microcomputador de alta calidad conocido como Lisa. Sin embargo, con el paso de los a\u00f1os Mac ha terminado por convertirse en la l\u00ednea est\u00e1ndar de desarrollo de [&hellip;]<\/p>\n","protected":false},"author":166,"featured_media":0,"parent":408,"menu_order":0,"comment_status":"closed","ping_status":"closed","template":"","meta":{"ngg_post_thumbnail":0,"footnotes":""},"class_list":["post-420","page","type-page","status-publish","hentry"],"yoast_head":"<!-- This site is optimized with the Yoast SEO plugin v25.8 - https:\/\/yoast.com\/wordpress\/plugins\/seo\/ -->\n<title>Breve introducci\u00f3n a Macintosh - Departamento de Matem\u00e1ticas<\/title>\n<meta name=\"robots\" content=\"index, follow, max-snippet:-1, max-image-preview:large, max-video-preview:-1\" \/>\n<link rel=\"canonical\" href=\"https:\/\/departamentos.unileon.es\/matematicas\/catalogo-de-antiguos-ordenadores-del-atico\/breve-introduccion-a-macintosh\/\" \/>\n<meta property=\"og:locale\" content=\"es_ES\" \/>\n<meta property=\"og:type\" content=\"article\" \/>\n<meta property=\"og:title\" content=\"Breve introducci\u00f3n a Macintosh - Departamento de Matem\u00e1ticas\" \/>\n<meta property=\"og:description\" content=\"Se conoce como Macintosh o Mac a la l\u00ednea de computadoras personales desarrollada por Apple en los a\u00f1os 80. En un primer momento surge como alternativa a un microcomputador de alta calidad conocido como Lisa. Sin embargo, con el paso de los a\u00f1os Mac ha terminado por convertirse en la l\u00ednea est\u00e1ndar de desarrollo de [&hellip;]\" \/>\n<meta property=\"og:url\" content=\"https:\/\/departamentos.unileon.es\/matematicas\/catalogo-de-antiguos-ordenadores-del-atico\/breve-introduccion-a-macintosh\/\" \/>\n<meta property=\"og:site_name\" content=\"Departamento de Matem\u00e1ticas\" \/>\n<meta property=\"article:modified_time\" content=\"2019-06-07T10:50:59+00:00\" \/>\n<meta property=\"og:image\" content=\"https:\/\/lh6.googleusercontent.com\/oZavf8xK3R7W3E8DPyocBaKe6JGkNaqj_VI0ENtTUnyUxcjbLWuhdT8GeGRT-1MmxRqKX1krMvlet2ETZF7LPqI3I-sd7N9rwoegPvPvVg0mWTJ2gmkxLSrFtqpTYWJNvKUCmgJY\" \/>\n<meta name=\"twitter:card\" content=\"summary_large_image\" \/>\n<meta name=\"twitter:label1\" content=\"Tiempo de lectura\" \/>\n\t<meta name=\"twitter:data1\" content=\"1 minuto\" \/>\n<script type=\"application\/ld+json\" class=\"yoast-schema-graph\">{\"@context\":\"https:\/\/schema.org\",\"@graph\":[{\"@type\":\"WebPage\",\"@id\":\"https:\/\/departamentos.unileon.es\/matematicas\/catalogo-de-antiguos-ordenadores-del-atico\/breve-introduccion-a-macintosh\/\",\"url\":\"https:\/\/departamentos.unileon.es\/matematicas\/catalogo-de-antiguos-ordenadores-del-atico\/breve-introduccion-a-macintosh\/\",\"name\":\"Breve introducci\u00f3n a Macintosh - Departamento de Matem\u00e1ticas\",\"isPartOf\":{\"@id\":\"https:\/\/departamentos.unileon.es\/matematicas\/#website\"},\"primaryImageOfPage\":{\"@id\":\"https:\/\/departamentos.unileon.es\/matematicas\/catalogo-de-antiguos-ordenadores-del-atico\/breve-introduccion-a-macintosh\/#primaryimage\"},\"image\":{\"@id\":\"https:\/\/departamentos.unileon.es\/matematicas\/catalogo-de-antiguos-ordenadores-del-atico\/breve-introduccion-a-macintosh\/#primaryimage\"},\"thumbnailUrl\":\"https:\/\/lh6.googleusercontent.com\/oZavf8xK3R7W3E8DPyocBaKe6JGkNaqj_VI0ENtTUnyUxcjbLWuhdT8GeGRT-1MmxRqKX1krMvlet2ETZF7LPqI3I-sd7N9rwoegPvPvVg0mWTJ2gmkxLSrFtqpTYWJNvKUCmgJY\",\"datePublished\":\"2019-05-17T10:23:28+00:00\",\"dateModified\":\"2019-06-07T10:50:59+00:00\",\"breadcrumb\":{\"@id\":\"https:\/\/departamentos.unileon.es\/matematicas\/catalogo-de-antiguos-ordenadores-del-atico\/breve-introduccion-a-macintosh\/#breadcrumb\"},\"inLanguage\":\"es\",\"potentialAction\":[{\"@type\":\"ReadAction\",\"target\":[\"https:\/\/departamentos.unileon.es\/matematicas\/catalogo-de-antiguos-ordenadores-del-atico\/breve-introduccion-a-macintosh\/\"]}]},{\"@type\":\"ImageObject\",\"inLanguage\":\"es\",\"@id\":\"https:\/\/departamentos.unileon.es\/matematicas\/catalogo-de-antiguos-ordenadores-del-atico\/breve-introduccion-a-macintosh\/#primaryimage\",\"url\":\"https:\/\/lh6.googleusercontent.com\/oZavf8xK3R7W3E8DPyocBaKe6JGkNaqj_VI0ENtTUnyUxcjbLWuhdT8GeGRT-1MmxRqKX1krMvlet2ETZF7LPqI3I-sd7N9rwoegPvPvVg0mWTJ2gmkxLSrFtqpTYWJNvKUCmgJY\",\"contentUrl\":\"https:\/\/lh6.googleusercontent.com\/oZavf8xK3R7W3E8DPyocBaKe6JGkNaqj_VI0ENtTUnyUxcjbLWuhdT8GeGRT-1MmxRqKX1krMvlet2ETZF7LPqI3I-sd7N9rwoegPvPvVg0mWTJ2gmkxLSrFtqpTYWJNvKUCmgJY\"},{\"@type\":\"BreadcrumbList\",\"@id\":\"https:\/\/departamentos.unileon.es\/matematicas\/catalogo-de-antiguos-ordenadores-del-atico\/breve-introduccion-a-macintosh\/#breadcrumb\",\"itemListElement\":[{\"@type\":\"ListItem\",\"position\":1,\"name\":\"Cat\u00e1logo de antiguos ordenadores\",\"item\":\"https:\/\/departamentos.unileon.es\/matematicas\/catalogo-de-antiguos-ordenadores-del-atico\/\"},{\"@type\":\"ListItem\",\"position\":2,\"name\":\"Breve introducci\u00f3n a Macintosh\"}]},{\"@type\":\"WebSite\",\"@id\":\"https:\/\/departamentos.unileon.es\/matematicas\/#website\",\"url\":\"https:\/\/departamentos.unileon.es\/matematicas\/\",\"name\":\"Departamento de Matem\u00e1ticas\",\"description\":\"Otro sitio m\u00e1s de Universidad de Le\u00f3n\",\"potentialAction\":[{\"@type\":\"SearchAction\",\"target\":{\"@type\":\"EntryPoint\",\"urlTemplate\":\"https:\/\/departamentos.unileon.es\/matematicas\/?s={search_term_string}\"},\"query-input\":{\"@type\":\"PropertyValueSpecification\",\"valueRequired\":true,\"valueName\":\"search_term_string\"}}],\"inLanguage\":\"es\"}]}<\/script>\n<!-- \/ Yoast SEO plugin. -->","yoast_head_json":{"title":"Breve introducci\u00f3n a Macintosh - Departamento de Matem\u00e1ticas","robots":{"index":"index","follow":"follow","max-snippet":"max-snippet:-1","max-image-preview":"max-image-preview:large","max-video-preview":"max-video-preview:-1"},"canonical":"https:\/\/departamentos.unileon.es\/matematicas\/catalogo-de-antiguos-ordenadores-del-atico\/breve-introduccion-a-macintosh\/","og_locale":"es_ES","og_type":"article","og_title":"Breve introducci\u00f3n a Macintosh - Departamento de Matem\u00e1ticas","og_description":"Se conoce como Macintosh o Mac a la l\u00ednea de computadoras personales desarrollada por Apple en los a\u00f1os 80. En un primer momento surge como alternativa a un microcomputador de alta calidad conocido como Lisa. Sin embargo, con el paso de los a\u00f1os Mac ha terminado por convertirse en la l\u00ednea est\u00e1ndar de desarrollo de [&hellip;]","og_url":"https:\/\/departamentos.unileon.es\/matematicas\/catalogo-de-antiguos-ordenadores-del-atico\/breve-introduccion-a-macintosh\/","og_site_name":"Departamento de Matem\u00e1ticas","article_modified_time":"2019-06-07T10:50:59+00:00","og_image":[{"url":"https:\/\/lh6.googleusercontent.com\/oZavf8xK3R7W3E8DPyocBaKe6JGkNaqj_VI0ENtTUnyUxcjbLWuhdT8GeGRT-1MmxRqKX1krMvlet2ETZF7LPqI3I-sd7N9rwoegPvPvVg0mWTJ2gmkxLSrFtqpTYWJNvKUCmgJY","type":"","width":"","height":""}],"twitter_card":"summary_large_image","twitter_misc":{"Tiempo de lectura":"1 minuto"},"schema":{"@context":"https:\/\/schema.org","@graph":[{"@type":"WebPage","@id":"https:\/\/departamentos.unileon.es\/matematicas\/catalogo-de-antiguos-ordenadores-del-atico\/breve-introduccion-a-macintosh\/","url":"https:\/\/departamentos.unileon.es\/matematicas\/catalogo-de-antiguos-ordenadores-del-atico\/breve-introduccion-a-macintosh\/","name":"Breve introducci\u00f3n a Macintosh - Departamento de Matem\u00e1ticas","isPartOf":{"@id":"https:\/\/departamentos.unileon.es\/matematicas\/#website"},"primaryImageOfPage":{"@id":"https:\/\/departamentos.unileon.es\/matematicas\/catalogo-de-antiguos-ordenadores-del-atico\/breve-introduccion-a-macintosh\/#primaryimage"},"image":{"@id":"https:\/\/departamentos.unileon.es\/matematicas\/catalogo-de-antiguos-ordenadores-del-atico\/breve-introduccion-a-macintosh\/#primaryimage"},"thumbnailUrl":"https:\/\/lh6.googleusercontent.com\/oZavf8xK3R7W3E8DPyocBaKe6JGkNaqj_VI0ENtTUnyUxcjbLWuhdT8GeGRT-1MmxRqKX1krMvlet2ETZF7LPqI3I-sd7N9rwoegPvPvVg0mWTJ2gmkxLSrFtqpTYWJNvKUCmgJY","datePublished":"2019-05-17T10:23:28+00:00","dateModified":"2019-06-07T10:50:59+00:00","breadcrumb":{"@id":"https:\/\/departamentos.unileon.es\/matematicas\/catalogo-de-antiguos-ordenadores-del-atico\/breve-introduccion-a-macintosh\/#breadcrumb"},"inLanguage":"es","potentialAction":[{"@type":"ReadAction","target":["https:\/\/departamentos.unileon.es\/matematicas\/catalogo-de-antiguos-ordenadores-del-atico\/breve-introduccion-a-macintosh\/"]}]},{"@type":"ImageObject","inLanguage":"es","@id":"https:\/\/departamentos.unileon.es\/matematicas\/catalogo-de-antiguos-ordenadores-del-atico\/breve-introduccion-a-macintosh\/#primaryimage","url":"https:\/\/lh6.googleusercontent.com\/oZavf8xK3R7W3E8DPyocBaKe6JGkNaqj_VI0ENtTUnyUxcjbLWuhdT8GeGRT-1MmxRqKX1krMvlet2ETZF7LPqI3I-sd7N9rwoegPvPvVg0mWTJ2gmkxLSrFtqpTYWJNvKUCmgJY","contentUrl":"https:\/\/lh6.googleusercontent.com\/oZavf8xK3R7W3E8DPyocBaKe6JGkNaqj_VI0ENtTUnyUxcjbLWuhdT8GeGRT-1MmxRqKX1krMvlet2ETZF7LPqI3I-sd7N9rwoegPvPvVg0mWTJ2gmkxLSrFtqpTYWJNvKUCmgJY"},{"@type":"BreadcrumbList","@id":"https:\/\/departamentos.unileon.es\/matematicas\/catalogo-de-antiguos-ordenadores-del-atico\/breve-introduccion-a-macintosh\/#breadcrumb","itemListElement":[{"@type":"ListItem","position":1,"name":"Cat\u00e1logo de antiguos ordenadores","item":"https:\/\/departamentos.unileon.es\/matematicas\/catalogo-de-antiguos-ordenadores-del-atico\/"},{"@type":"ListItem","position":2,"name":"Breve introducci\u00f3n a Macintosh"}]},{"@type":"WebSite","@id":"https:\/\/departamentos.unileon.es\/matematicas\/#website","url":"https:\/\/departamentos.unileon.es\/matematicas\/","name":"Departamento de Matem\u00e1ticas","description":"Otro sitio m\u00e1s de Universidad de Le\u00f3n","potentialAction":[{"@type":"SearchAction","target":{"@type":"EntryPoint","urlTemplate":"https:\/\/departamentos.unileon.es\/matematicas\/?s={search_term_string}"},"query-input":{"@type":"PropertyValueSpecification","valueRequired":true,"valueName":"search_term_string"}}],"inLanguage":"es"}]}},"_links":{"self":[{"href":"https:\/\/departamentos.unileon.es\/matematicas\/wp-json\/wp\/v2\/pages\/420","targetHints":{"allow":["GET"]}}],"collection":[{"href":"https:\/\/departamentos.unileon.es\/matematicas\/wp-json\/wp\/v2\/pages"}],"about":[{"href":"https:\/\/departamentos.unileon.es\/matematicas\/wp-json\/wp\/v2\/types\/page"}],"author":[{"embeddable":true,"href":"https:\/\/departamentos.unileon.es\/matematicas\/wp-json\/wp\/v2\/users\/166"}],"replies":[{"embeddable":true,"href":"https:\/\/departamentos.unileon.es\/matematicas\/wp-json\/wp\/v2\/comments?post=420"}],"version-history":[{"count":2,"href":"https:\/\/departamentos.unileon.es\/matematicas\/wp-json\/wp\/v2\/pages\/420\/revisions"}],"predecessor-version":[{"id":489,"href":"https:\/\/departamentos.unileon.es\/matematicas\/wp-json\/wp\/v2\/pages\/420\/revisions\/489"}],"up":[{"embeddable":true,"href":"https:\/\/departamentos.unileon.es\/matematicas\/wp-json\/wp\/v2\/pages\/408"}],"wp:attachment":[{"href":"https:\/\/departamentos.unileon.es\/matematicas\/wp-json\/wp\/v2\/media?parent=420"}],"curies":[{"name":"wp","href":"https:\/\/api.w.org\/{rel}","templated":true}]}}