{"id":408,"date":"2019-05-17T09:32:08","date_gmt":"2019-05-17T09:32:08","guid":{"rendered":"http:\/\/departamentos.unileon.es\/matematicas\/?page_id=408"},"modified":"2019-06-07T11:01:18","modified_gmt":"2019-06-07T11:01:18","slug":"catalogo-de-antiguos-ordenadores-del-atico","status":"publish","type":"page","link":"https:\/\/departamentos.unileon.es\/matematicas\/catalogo-de-antiguos-ordenadores-del-atico\/","title":{"rendered":"Cat\u00e1logo de antiguos ordenadores"},"content":{"rendered":"\n<p>Los alumnos Beatriz Crespo Torbado y Carlos Fern\u00e1ndez San Juan del Grado en Ingenier\u00eda Inform\u00e1tica y becarios del Departamento en el curso 2018-2019 hemos realizado un trabajo de documentaci\u00f3n sobre los equipos desechados situados en el \u00e1tico de la Escuela de Ingenier\u00edas Industrial e Inform\u00e1tica.<\/p>\n\n\n\n<p>Estos ordenadores son en su mayor\u00eda Macintosh comercializados en la d\u00e9cada de 1990. En esta p\u00e1gina se listan los modelos de este peque\u00f1o \u00abmuseo\u00bb junto a algunas im\u00e1genes. A trav\u00e9s de los siguientes enlaces se puede acceder a las diferentes secciones elaboradas en relaci\u00f3n con esta materia.<\/p>\n\n\n\n<ul style=\"font-size:large;\"><li><a href=\"http:\/\/departamentos.unileon.es\/matematicas\/catalogo-de-antiguos-ordenadores-del-atico\/breve-introduccion-a-macintosh\/\">Breve introducci\u00f3n a Macintosh<\/a><\/li><li><a href=\"http:\/\/departamentos.unileon.es\/matematicas\/catalogo-de-antiguos-ordenadores-del-atico\/evolucion-de-los-ordenadores-macintosh\/\">Evoluci\u00f3n de los ordenadores Macintosh<\/a><\/li><li><a href=\"http:\/\/departamentos.unileon.es\/matematicas\/catalogo-de-antiguos-ordenadores-del-atico\/evolucion-de-los-sistemas-operativos-mac\/\">Evoluci\u00f3n de los sistemas operativos Mac<\/a><\/li><li><a href=\"http:\/\/departamentos.unileon.es\/matematicas\/catalogo-de-antiguos-ordenadores-del-atico\/tabla-comparativa-con-las-especificaciones-de-los-equipos\/\">Tabla comparativa con las especificaciones de los equipos<\/a><\/li><li><a href=\"http:\/\/departamentos.unileon.es\/matematicas\/catalogo-de-antiguos-ordenadores-del-atico\/comparacion-de-una-placa-base-antigua-y-una-moderna\/\">Comparaci\u00f3n de una placa base antigua y una moderna<\/a><\/li><\/ul>\n\n\n\n<h3 class=\"wp-block-heading\">Macintosh SE\/30 &#8211; 1989<\/h3>\n\n\n\n<ul class=\"wp-block-gallery aligncenter columns-2 is-cropped wp-block-gallery-1 is-layout-flex wp-block-gallery-is-layout-flex\"><li class=\"blocks-gallery-item\"><figure><img loading=\"lazy\" decoding=\"async\" width=\"300\" height=\"311\" src=\"http:\/\/departamentos.unileon.es\/matematicas\/files\/2019\/05\/macSE30_IN.png\" alt=\"\" data-id=\"451\" data-link=\"http:\/\/departamentos.unileon.es\/matematicas\/macse30_in\/\" class=\"wp-image-451\" srcset=\"https:\/\/departamentos.unileon.es\/matematicas\/files\/2019\/05\/macSE30_IN.png 300w, https:\/\/departamentos.unileon.es\/matematicas\/files\/2019\/05\/macSE30_IN-289x300.png 289w\" sizes=\"auto, (max-width: 300px) 100vw, 300px\" \/><\/figure><\/li><li class=\"blocks-gallery-item\"><figure><img loading=\"lazy\" decoding=\"async\" width=\"384\" height=\"482\" src=\"http:\/\/departamentos.unileon.es\/matematicas\/files\/2019\/05\/macintoshSE30.png\" alt=\"\" data-id=\"458\" data-link=\"http:\/\/departamentos.unileon.es\/matematicas\/macintoshse30\/\" class=\"wp-image-458\" srcset=\"https:\/\/departamentos.unileon.es\/matematicas\/files\/2019\/05\/macintoshSE30.png 384w, https:\/\/departamentos.unileon.es\/matematicas\/files\/2019\/05\/macintoshSE30-239x300.png 239w\" sizes=\"auto, (max-width: 384px) 100vw, 384px\" \/><\/figure><\/li><\/ul>\n\n\n\n<h3 class=\"wp-block-heading\">Macintosh Classic &#8211; 1990<\/h3>\n\n\n\n<ul class=\"wp-block-gallery columns-2 is-cropped wp-block-gallery-2 is-layout-flex wp-block-gallery-is-layout-flex\"><li class=\"blocks-gallery-item\"><figure><img loading=\"lazy\" decoding=\"async\" width=\"300\" height=\"257\" src=\"http:\/\/departamentos.unileon.es\/matematicas\/files\/2019\/05\/macintoshClassic_IN.png\" alt=\"\" data-id=\"447\" data-link=\"http:\/\/departamentos.unileon.es\/matematicas\/macintoshclassic_in\/\" class=\"wp-image-447\"\/><\/figure><\/li><li class=\"blocks-gallery-item\"><figure><img loading=\"lazy\" decoding=\"async\" width=\"370\" height=\"465\" src=\"http:\/\/departamentos.unileon.es\/matematicas\/files\/2019\/05\/macintoshclassic.png\" alt=\"\" data-id=\"454\" data-link=\"http:\/\/departamentos.unileon.es\/matematicas\/macintoshclassic\/\" class=\"wp-image-454\" srcset=\"https:\/\/departamentos.unileon.es\/matematicas\/files\/2019\/05\/macintoshclassic.png 370w, https:\/\/departamentos.unileon.es\/matematicas\/files\/2019\/05\/macintoshclassic-239x300.png 239w\" sizes=\"auto, (max-width: 370px) 100vw, 370px\" \/><\/figure><\/li><\/ul>\n\n\n\n<h3 class=\"wp-block-heading\">Macintosh LC II &#8211; 1992<\/h3>\n\n\n\n<ul class=\"wp-block-gallery columns-2 wp-block-gallery-3 is-layout-flex wp-block-gallery-is-layout-flex\"><li class=\"blocks-gallery-item\"><figure><img loading=\"lazy\" decoding=\"async\" width=\"300\" height=\"212\" src=\"http:\/\/departamentos.unileon.es\/matematicas\/files\/2019\/05\/macintoshLCII_IN.png\" alt=\"\" data-id=\"448\" data-link=\"http:\/\/departamentos.unileon.es\/matematicas\/macintoshlcii_in\/\" class=\"wp-image-448\"\/><\/figure><\/li><li class=\"blocks-gallery-item\"><figure><img loading=\"lazy\" decoding=\"async\" width=\"680\" height=\"161\" src=\"http:\/\/departamentos.unileon.es\/matematicas\/files\/2019\/05\/macintoshlcII.png\" alt=\"\" data-id=\"455\" data-link=\"http:\/\/departamentos.unileon.es\/matematicas\/macintoshlcii\/\" class=\"wp-image-455\" srcset=\"https:\/\/departamentos.unileon.es\/matematicas\/files\/2019\/05\/macintoshlcII.png 680w, https:\/\/departamentos.unileon.es\/matematicas\/files\/2019\/05\/macintoshlcII-300x71.png 300w\" sizes=\"auto, (max-width: 680px) 100vw, 680px\" \/><\/figure><\/li><\/ul>\n\n\n\n<h3 class=\"wp-block-heading\">Macintosh Quadra 610 &#8211; 1993<\/h3>\n\n\n\n<ul class=\"wp-block-gallery columns-2 wp-block-gallery-4 is-layout-flex wp-block-gallery-is-layout-flex\"><li class=\"blocks-gallery-item\"><figure><img loading=\"lazy\" decoding=\"async\" width=\"300\" height=\"225\" src=\"http:\/\/departamentos.unileon.es\/matematicas\/files\/2019\/05\/macintoshquadra610_IN.png\" alt=\"\" data-id=\"449\" data-link=\"http:\/\/departamentos.unileon.es\/matematicas\/macintoshquadra610_in\/\" class=\"wp-image-449\"\/><\/figure><\/li><li class=\"blocks-gallery-item\"><figure><img loading=\"lazy\" decoding=\"async\" width=\"739\" height=\"173\" src=\"http:\/\/departamentos.unileon.es\/matematicas\/files\/2019\/05\/quadra610.png\" alt=\"\" data-id=\"460\" data-link=\"http:\/\/departamentos.unileon.es\/matematicas\/quadra610\/\" class=\"wp-image-460\" srcset=\"https:\/\/departamentos.unileon.es\/matematicas\/files\/2019\/05\/quadra610.png 739w, https:\/\/departamentos.unileon.es\/matematicas\/files\/2019\/05\/quadra610-300x70.png 300w\" sizes=\"auto, (max-width: 739px) 100vw, 739px\" \/><\/figure><\/li><\/ul>\n\n\n\n<h3 class=\"wp-block-heading\">Macintosh Quadra 630 &#8211; 1994<\/h3>\n\n\n\n<ul class=\"wp-block-gallery columns-2 wp-block-gallery-5 is-layout-flex wp-block-gallery-is-layout-flex\"><li class=\"blocks-gallery-item\"><figure><img loading=\"lazy\" decoding=\"async\" width=\"300\" height=\"225\" src=\"http:\/\/departamentos.unileon.es\/matematicas\/files\/2019\/05\/macintoshquadra630_IN.png\" alt=\"\" data-id=\"450\" data-link=\"http:\/\/departamentos.unileon.es\/matematicas\/macintoshquadra630_in\/\" class=\"wp-image-450\"\/><\/figure><\/li><li class=\"blocks-gallery-item\"><figure><img loading=\"lazy\" decoding=\"async\" width=\"800\" height=\"275\" src=\"http:\/\/departamentos.unileon.es\/matematicas\/files\/2019\/05\/macintoshquadra630.png\" alt=\"\" data-id=\"457\" data-link=\"http:\/\/departamentos.unileon.es\/matematicas\/macintoshquadra630\/\" class=\"wp-image-457\" srcset=\"https:\/\/departamentos.unileon.es\/matematicas\/files\/2019\/05\/macintoshquadra630.png 800w, https:\/\/departamentos.unileon.es\/matematicas\/files\/2019\/05\/macintoshquadra630-300x103.png 300w, https:\/\/departamentos.unileon.es\/matematicas\/files\/2019\/05\/macintoshquadra630-768x264.png 768w\" sizes=\"auto, (max-width: 800px) 100vw, 800px\" \/><\/figure><\/li><\/ul>\n\n\n\n<h3 class=\"wp-block-heading\">Power Macintosh 7200\/90 &#8211; 1995<\/h3>\n\n\n\n<ul class=\"wp-block-gallery columns-2 wp-block-gallery-6 is-layout-flex wp-block-gallery-is-layout-flex\"><li class=\"blocks-gallery-item\"><figure><img loading=\"lazy\" decoding=\"async\" width=\"1000\" height=\"682\" src=\"http:\/\/departamentos.unileon.es\/matematicas\/files\/2019\/05\/macintosh720090_IN.png\" alt=\"\" data-id=\"446\" data-link=\"http:\/\/departamentos.unileon.es\/matematicas\/macintosh720090_in\/\" class=\"wp-image-446\" srcset=\"https:\/\/departamentos.unileon.es\/matematicas\/files\/2019\/05\/macintosh720090_IN.png 1000w, https:\/\/departamentos.unileon.es\/matematicas\/files\/2019\/05\/macintosh720090_IN-300x205.png 300w, https:\/\/departamentos.unileon.es\/matematicas\/files\/2019\/05\/macintosh720090_IN-768x524.png 768w\" sizes=\"auto, (max-width: 1000px) 100vw, 1000px\" \/><\/figure><\/li><li class=\"blocks-gallery-item\"><figure><img loading=\"lazy\" decoding=\"async\" width=\"682\" height=\"257\" src=\"http:\/\/departamentos.unileon.es\/matematicas\/files\/2019\/05\/powerMacintosh7200.png\" alt=\"\" data-id=\"459\" data-link=\"http:\/\/departamentos.unileon.es\/matematicas\/powermacintosh7200\/\" class=\"wp-image-459\" srcset=\"https:\/\/departamentos.unileon.es\/matematicas\/files\/2019\/05\/powerMacintosh7200.png 682w, https:\/\/departamentos.unileon.es\/matematicas\/files\/2019\/05\/powerMacintosh7200-300x113.png 300w\" sizes=\"auto, (max-width: 682px) 100vw, 682px\" \/><\/figure><\/li><\/ul>\n\n\n\n<h3 class=\"wp-block-heading\">iMac G3 &#8211; 1998<\/h3>\n\n\n\n<ul class=\"wp-block-gallery columns-2 wp-block-gallery-7 is-layout-flex wp-block-gallery-is-layout-flex\"><li class=\"blocks-gallery-item\"><figure><img loading=\"lazy\" decoding=\"async\" width=\"300\" height=\"330\" src=\"http:\/\/departamentos.unileon.es\/matematicas\/files\/2019\/05\/iMacG3_INT.png\" alt=\"\" data-id=\"444\" data-link=\"http:\/\/departamentos.unileon.es\/matematicas\/imacg3_int\/\" class=\"wp-image-444\" srcset=\"https:\/\/departamentos.unileon.es\/matematicas\/files\/2019\/05\/iMacG3_INT.png 300w, https:\/\/departamentos.unileon.es\/matematicas\/files\/2019\/05\/iMacG3_INT-273x300.png 273w\" sizes=\"auto, (max-width: 300px) 100vw, 300px\" \/><\/figure><\/li><li class=\"blocks-gallery-item\"><figure><img loading=\"lazy\" decoding=\"async\" width=\"800\" height=\"449\" src=\"http:\/\/departamentos.unileon.es\/matematicas\/files\/2019\/05\/imacg3.png\" alt=\"\" data-id=\"452\" data-link=\"http:\/\/departamentos.unileon.es\/matematicas\/imacg3\/\" class=\"wp-image-452\" srcset=\"https:\/\/departamentos.unileon.es\/matematicas\/files\/2019\/05\/imacg3.png 800w, https:\/\/departamentos.unileon.es\/matematicas\/files\/2019\/05\/imacg3-300x168.png 300w, https:\/\/departamentos.unileon.es\/matematicas\/files\/2019\/05\/imacg3-768x431.png 768w\" sizes=\"auto, (max-width: 800px) 100vw, 800px\" \/><\/figure><\/li><\/ul>\n\n\n\n<h3 class=\"wp-block-heading\">iMac G4 &#8211; 2002<\/h3>\n\n\n\n<ul class=\"wp-block-gallery columns-2 is-cropped wp-block-gallery-8 is-layout-flex wp-block-gallery-is-layout-flex\"><li class=\"blocks-gallery-item\"><figure><img loading=\"lazy\" decoding=\"async\" width=\"250\" height=\"319\" src=\"http:\/\/departamentos.unileon.es\/matematicas\/files\/2019\/05\/imacg4_IN.png\" alt=\"\" data-id=\"445\" data-link=\"http:\/\/departamentos.unileon.es\/matematicas\/imacg4_in\/\" class=\"wp-image-445\" srcset=\"https:\/\/departamentos.unileon.es\/matematicas\/files\/2019\/05\/imacg4_IN.png 250w, https:\/\/departamentos.unileon.es\/matematicas\/files\/2019\/05\/imacg4_IN-235x300.png 235w\" sizes=\"auto, (max-width: 250px) 100vw, 250px\" \/><\/figure><\/li><li class=\"blocks-gallery-item\"><figure><img loading=\"lazy\" decoding=\"async\" width=\"800\" height=\"599\" src=\"http:\/\/departamentos.unileon.es\/matematicas\/files\/2019\/05\/imacg4.png\" alt=\"\" data-id=\"453\" data-link=\"http:\/\/departamentos.unileon.es\/matematicas\/imacg4\/\" class=\"wp-image-453\" srcset=\"https:\/\/departamentos.unileon.es\/matematicas\/files\/2019\/05\/imacg4.png 800w, https:\/\/departamentos.unileon.es\/matematicas\/files\/2019\/05\/imacg4-300x225.png 300w, https:\/\/departamentos.unileon.es\/matematicas\/files\/2019\/05\/imacg4-768x575.png 768w\" sizes=\"auto, (max-width: 800px) 100vw, 800px\" \/><\/figure><\/li><\/ul>\n","protected":false},"excerpt":{"rendered":"<p>Los alumnos Beatriz Crespo Torbado y Carlos Fern\u00e1ndez San Juan del Grado en Ingenier\u00eda Inform\u00e1tica y becarios del Departamento en el curso 2018-2019 hemos realizado un trabajo de documentaci\u00f3n sobre los equipos desechados situados en el \u00e1tico de la Escuela de Ingenier\u00edas Industrial e Inform\u00e1tica. Estos ordenadores son en su mayor\u00eda Macintosh comercializados en la [&hellip;]<\/p>\n","protected":false},"author":166,"featured_media":0,"parent":0,"menu_order":0,"comment_status":"closed","ping_status":"closed","template":"","meta":{"ngg_post_thumbnail":0,"footnotes":""},"class_list":["post-408","page","type-page","status-publish","hentry"],"yoast_head":"<!-- This site is optimized with the Yoast SEO plugin v25.8 - https:\/\/yoast.com\/wordpress\/plugins\/seo\/ -->\n<title>Cat\u00e1logo de antiguos ordenadores - Departamento de Matem\u00e1ticas<\/title>\n<meta name=\"robots\" content=\"index, follow, max-snippet:-1, max-image-preview:large, max-video-preview:-1\" \/>\n<link rel=\"canonical\" href=\"https:\/\/departamentos.unileon.es\/matematicas\/catalogo-de-antiguos-ordenadores-del-atico\/\" \/>\n<meta property=\"og:locale\" content=\"es_ES\" \/>\n<meta property=\"og:type\" content=\"article\" \/>\n<meta property=\"og:title\" content=\"Cat\u00e1logo de antiguos ordenadores - Departamento de Matem\u00e1ticas\" \/>\n<meta property=\"og:description\" content=\"Los alumnos Beatriz Crespo Torbado y Carlos Fern\u00e1ndez San Juan del Grado en Ingenier\u00eda Inform\u00e1tica y becarios del Departamento en el curso 2018-2019 hemos realizado un trabajo de documentaci\u00f3n sobre los equipos desechados situados en el \u00e1tico de la Escuela de Ingenier\u00edas Industrial e Inform\u00e1tica. Estos ordenadores son en su mayor\u00eda Macintosh comercializados en la [&hellip;]\" \/>\n<meta property=\"og:url\" content=\"https:\/\/departamentos.unileon.es\/matematicas\/catalogo-de-antiguos-ordenadores-del-atico\/\" \/>\n<meta property=\"og:site_name\" content=\"Departamento de Matem\u00e1ticas\" \/>\n<meta property=\"article:modified_time\" content=\"2019-06-07T11:01:18+00:00\" \/>\n<meta property=\"og:image\" content=\"https:\/\/departamentos.unileon.es\/matematicas\/files\/2019\/05\/macSE30_IN.png\" \/>\n\t<meta property=\"og:image:width\" content=\"300\" \/>\n\t<meta property=\"og:image:height\" content=\"311\" \/>\n\t<meta property=\"og:image:type\" content=\"image\/png\" \/>\n<meta name=\"twitter:card\" content=\"summary_large_image\" \/>\n<meta name=\"twitter:label1\" content=\"Tiempo de lectura\" \/>\n\t<meta name=\"twitter:data1\" content=\"1 minuto\" \/>\n<script type=\"application\/ld+json\" class=\"yoast-schema-graph\">{\"@context\":\"https:\/\/schema.org\",\"@graph\":[{\"@type\":\"WebPage\",\"@id\":\"https:\/\/departamentos.unileon.es\/matematicas\/catalogo-de-antiguos-ordenadores-del-atico\/\",\"url\":\"https:\/\/departamentos.unileon.es\/matematicas\/catalogo-de-antiguos-ordenadores-del-atico\/\",\"name\":\"Cat\u00e1logo de antiguos ordenadores - Departamento de Matem\u00e1ticas\",\"isPartOf\":{\"@id\":\"https:\/\/departamentos.unileon.es\/matematicas\/#website\"},\"primaryImageOfPage\":{\"@id\":\"https:\/\/departamentos.unileon.es\/matematicas\/catalogo-de-antiguos-ordenadores-del-atico\/#primaryimage\"},\"image\":{\"@id\":\"https:\/\/departamentos.unileon.es\/matematicas\/catalogo-de-antiguos-ordenadores-del-atico\/#primaryimage\"},\"thumbnailUrl\":\"http:\/\/departamentos.unileon.es\/matematicas\/files\/2019\/05\/macSE30_IN.png\",\"datePublished\":\"2019-05-17T09:32:08+00:00\",\"dateModified\":\"2019-06-07T11:01:18+00:00\",\"inLanguage\":\"es\",\"potentialAction\":[{\"@type\":\"ReadAction\",\"target\":[\"https:\/\/departamentos.unileon.es\/matematicas\/catalogo-de-antiguos-ordenadores-del-atico\/\"]}]},{\"@type\":\"ImageObject\",\"inLanguage\":\"es\",\"@id\":\"https:\/\/departamentos.unileon.es\/matematicas\/catalogo-de-antiguos-ordenadores-del-atico\/#primaryimage\",\"url\":\"https:\/\/departamentos.unileon.es\/matematicas\/files\/2019\/05\/macSE30_IN.png\",\"contentUrl\":\"https:\/\/departamentos.unileon.es\/matematicas\/files\/2019\/05\/macSE30_IN.png\",\"width\":300,\"height\":311},{\"@type\":\"WebSite\",\"@id\":\"https:\/\/departamentos.unileon.es\/matematicas\/#website\",\"url\":\"https:\/\/departamentos.unileon.es\/matematicas\/\",\"name\":\"Departamento de Matem\u00e1ticas\",\"description\":\"Otro sitio m\u00e1s de Universidad de Le\u00f3n\",\"potentialAction\":[{\"@type\":\"SearchAction\",\"target\":{\"@type\":\"EntryPoint\",\"urlTemplate\":\"https:\/\/departamentos.unileon.es\/matematicas\/?s={search_term_string}\"},\"query-input\":{\"@type\":\"PropertyValueSpecification\",\"valueRequired\":true,\"valueName\":\"search_term_string\"}}],\"inLanguage\":\"es\"}]}<\/script>\n<!-- \/ Yoast SEO plugin. -->","yoast_head_json":{"title":"Cat\u00e1logo de antiguos ordenadores - Departamento de Matem\u00e1ticas","robots":{"index":"index","follow":"follow","max-snippet":"max-snippet:-1","max-image-preview":"max-image-preview:large","max-video-preview":"max-video-preview:-1"},"canonical":"https:\/\/departamentos.unileon.es\/matematicas\/catalogo-de-antiguos-ordenadores-del-atico\/","og_locale":"es_ES","og_type":"article","og_title":"Cat\u00e1logo de antiguos ordenadores - Departamento de Matem\u00e1ticas","og_description":"Los alumnos Beatriz Crespo Torbado y Carlos Fern\u00e1ndez San Juan del Grado en Ingenier\u00eda Inform\u00e1tica y becarios del Departamento en el curso 2018-2019 hemos realizado un trabajo de documentaci\u00f3n sobre los equipos desechados situados en el \u00e1tico de la Escuela de Ingenier\u00edas Industrial e Inform\u00e1tica. Estos ordenadores son en su mayor\u00eda Macintosh comercializados en la [&hellip;]","og_url":"https:\/\/departamentos.unileon.es\/matematicas\/catalogo-de-antiguos-ordenadores-del-atico\/","og_site_name":"Departamento de Matem\u00e1ticas","article_modified_time":"2019-06-07T11:01:18+00:00","og_image":[{"width":300,"height":311,"url":"https:\/\/departamentos.unileon.es\/matematicas\/files\/2019\/05\/macSE30_IN.png","type":"image\/png"}],"twitter_card":"summary_large_image","twitter_misc":{"Tiempo de lectura":"1 minuto"},"schema":{"@context":"https:\/\/schema.org","@graph":[{"@type":"WebPage","@id":"https:\/\/departamentos.unileon.es\/matematicas\/catalogo-de-antiguos-ordenadores-del-atico\/","url":"https:\/\/departamentos.unileon.es\/matematicas\/catalogo-de-antiguos-ordenadores-del-atico\/","name":"Cat\u00e1logo de antiguos ordenadores - Departamento de Matem\u00e1ticas","isPartOf":{"@id":"https:\/\/departamentos.unileon.es\/matematicas\/#website"},"primaryImageOfPage":{"@id":"https:\/\/departamentos.unileon.es\/matematicas\/catalogo-de-antiguos-ordenadores-del-atico\/#primaryimage"},"image":{"@id":"https:\/\/departamentos.unileon.es\/matematicas\/catalogo-de-antiguos-ordenadores-del-atico\/#primaryimage"},"thumbnailUrl":"http:\/\/departamentos.unileon.es\/matematicas\/files\/2019\/05\/macSE30_IN.png","datePublished":"2019-05-17T09:32:08+00:00","dateModified":"2019-06-07T11:01:18+00:00","inLanguage":"es","potentialAction":[{"@type":"ReadAction","target":["https:\/\/departamentos.unileon.es\/matematicas\/catalogo-de-antiguos-ordenadores-del-atico\/"]}]},{"@type":"ImageObject","inLanguage":"es","@id":"https:\/\/departamentos.unileon.es\/matematicas\/catalogo-de-antiguos-ordenadores-del-atico\/#primaryimage","url":"https:\/\/departamentos.unileon.es\/matematicas\/files\/2019\/05\/macSE30_IN.png","contentUrl":"https:\/\/departamentos.unileon.es\/matematicas\/files\/2019\/05\/macSE30_IN.png","width":300,"height":311},{"@type":"WebSite","@id":"https:\/\/departamentos.unileon.es\/matematicas\/#website","url":"https:\/\/departamentos.unileon.es\/matematicas\/","name":"Departamento de Matem\u00e1ticas","description":"Otro sitio m\u00e1s de Universidad de Le\u00f3n","potentialAction":[{"@type":"SearchAction","target":{"@type":"EntryPoint","urlTemplate":"https:\/\/departamentos.unileon.es\/matematicas\/?s={search_term_string}"},"query-input":{"@type":"PropertyValueSpecification","valueRequired":true,"valueName":"search_term_string"}}],"inLanguage":"es"}]}},"_links":{"self":[{"href":"https:\/\/departamentos.unileon.es\/matematicas\/wp-json\/wp\/v2\/pages\/408","targetHints":{"allow":["GET"]}}],"collection":[{"href":"https:\/\/departamentos.unileon.es\/matematicas\/wp-json\/wp\/v2\/pages"}],"about":[{"href":"https:\/\/departamentos.unileon.es\/matematicas\/wp-json\/wp\/v2\/types\/page"}],"author":[{"embeddable":true,"href":"https:\/\/departamentos.unileon.es\/matematicas\/wp-json\/wp\/v2\/users\/166"}],"replies":[{"embeddable":true,"href":"https:\/\/departamentos.unileon.es\/matematicas\/wp-json\/wp\/v2\/comments?post=408"}],"version-history":[{"count":14,"href":"https:\/\/departamentos.unileon.es\/matematicas\/wp-json\/wp\/v2\/pages\/408\/revisions"}],"predecessor-version":[{"id":520,"href":"https:\/\/departamentos.unileon.es\/matematicas\/wp-json\/wp\/v2\/pages\/408\/revisions\/520"}],"wp:attachment":[{"href":"https:\/\/departamentos.unileon.es\/matematicas\/wp-json\/wp\/v2\/media?parent=408"}],"curies":[{"name":"wp","href":"https:\/\/api.w.org\/{rel}","templated":true}]}}