{"id":10,"date":"2010-08-17T09:54:18","date_gmt":"2010-08-17T09:54:18","guid":{"rendered":"http:\/\/departamentos.unileon.es\/ingenierias-mecanica-informatica-y-aeroespacial\/"},"modified":"2012-05-04T10:32:17","modified_gmt":"2012-05-04T10:32:17","slug":"areas","status":"publish","type":"page","link":"https:\/\/departamentos.unileon.es\/ingenierias-mecanica-informatica-y-aeroespacial\/areas\/","title":{"rendered":"\u00c1reas"},"content":{"rendered":"<ul>\r\n\t<li>Arquitectura y Tecnolog\u00eda de Computadores<\/li>\r\n\t<li>Ciencias de la Computacion e Inteligencia Artificial<\/li>\r\n\t<li><a href=\"http:\/\/uleia.unileon.es\/Bienvenida_-_Area_de_Ingenieria_Aeroespacial_Universidad_de_Leon.html\" target=\"_blank\">Ingenier\u00eda Aeroespacial<\/a><\/li>\r\n\t<li><a href=\"http:\/\/ipf-leon.wikispaces.com\/\" target=\"_blank\">Ingenier\u00eda de los Procesos de Fabricaci\u00f3n<\/a><\/li>\r\n\t<li>Ingenier\u00eda Mec\u00e1nica<\/li>\r\n\t<li>Lenguajes y Sistemas Inform\u00e1ticos<\/li>\r\n\t<li>Proyectos de Ingenier\u00eda<\/li>\r\n<\/ul>","protected":false},"excerpt":{"rendered":"<p>Arquitectura y Tecnolog\u00eda de Computadores Ciencias de la Computacion e Inteligencia Artificial Ingenier\u00eda Aeroespacial Ingenier\u00eda de los Procesos de Fabricaci\u00f3n Ingenier\u00eda Mec\u00e1nica Lenguajes y Sistemas Inform\u00e1ticos Proyectos de Ingenier\u00eda<\/p>\n","protected":false},"author":98,"featured_media":0,"parent":0,"menu_order":3,"comment_status":"closed","ping_status":"closed","template":"","meta":{"ngg_post_thumbnail":0,"footnotes":""},"class_list":["post-10","page","type-page","status-publish","hentry"],"yoast_head":"<!-- This site is optimized with the Yoast SEO plugin v25.8 - https:\/\/yoast.com\/wordpress\/plugins\/seo\/ -->\n<title>\u00c1reas - Departamento de Ingenier\u00edas Mec\u00e1nica, Inform\u00e1tica y Aeroespacial<\/title>\n<meta name=\"robots\" content=\"index, follow, max-snippet:-1, max-image-preview:large, max-video-preview:-1\" \/>\n<link rel=\"canonical\" href=\"https:\/\/departamentos.unileon.es\/ingenierias-mecanica-informatica-y-aeroespacial\/areas\/\" \/>\n<meta property=\"og:locale\" content=\"es_ES\" \/>\n<meta property=\"og:type\" content=\"article\" \/>\n<meta property=\"og:title\" content=\"\u00c1reas - Departamento de Ingenier\u00edas Mec\u00e1nica, Inform\u00e1tica y Aeroespacial\" \/>\n<meta property=\"og:description\" content=\"Arquitectura y Tecnolog\u00eda de Computadores Ciencias de la Computacion e Inteligencia Artificial Ingenier\u00eda Aeroespacial Ingenier\u00eda de los Procesos de Fabricaci\u00f3n Ingenier\u00eda Mec\u00e1nica Lenguajes y Sistemas Inform\u00e1ticos Proyectos de Ingenier\u00eda\" \/>\n<meta property=\"og:url\" content=\"https:\/\/departamentos.unileon.es\/ingenierias-mecanica-informatica-y-aeroespacial\/areas\/\" \/>\n<meta property=\"og:site_name\" content=\"Departamento de Ingenier\u00edas Mec\u00e1nica, Inform\u00e1tica y Aeroespacial\" \/>\n<meta property=\"article:modified_time\" content=\"2012-05-04T10:32:17+00:00\" \/>\n<meta name=\"twitter:card\" content=\"summary_large_image\" \/>\n<script type=\"application\/ld+json\" class=\"yoast-schema-graph\">{\"@context\":\"https:\/\/schema.org\",\"@graph\":[{\"@type\":\"WebPage\",\"@id\":\"https:\/\/departamentos.unileon.es\/ingenierias-mecanica-informatica-y-aeroespacial\/areas\/\",\"url\":\"https:\/\/departamentos.unileon.es\/ingenierias-mecanica-informatica-y-aeroespacial\/areas\/\",\"name\":\"\u00c1reas - Departamento de Ingenier\u00edas Mec\u00e1nica, Inform\u00e1tica y Aeroespacial\",\"isPartOf\":{\"@id\":\"https:\/\/departamentos.unileon.es\/ingenierias-mecanica-informatica-y-aeroespacial\/#website\"},\"datePublished\":\"2010-08-17T09:54:18+00:00\",\"dateModified\":\"2012-05-04T10:32:17+00:00\",\"inLanguage\":\"es\",\"potentialAction\":[{\"@type\":\"ReadAction\",\"target\":[\"https:\/\/departamentos.unileon.es\/ingenierias-mecanica-informatica-y-aeroespacial\/areas\/\"]}]},{\"@type\":\"WebSite\",\"@id\":\"https:\/\/departamentos.unileon.es\/ingenierias-mecanica-informatica-y-aeroespacial\/#website\",\"url\":\"https:\/\/departamentos.unileon.es\/ingenierias-mecanica-informatica-y-aeroespacial\/\",\"name\":\"Departamento de Ingenier\u00edas Mec\u00e1nica, Inform\u00e1tica y Aeroespacial\",\"description\":\"Otro sitio m\u00e1s de Universidad de Le\u00f3n\",\"potentialAction\":[{\"@type\":\"SearchAction\",\"target\":{\"@type\":\"EntryPoint\",\"urlTemplate\":\"https:\/\/departamentos.unileon.es\/ingenierias-mecanica-informatica-y-aeroespacial\/?s={search_term_string}\"},\"query-input\":{\"@type\":\"PropertyValueSpecification\",\"valueRequired\":true,\"valueName\":\"search_term_string\"}}],\"inLanguage\":\"es\"}]}<\/script>\n<!-- \/ Yoast SEO plugin. -->","yoast_head_json":{"title":"\u00c1reas - Departamento de Ingenier\u00edas Mec\u00e1nica, Inform\u00e1tica y Aeroespacial","robots":{"index":"index","follow":"follow","max-snippet":"max-snippet:-1","max-image-preview":"max-image-preview:large","max-video-preview":"max-video-preview:-1"},"canonical":"https:\/\/departamentos.unileon.es\/ingenierias-mecanica-informatica-y-aeroespacial\/areas\/","og_locale":"es_ES","og_type":"article","og_title":"\u00c1reas - Departamento de Ingenier\u00edas Mec\u00e1nica, Inform\u00e1tica y Aeroespacial","og_description":"Arquitectura y Tecnolog\u00eda de Computadores Ciencias de la Computacion e Inteligencia Artificial Ingenier\u00eda Aeroespacial Ingenier\u00eda de los Procesos de Fabricaci\u00f3n Ingenier\u00eda Mec\u00e1nica Lenguajes y Sistemas Inform\u00e1ticos Proyectos de Ingenier\u00eda","og_url":"https:\/\/departamentos.unileon.es\/ingenierias-mecanica-informatica-y-aeroespacial\/areas\/","og_site_name":"Departamento de Ingenier\u00edas Mec\u00e1nica, Inform\u00e1tica y Aeroespacial","article_modified_time":"2012-05-04T10:32:17+00:00","twitter_card":"summary_large_image","schema":{"@context":"https:\/\/schema.org","@graph":[{"@type":"WebPage","@id":"https:\/\/departamentos.unileon.es\/ingenierias-mecanica-informatica-y-aeroespacial\/areas\/","url":"https:\/\/departamentos.unileon.es\/ingenierias-mecanica-informatica-y-aeroespacial\/areas\/","name":"\u00c1reas - Departamento de Ingenier\u00edas Mec\u00e1nica, Inform\u00e1tica y Aeroespacial","isPartOf":{"@id":"https:\/\/departamentos.unileon.es\/ingenierias-mecanica-informatica-y-aeroespacial\/#website"},"datePublished":"2010-08-17T09:54:18+00:00","dateModified":"2012-05-04T10:32:17+00:00","inLanguage":"es","potentialAction":[{"@type":"ReadAction","target":["https:\/\/departamentos.unileon.es\/ingenierias-mecanica-informatica-y-aeroespacial\/areas\/"]}]},{"@type":"WebSite","@id":"https:\/\/departamentos.unileon.es\/ingenierias-mecanica-informatica-y-aeroespacial\/#website","url":"https:\/\/departamentos.unileon.es\/ingenierias-mecanica-informatica-y-aeroespacial\/","name":"Departamento de Ingenier\u00edas Mec\u00e1nica, Inform\u00e1tica y Aeroespacial","description":"Otro sitio m\u00e1s de Universidad de Le\u00f3n","potentialAction":[{"@type":"SearchAction","target":{"@type":"EntryPoint","urlTemplate":"https:\/\/departamentos.unileon.es\/ingenierias-mecanica-informatica-y-aeroespacial\/?s={search_term_string}"},"query-input":{"@type":"PropertyValueSpecification","valueRequired":true,"valueName":"search_term_string"}}],"inLanguage":"es"}]}},"_links":{"self":[{"href":"https:\/\/departamentos.unileon.es\/ingenierias-mecanica-informatica-y-aeroespacial\/wp-json\/wp\/v2\/pages\/10","targetHints":{"allow":["GET"]}}],"collection":[{"href":"https:\/\/departamentos.unileon.es\/ingenierias-mecanica-informatica-y-aeroespacial\/wp-json\/wp\/v2\/pages"}],"about":[{"href":"https:\/\/departamentos.unileon.es\/ingenierias-mecanica-informatica-y-aeroespacial\/wp-json\/wp\/v2\/types\/page"}],"author":[{"embeddable":true,"href":"https:\/\/departamentos.unileon.es\/ingenierias-mecanica-informatica-y-aeroespacial\/wp-json\/wp\/v2\/users\/98"}],"replies":[{"embeddable":true,"href":"https:\/\/departamentos.unileon.es\/ingenierias-mecanica-informatica-y-aeroespacial\/wp-json\/wp\/v2\/comments?post=10"}],"version-history":[{"count":9,"href":"https:\/\/departamentos.unileon.es\/ingenierias-mecanica-informatica-y-aeroespacial\/wp-json\/wp\/v2\/pages\/10\/revisions"}],"predecessor-version":[{"id":59,"href":"https:\/\/departamentos.unileon.es\/ingenierias-mecanica-informatica-y-aeroespacial\/wp-json\/wp\/v2\/pages\/10\/revisions\/59"}],"wp:attachment":[{"href":"https:\/\/departamentos.unileon.es\/ingenierias-mecanica-informatica-y-aeroespacial\/wp-json\/wp\/v2\/media?parent=10"}],"curies":[{"name":"wp","href":"https:\/\/api.w.org\/{rel}","templated":true}]}}