{"id":5,"date":"2010-08-17T09:34:22","date_gmt":"2010-08-17T09:34:22","guid":{"rendered":"http:\/\/departamentos.unileon.es\/ingenieria-y-ciencias-agrarias\/"},"modified":"2019-10-30T09:51:17","modified_gmt":"2019-10-30T09:51:17","slug":"ubicacion-de-contacto","status":"publish","type":"page","link":"https:\/\/departamentos.unileon.es\/ingenieria-y-ciencias-agrarias\/ubicacion-de-contacto\/","title":{"rendered":"Ubicaci\u00f3n y Contacto"},"content":{"rendered":"<table>\n<tbody>\n<tr>\n<th class=\"alignleft\">P\u00e1gina Web del Departamento<\/th>\n<td><a class=\"enlace\" href=\"http:\/\/departamentos.unileon.es\/ingenieria-y-ciencias-agrarias\/\">http:\/\/departamentos.unileon.es\/ingenieria-y-ciencias-agrarias\/<\/a><\/td>\n<\/tr>\n<tr>\n<th class=\"alignleft\">Direcci\u00f3n Postal<\/th>\n<td>Departamento de Ingenier\u00eda y Ciencias Agrarias\nUNIVERSIDAD DE LE\u00d3N\nEscuela Superior y T\u00e9cnica de Ingenier\u00eda Agraria\nAvenida de Portugal, 41\n24071 LE\u00d3N<\/td>\n<\/tr>\n<tr>\n<th class=\"alignleft\">Tel\u00e9fono<\/th>\n<td>987 29 18 30<\/td>\n<\/tr>\n<tr>\n<th class=\"alignleft\">FAX<\/th>\n<td>987 29 18 10<\/td>\n<\/tr>\n<tr>\n<th class=\"alignleft\">Buz\u00f3n electr\u00f3nico<\/th>\n<td><a href=\"mailto:dicaadm@unileon.es\">dicaadm@unileon.es<\/a><\/td>\n<\/tr>\n<\/tbody>\n<\/table>","protected":false},"excerpt":{"rendered":"<p>P\u00e1gina Web del Departamento http:\/\/departamentos.unileon.es\/ingenieria-y-ciencias-agrarias\/ Direcci\u00f3n Postal Departamento de Ingenier\u00eda y Ciencias Agrarias UNIVERSIDAD DE LE\u00d3N Escuela Superior y T\u00e9cnica de Ingenier\u00eda Agraria Avenida de Portugal, 41 24071 LE\u00d3N Tel\u00e9fono 987 29 18 30 FAX 987 29 18 10 Buz\u00f3n electr\u00f3nico dicaadm@unileon.es<\/p>\n","protected":false},"author":23,"featured_media":0,"parent":0,"menu_order":1,"comment_status":"closed","ping_status":"open","template":"","meta":{"ngg_post_thumbnail":0,"footnotes":""},"class_list":["post-5","page","type-page","status-publish","hentry"],"yoast_head":"<!-- This site is optimized with the Yoast SEO plugin v25.8 - https:\/\/yoast.com\/wordpress\/plugins\/seo\/ -->\n<title>Ubicaci\u00f3n y Contacto - Departamento de Ingenier\u00eda y Ciencias Agrarias<\/title>\n<meta name=\"robots\" content=\"index, follow, max-snippet:-1, max-image-preview:large, max-video-preview:-1\" \/>\n<link rel=\"canonical\" href=\"https:\/\/departamentos.unileon.es\/ingenieria-y-ciencias-agrarias\/ubicacion-de-contacto\/\" \/>\n<meta property=\"og:locale\" content=\"es_ES\" \/>\n<meta property=\"og:type\" content=\"article\" \/>\n<meta property=\"og:title\" content=\"Ubicaci\u00f3n y Contacto - Departamento de Ingenier\u00eda y Ciencias Agrarias\" \/>\n<meta property=\"og:description\" content=\"P\u00e1gina Web del Departamento http:\/\/departamentos.unileon.es\/ingenieria-y-ciencias-agrarias\/ Direcci\u00f3n Postal Departamento de Ingenier\u00eda y Ciencias Agrarias UNIVERSIDAD DE LE\u00d3N Escuela Superior y T\u00e9cnica de Ingenier\u00eda Agraria Avenida de Portugal, 41 24071 LE\u00d3N Tel\u00e9fono 987 29 18 30 FAX 987 29 18 10 Buz\u00f3n electr\u00f3nico dicaadm@unileon.es\" \/>\n<meta property=\"og:url\" content=\"https:\/\/departamentos.unileon.es\/ingenieria-y-ciencias-agrarias\/ubicacion-de-contacto\/\" \/>\n<meta property=\"og:site_name\" content=\"Departamento de Ingenier\u00eda y Ciencias Agrarias\" \/>\n<meta property=\"article:modified_time\" content=\"2019-10-30T09:51:17+00:00\" \/>\n<meta name=\"twitter:card\" content=\"summary_large_image\" \/>\n<script type=\"application\/ld+json\" class=\"yoast-schema-graph\">{\"@context\":\"https:\/\/schema.org\",\"@graph\":[{\"@type\":\"WebPage\",\"@id\":\"https:\/\/departamentos.unileon.es\/ingenieria-y-ciencias-agrarias\/ubicacion-de-contacto\/\",\"url\":\"https:\/\/departamentos.unileon.es\/ingenieria-y-ciencias-agrarias\/ubicacion-de-contacto\/\",\"name\":\"Ubicaci\u00f3n y Contacto - Departamento de Ingenier\u00eda y Ciencias Agrarias\",\"isPartOf\":{\"@id\":\"https:\/\/departamentos.unileon.es\/ingenieria-y-ciencias-agrarias\/#website\"},\"datePublished\":\"2010-08-17T09:34:22+00:00\",\"dateModified\":\"2019-10-30T09:51:17+00:00\",\"inLanguage\":\"es\",\"potentialAction\":[{\"@type\":\"ReadAction\",\"target\":[\"https:\/\/departamentos.unileon.es\/ingenieria-y-ciencias-agrarias\/ubicacion-de-contacto\/\"]}]},{\"@type\":\"WebSite\",\"@id\":\"https:\/\/departamentos.unileon.es\/ingenieria-y-ciencias-agrarias\/#website\",\"url\":\"https:\/\/departamentos.unileon.es\/ingenieria-y-ciencias-agrarias\/\",\"name\":\"Departamento de Ingenier\u00eda y Ciencias Agrarias\",\"description\":\"Otro sitio m\u00e1s de Universidad de Le\u00f3n\",\"potentialAction\":[{\"@type\":\"SearchAction\",\"target\":{\"@type\":\"EntryPoint\",\"urlTemplate\":\"https:\/\/departamentos.unileon.es\/ingenieria-y-ciencias-agrarias\/?s={search_term_string}\"},\"query-input\":{\"@type\":\"PropertyValueSpecification\",\"valueRequired\":true,\"valueName\":\"search_term_string\"}}],\"inLanguage\":\"es\"}]}<\/script>\n<!-- \/ Yoast SEO plugin. -->","yoast_head_json":{"title":"Ubicaci\u00f3n y Contacto - Departamento de Ingenier\u00eda y Ciencias Agrarias","robots":{"index":"index","follow":"follow","max-snippet":"max-snippet:-1","max-image-preview":"max-image-preview:large","max-video-preview":"max-video-preview:-1"},"canonical":"https:\/\/departamentos.unileon.es\/ingenieria-y-ciencias-agrarias\/ubicacion-de-contacto\/","og_locale":"es_ES","og_type":"article","og_title":"Ubicaci\u00f3n y Contacto - Departamento de Ingenier\u00eda y Ciencias Agrarias","og_description":"P\u00e1gina Web del Departamento http:\/\/departamentos.unileon.es\/ingenieria-y-ciencias-agrarias\/ Direcci\u00f3n Postal Departamento de Ingenier\u00eda y Ciencias Agrarias UNIVERSIDAD DE LE\u00d3N Escuela Superior y T\u00e9cnica de Ingenier\u00eda Agraria Avenida de Portugal, 41 24071 LE\u00d3N Tel\u00e9fono 987 29 18 30 FAX 987 29 18 10 Buz\u00f3n electr\u00f3nico dicaadm@unileon.es","og_url":"https:\/\/departamentos.unileon.es\/ingenieria-y-ciencias-agrarias\/ubicacion-de-contacto\/","og_site_name":"Departamento de Ingenier\u00eda y Ciencias Agrarias","article_modified_time":"2019-10-30T09:51:17+00:00","twitter_card":"summary_large_image","schema":{"@context":"https:\/\/schema.org","@graph":[{"@type":"WebPage","@id":"https:\/\/departamentos.unileon.es\/ingenieria-y-ciencias-agrarias\/ubicacion-de-contacto\/","url":"https:\/\/departamentos.unileon.es\/ingenieria-y-ciencias-agrarias\/ubicacion-de-contacto\/","name":"Ubicaci\u00f3n y Contacto - Departamento de Ingenier\u00eda y Ciencias Agrarias","isPartOf":{"@id":"https:\/\/departamentos.unileon.es\/ingenieria-y-ciencias-agrarias\/#website"},"datePublished":"2010-08-17T09:34:22+00:00","dateModified":"2019-10-30T09:51:17+00:00","inLanguage":"es","potentialAction":[{"@type":"ReadAction","target":["https:\/\/departamentos.unileon.es\/ingenieria-y-ciencias-agrarias\/ubicacion-de-contacto\/"]}]},{"@type":"WebSite","@id":"https:\/\/departamentos.unileon.es\/ingenieria-y-ciencias-agrarias\/#website","url":"https:\/\/departamentos.unileon.es\/ingenieria-y-ciencias-agrarias\/","name":"Departamento de Ingenier\u00eda y Ciencias Agrarias","description":"Otro sitio m\u00e1s de Universidad de Le\u00f3n","potentialAction":[{"@type":"SearchAction","target":{"@type":"EntryPoint","urlTemplate":"https:\/\/departamentos.unileon.es\/ingenieria-y-ciencias-agrarias\/?s={search_term_string}"},"query-input":{"@type":"PropertyValueSpecification","valueRequired":true,"valueName":"search_term_string"}}],"inLanguage":"es"}]}},"_links":{"self":[{"href":"https:\/\/departamentos.unileon.es\/ingenieria-y-ciencias-agrarias\/wp-json\/wp\/v2\/pages\/5","targetHints":{"allow":["GET"]}}],"collection":[{"href":"https:\/\/departamentos.unileon.es\/ingenieria-y-ciencias-agrarias\/wp-json\/wp\/v2\/pages"}],"about":[{"href":"https:\/\/departamentos.unileon.es\/ingenieria-y-ciencias-agrarias\/wp-json\/wp\/v2\/types\/page"}],"author":[{"embeddable":true,"href":"https:\/\/departamentos.unileon.es\/ingenieria-y-ciencias-agrarias\/wp-json\/wp\/v2\/users\/23"}],"replies":[{"embeddable":true,"href":"https:\/\/departamentos.unileon.es\/ingenieria-y-ciencias-agrarias\/wp-json\/wp\/v2\/comments?post=5"}],"version-history":[{"count":7,"href":"https:\/\/departamentos.unileon.es\/ingenieria-y-ciencias-agrarias\/wp-json\/wp\/v2\/pages\/5\/revisions"}],"predecessor-version":[{"id":88,"href":"https:\/\/departamentos.unileon.es\/ingenieria-y-ciencias-agrarias\/wp-json\/wp\/v2\/pages\/5\/revisions\/88"}],"wp:attachment":[{"href":"https:\/\/departamentos.unileon.es\/ingenieria-y-ciencias-agrarias\/wp-json\/wp\/v2\/media?parent=5"}],"curies":[{"name":"wp","href":"https:\/\/api.w.org\/{rel}","templated":true}]}}