{"id":2,"date":"2010-07-02T07:58:02","date_gmt":"2010-07-02T07:58:02","guid":{"rendered":"http:\/\/departamentos.unileon.es\/ingenieria-electrica-y-de-sistemas-y-de-automatica\/?page_id=2"},"modified":"2019-11-19T10:10:12","modified_gmt":"2019-11-19T10:10:12","slug":"organos-directivos","status":"publish","type":"page","link":"https:\/\/departamentos.unileon.es\/ingenieria-electrica-y-de-sistemas-y-automatica\/organos-directivos\/","title":{"rendered":"\u00d3rganos Directivos"},"content":{"rendered":"<table style=\"width: 100.907%; height: 135px;\">\n<tbody>\n<tr style=\"height: 45px;\">\n<th class=\"alignleft\" style=\"width: 218px; height: 45px;\">Director de\u00a0 Departamento<\/th>\n<th class=\"alignleft\" style=\"width: 218px; height: 45px;\"><\/th>\n<td style=\"width: 147px; height: 45px;\"><strong>Carlos Fern\u00e1ndez L\u00f3pez<\/strong>\n\n<strong><a href=\"cferl@unileon.es\">cferl@unileon.es<\/a><\/strong><\/td>\n<td style=\"width: 117px; height: 45px;\">Tel\u00e9fonos: 3473-1946<\/td>\n<\/tr>\n<tr style=\"height: 45px;\">\n<th class=\"alignleft\" style=\"width: 218px; height: 45px;\">Subdirector de Departamento<\/th>\n<th class=\"alignleft\" style=\"width: 218px; height: 45px;\"><\/th>\n<td style=\"width: 147px; height: 45px;\"><strong><a href=\"mailto:cferl@unileon.es\">David Borge Diez <\/a><a href=\"mailto:david.borge@unileon.es\">david.borge@unileon.es<\/a><\/strong><\/td>\n<td style=\"width: 117px; height: 45px;\">Tel\u00e9fono: 5276<\/td>\n<\/tr>\n<tr style=\"height: 45px;\">\n<th class=\"alignleft\" style=\"width: 218px; height: 45px;\">Secretaria de Departamento<\/th>\n<th class=\"alignleft\" style=\"width: 218px; height: 45px;\"><\/th>\n<td style=\"width: 147px; height: 45px;\"><strong><a href=\"mailto:jj.fuertes@unileon.es\">Carmen Benavides Cuellar<\/a><\/strong>\n\n<strong><a href=\"mailto:carmen.benavides@unileon.es\">carmen.benavides@unileon.es<\/a><\/strong><\/td>\n<td style=\"width: 117px; height: 45px;\">Tel\u00e9fono: 5395<\/td>\n<\/tr>\n<\/tbody>\n<\/table>","protected":false},"excerpt":{"rendered":"<p>Director de\u00a0 Departamento Carlos Fern\u00e1ndez L\u00f3pez cferl@unileon.es Tel\u00e9fonos: 3473-1946 Subdirector de Departamento David Borge Diez david.borge@unileon.es Tel\u00e9fono: 5276 Secretaria de Departamento Carmen Benavides Cuellar carmen.benavides@unileon.es Tel\u00e9fono: 5395<\/p>\n","protected":false},"author":22,"featured_media":0,"parent":0,"menu_order":0,"comment_status":"closed","ping_status":"open","template":"","meta":{"ngg_post_thumbnail":0,"footnotes":""},"class_list":["post-2","page","type-page","status-publish","hentry"],"yoast_head":"<!-- This site is optimized with the Yoast SEO plugin v25.8 - https:\/\/yoast.com\/wordpress\/plugins\/seo\/ -->\n<title>\u00d3rganos Directivos - Departamento de Ingenier\u00eda El\u00e9ctrica y de Sistemas y Autom\u00e1tica<\/title>\n<meta name=\"robots\" content=\"index, follow, max-snippet:-1, max-image-preview:large, max-video-preview:-1\" \/>\n<link rel=\"canonical\" href=\"https:\/\/departamentos.unileon.es\/ingenieria-electrica-y-de-sistemas-y-automatica\/organos-directivos\/\" \/>\n<meta property=\"og:locale\" content=\"es_ES\" \/>\n<meta property=\"og:type\" content=\"article\" \/>\n<meta property=\"og:title\" content=\"\u00d3rganos Directivos - Departamento de Ingenier\u00eda El\u00e9ctrica y de Sistemas y Autom\u00e1tica\" \/>\n<meta property=\"og:description\" content=\"Director de\u00a0 Departamento Carlos Fern\u00e1ndez L\u00f3pez cferl@unileon.es Tel\u00e9fonos: 3473-1946 Subdirector de Departamento David Borge Diez david.borge@unileon.es Tel\u00e9fono: 5276 Secretaria de Departamento Carmen Benavides Cuellar carmen.benavides@unileon.es Tel\u00e9fono: 5395\" \/>\n<meta property=\"og:url\" content=\"https:\/\/departamentos.unileon.es\/ingenieria-electrica-y-de-sistemas-y-automatica\/organos-directivos\/\" \/>\n<meta property=\"og:site_name\" content=\"Departamento de Ingenier\u00eda El\u00e9ctrica y de Sistemas y Autom\u00e1tica\" \/>\n<meta property=\"article:modified_time\" content=\"2019-11-19T10:10:12+00:00\" \/>\n<meta name=\"twitter:card\" content=\"summary_large_image\" \/>\n<script type=\"application\/ld+json\" class=\"yoast-schema-graph\">{\"@context\":\"https:\/\/schema.org\",\"@graph\":[{\"@type\":\"WebPage\",\"@id\":\"https:\/\/departamentos.unileon.es\/ingenieria-electrica-y-de-sistemas-y-automatica\/organos-directivos\/\",\"url\":\"https:\/\/departamentos.unileon.es\/ingenieria-electrica-y-de-sistemas-y-automatica\/organos-directivos\/\",\"name\":\"\u00d3rganos Directivos - Departamento de Ingenier\u00eda El\u00e9ctrica y de Sistemas y Autom\u00e1tica\",\"isPartOf\":{\"@id\":\"https:\/\/departamentos.unileon.es\/ingenieria-electrica-y-de-sistemas-y-automatica\/#website\"},\"datePublished\":\"2010-07-02T07:58:02+00:00\",\"dateModified\":\"2019-11-19T10:10:12+00:00\",\"inLanguage\":\"es\",\"potentialAction\":[{\"@type\":\"ReadAction\",\"target\":[\"https:\/\/departamentos.unileon.es\/ingenieria-electrica-y-de-sistemas-y-automatica\/organos-directivos\/\"]}]},{\"@type\":\"WebSite\",\"@id\":\"https:\/\/departamentos.unileon.es\/ingenieria-electrica-y-de-sistemas-y-automatica\/#website\",\"url\":\"https:\/\/departamentos.unileon.es\/ingenieria-electrica-y-de-sistemas-y-automatica\/\",\"name\":\"Departamento de Ingenier\u00eda El\u00e9ctrica y de Sistemas y Autom\u00e1tica\",\"description\":\"Otro sitio m\u00e1s de Universidad de Le\u00f3n\",\"potentialAction\":[{\"@type\":\"SearchAction\",\"target\":{\"@type\":\"EntryPoint\",\"urlTemplate\":\"https:\/\/departamentos.unileon.es\/ingenieria-electrica-y-de-sistemas-y-automatica\/?s={search_term_string}\"},\"query-input\":{\"@type\":\"PropertyValueSpecification\",\"valueRequired\":true,\"valueName\":\"search_term_string\"}}],\"inLanguage\":\"es\"}]}<\/script>\n<!-- \/ Yoast SEO plugin. -->","yoast_head_json":{"title":"\u00d3rganos Directivos - Departamento de Ingenier\u00eda El\u00e9ctrica y de Sistemas y Autom\u00e1tica","robots":{"index":"index","follow":"follow","max-snippet":"max-snippet:-1","max-image-preview":"max-image-preview:large","max-video-preview":"max-video-preview:-1"},"canonical":"https:\/\/departamentos.unileon.es\/ingenieria-electrica-y-de-sistemas-y-automatica\/organos-directivos\/","og_locale":"es_ES","og_type":"article","og_title":"\u00d3rganos Directivos - Departamento de Ingenier\u00eda El\u00e9ctrica y de Sistemas y Autom\u00e1tica","og_description":"Director de\u00a0 Departamento Carlos Fern\u00e1ndez L\u00f3pez cferl@unileon.es Tel\u00e9fonos: 3473-1946 Subdirector de Departamento David Borge Diez david.borge@unileon.es Tel\u00e9fono: 5276 Secretaria de Departamento Carmen Benavides Cuellar carmen.benavides@unileon.es Tel\u00e9fono: 5395","og_url":"https:\/\/departamentos.unileon.es\/ingenieria-electrica-y-de-sistemas-y-automatica\/organos-directivos\/","og_site_name":"Departamento de Ingenier\u00eda El\u00e9ctrica y de Sistemas y Autom\u00e1tica","article_modified_time":"2019-11-19T10:10:12+00:00","twitter_card":"summary_large_image","schema":{"@context":"https:\/\/schema.org","@graph":[{"@type":"WebPage","@id":"https:\/\/departamentos.unileon.es\/ingenieria-electrica-y-de-sistemas-y-automatica\/organos-directivos\/","url":"https:\/\/departamentos.unileon.es\/ingenieria-electrica-y-de-sistemas-y-automatica\/organos-directivos\/","name":"\u00d3rganos Directivos - Departamento de Ingenier\u00eda El\u00e9ctrica y de Sistemas y Autom\u00e1tica","isPartOf":{"@id":"https:\/\/departamentos.unileon.es\/ingenieria-electrica-y-de-sistemas-y-automatica\/#website"},"datePublished":"2010-07-02T07:58:02+00:00","dateModified":"2019-11-19T10:10:12+00:00","inLanguage":"es","potentialAction":[{"@type":"ReadAction","target":["https:\/\/departamentos.unileon.es\/ingenieria-electrica-y-de-sistemas-y-automatica\/organos-directivos\/"]}]},{"@type":"WebSite","@id":"https:\/\/departamentos.unileon.es\/ingenieria-electrica-y-de-sistemas-y-automatica\/#website","url":"https:\/\/departamentos.unileon.es\/ingenieria-electrica-y-de-sistemas-y-automatica\/","name":"Departamento de Ingenier\u00eda El\u00e9ctrica y de Sistemas y Autom\u00e1tica","description":"Otro sitio m\u00e1s de Universidad de Le\u00f3n","potentialAction":[{"@type":"SearchAction","target":{"@type":"EntryPoint","urlTemplate":"https:\/\/departamentos.unileon.es\/ingenieria-electrica-y-de-sistemas-y-automatica\/?s={search_term_string}"},"query-input":{"@type":"PropertyValueSpecification","valueRequired":true,"valueName":"search_term_string"}}],"inLanguage":"es"}]}},"_links":{"self":[{"href":"https:\/\/departamentos.unileon.es\/ingenieria-electrica-y-de-sistemas-y-automatica\/wp-json\/wp\/v2\/pages\/2","targetHints":{"allow":["GET"]}}],"collection":[{"href":"https:\/\/departamentos.unileon.es\/ingenieria-electrica-y-de-sistemas-y-automatica\/wp-json\/wp\/v2\/pages"}],"about":[{"href":"https:\/\/departamentos.unileon.es\/ingenieria-electrica-y-de-sistemas-y-automatica\/wp-json\/wp\/v2\/types\/page"}],"author":[{"embeddable":true,"href":"https:\/\/departamentos.unileon.es\/ingenieria-electrica-y-de-sistemas-y-automatica\/wp-json\/wp\/v2\/users\/22"}],"replies":[{"embeddable":true,"href":"https:\/\/departamentos.unileon.es\/ingenieria-electrica-y-de-sistemas-y-automatica\/wp-json\/wp\/v2\/comments?post=2"}],"version-history":[{"count":10,"href":"https:\/\/departamentos.unileon.es\/ingenieria-electrica-y-de-sistemas-y-automatica\/wp-json\/wp\/v2\/pages\/2\/revisions"}],"predecessor-version":[{"id":119,"href":"https:\/\/departamentos.unileon.es\/ingenieria-electrica-y-de-sistemas-y-automatica\/wp-json\/wp\/v2\/pages\/2\/revisions\/119"}],"wp:attachment":[{"href":"https:\/\/departamentos.unileon.es\/ingenieria-electrica-y-de-sistemas-y-automatica\/wp-json\/wp\/v2\/media?parent=2"}],"curies":[{"name":"wp","href":"https:\/\/api.w.org\/{rel}","templated":true}]}}