{"id":5,"date":"2010-09-14T09:03:24","date_gmt":"2010-09-14T09:03:24","guid":{"rendered":"http:\/\/departamentos.unileon.es\/filologia-moderna\/"},"modified":"2023-05-09T15:55:18","modified_gmt":"2023-05-09T15:55:18","slug":"organos-directivos","status":"publish","type":"page","link":"https:\/\/departamentos.unileon.es\/filologia-moderna\/organos-directivos\/","title":{"rendered":"\u00d3rganos Directivos"},"content":{"rendered":"Directora:\u00a0 D\u00f1a. Mar\u00eda del Carmen P\u00e9rez D\u00edez\nE-mail: mcperd@unileon.es\nTlfno: 29.52.95\n\nSubdirector: D. Sergio Lobej\u00f3n Santos\nE-mail: sergio.lobejon@unileon.es\nTlfno: 29.14.22\n\nSecretaria: D\u00f1a. Elena Band\u00edn Fuertes\nE-mail: elena.bandin@unileon.es\nTlfno: 29.10.84","protected":false},"excerpt":{"rendered":"<p>Directora:\u00a0 D\u00f1a. Mar\u00eda del Carmen P\u00e9rez D\u00edez E-mail: mcperd@unileon.es Tlfno: 29.52.95 Subdirector: D. Sergio Lobej\u00f3n Santos E-mail: sergio.lobejon@unileon.es Tlfno: 29.14.22 Secretaria: D\u00f1a. Elena Band\u00edn Fuertes E-mail: elena.bandin@unileon.es Tlfno: 29.10.84<\/p>\n","protected":false},"author":18,"featured_media":0,"parent":0,"menu_order":0,"comment_status":"closed","ping_status":"open","template":"","meta":{"ngg_post_thumbnail":0,"footnotes":""},"class_list":["post-5","page","type-page","status-publish","hentry"],"yoast_head":"<!-- This site is optimized with the Yoast SEO plugin v25.8 - https:\/\/yoast.com\/wordpress\/plugins\/seo\/ -->\n<title>\u00d3rganos Directivos - Departamento de Filolog\u00eda Moderna<\/title>\n<meta name=\"robots\" content=\"index, follow, max-snippet:-1, max-image-preview:large, max-video-preview:-1\" \/>\n<link rel=\"canonical\" href=\"https:\/\/departamentos.unileon.es\/filologia-moderna\/organos-directivos\/\" \/>\n<meta property=\"og:locale\" content=\"es_ES\" \/>\n<meta property=\"og:type\" content=\"article\" \/>\n<meta property=\"og:title\" content=\"\u00d3rganos Directivos - Departamento de Filolog\u00eda Moderna\" \/>\n<meta property=\"og:description\" content=\"Directora:\u00a0 D\u00f1a. Mar\u00eda del Carmen P\u00e9rez D\u00edez E-mail: mcperd@unileon.es Tlfno: 29.52.95 Subdirector: D. Sergio Lobej\u00f3n Santos E-mail: sergio.lobejon@unileon.es Tlfno: 29.14.22 Secretaria: D\u00f1a. Elena Band\u00edn Fuertes E-mail: elena.bandin@unileon.es Tlfno: 29.10.84\" \/>\n<meta property=\"og:url\" content=\"https:\/\/departamentos.unileon.es\/filologia-moderna\/organos-directivos\/\" \/>\n<meta property=\"og:site_name\" content=\"Departamento de Filolog\u00eda Moderna\" \/>\n<meta property=\"article:modified_time\" content=\"2023-05-09T15:55:18+00:00\" \/>\n<meta name=\"twitter:card\" content=\"summary_large_image\" \/>\n<meta name=\"twitter:label1\" content=\"Tiempo de lectura\" \/>\n\t<meta name=\"twitter:data1\" content=\"1 minuto\" \/>\n<script type=\"application\/ld+json\" class=\"yoast-schema-graph\">{\"@context\":\"https:\/\/schema.org\",\"@graph\":[{\"@type\":\"WebPage\",\"@id\":\"https:\/\/departamentos.unileon.es\/filologia-moderna\/organos-directivos\/\",\"url\":\"https:\/\/departamentos.unileon.es\/filologia-moderna\/organos-directivos\/\",\"name\":\"\u00d3rganos Directivos - Departamento de Filolog\u00eda Moderna\",\"isPartOf\":{\"@id\":\"https:\/\/departamentos.unileon.es\/filologia-moderna\/#website\"},\"datePublished\":\"2010-09-14T09:03:24+00:00\",\"dateModified\":\"2023-05-09T15:55:18+00:00\",\"inLanguage\":\"es\",\"potentialAction\":[{\"@type\":\"ReadAction\",\"target\":[\"https:\/\/departamentos.unileon.es\/filologia-moderna\/organos-directivos\/\"]}]},{\"@type\":\"WebSite\",\"@id\":\"https:\/\/departamentos.unileon.es\/filologia-moderna\/#website\",\"url\":\"https:\/\/departamentos.unileon.es\/filologia-moderna\/\",\"name\":\"Departamento de Filolog\u00eda Moderna\",\"description\":\"Otro sitio m\u00e1s de Universidad de Le\u00f3n\",\"potentialAction\":[{\"@type\":\"SearchAction\",\"target\":{\"@type\":\"EntryPoint\",\"urlTemplate\":\"https:\/\/departamentos.unileon.es\/filologia-moderna\/?s={search_term_string}\"},\"query-input\":{\"@type\":\"PropertyValueSpecification\",\"valueRequired\":true,\"valueName\":\"search_term_string\"}}],\"inLanguage\":\"es\"}]}<\/script>\n<!-- \/ Yoast SEO plugin. -->","yoast_head_json":{"title":"\u00d3rganos Directivos - Departamento de Filolog\u00eda Moderna","robots":{"index":"index","follow":"follow","max-snippet":"max-snippet:-1","max-image-preview":"max-image-preview:large","max-video-preview":"max-video-preview:-1"},"canonical":"https:\/\/departamentos.unileon.es\/filologia-moderna\/organos-directivos\/","og_locale":"es_ES","og_type":"article","og_title":"\u00d3rganos Directivos - Departamento de Filolog\u00eda Moderna","og_description":"Directora:\u00a0 D\u00f1a. Mar\u00eda del Carmen P\u00e9rez D\u00edez E-mail: mcperd@unileon.es Tlfno: 29.52.95 Subdirector: D. Sergio Lobej\u00f3n Santos E-mail: sergio.lobejon@unileon.es Tlfno: 29.14.22 Secretaria: D\u00f1a. Elena Band\u00edn Fuertes E-mail: elena.bandin@unileon.es Tlfno: 29.10.84","og_url":"https:\/\/departamentos.unileon.es\/filologia-moderna\/organos-directivos\/","og_site_name":"Departamento de Filolog\u00eda Moderna","article_modified_time":"2023-05-09T15:55:18+00:00","twitter_card":"summary_large_image","twitter_misc":{"Tiempo de lectura":"1 minuto"},"schema":{"@context":"https:\/\/schema.org","@graph":[{"@type":"WebPage","@id":"https:\/\/departamentos.unileon.es\/filologia-moderna\/organos-directivos\/","url":"https:\/\/departamentos.unileon.es\/filologia-moderna\/organos-directivos\/","name":"\u00d3rganos Directivos - Departamento de Filolog\u00eda Moderna","isPartOf":{"@id":"https:\/\/departamentos.unileon.es\/filologia-moderna\/#website"},"datePublished":"2010-09-14T09:03:24+00:00","dateModified":"2023-05-09T15:55:18+00:00","inLanguage":"es","potentialAction":[{"@type":"ReadAction","target":["https:\/\/departamentos.unileon.es\/filologia-moderna\/organos-directivos\/"]}]},{"@type":"WebSite","@id":"https:\/\/departamentos.unileon.es\/filologia-moderna\/#website","url":"https:\/\/departamentos.unileon.es\/filologia-moderna\/","name":"Departamento de Filolog\u00eda Moderna","description":"Otro sitio m\u00e1s de Universidad de Le\u00f3n","potentialAction":[{"@type":"SearchAction","target":{"@type":"EntryPoint","urlTemplate":"https:\/\/departamentos.unileon.es\/filologia-moderna\/?s={search_term_string}"},"query-input":{"@type":"PropertyValueSpecification","valueRequired":true,"valueName":"search_term_string"}}],"inLanguage":"es"}]}},"_links":{"self":[{"href":"https:\/\/departamentos.unileon.es\/filologia-moderna\/wp-json\/wp\/v2\/pages\/5","targetHints":{"allow":["GET"]}}],"collection":[{"href":"https:\/\/departamentos.unileon.es\/filologia-moderna\/wp-json\/wp\/v2\/pages"}],"about":[{"href":"https:\/\/departamentos.unileon.es\/filologia-moderna\/wp-json\/wp\/v2\/types\/page"}],"author":[{"embeddable":true,"href":"https:\/\/departamentos.unileon.es\/filologia-moderna\/wp-json\/wp\/v2\/users\/18"}],"replies":[{"embeddable":true,"href":"https:\/\/departamentos.unileon.es\/filologia-moderna\/wp-json\/wp\/v2\/comments?post=5"}],"version-history":[{"count":8,"href":"https:\/\/departamentos.unileon.es\/filologia-moderna\/wp-json\/wp\/v2\/pages\/5\/revisions"}],"predecessor-version":[{"id":378,"href":"https:\/\/departamentos.unileon.es\/filologia-moderna\/wp-json\/wp\/v2\/pages\/5\/revisions\/378"}],"wp:attachment":[{"href":"https:\/\/departamentos.unileon.es\/filologia-moderna\/wp-json\/wp\/v2\/media?parent=5"}],"curies":[{"name":"wp","href":"https:\/\/api.w.org\/{rel}","templated":true}]}}