{"id":315,"date":"2015-12-17T11:25:40","date_gmt":"2015-12-17T11:25:40","guid":{"rendered":"http:\/\/departamentos.unileon.es\/filologia-moderna\/?page_id=315"},"modified":"2015-12-17T11:26:46","modified_gmt":"2015-12-17T11:26:46","slug":"publicaciones","status":"publish","type":"page","link":"https:\/\/departamentos.unileon.es\/filologia-moderna\/publicaciones\/","title":{"rendered":"Publicaciones"},"content":{"rendered":"<h4 style=\"text-align: center\"><a href=\"http:\/\/departamentos.unileon.es\/filologia-moderna\/files\/2015\/12\/tiraProfs.jpg\" rel=\"attachment wp-att-316\"><img loading=\"lazy\" decoding=\"async\" class=\"aligncenter wp-image-316\" src=\"http:\/\/departamentos.unileon.es\/filologia-moderna\/files\/2015\/12\/tiraProfs-300x57.jpg\" alt=\"tiraProfs\" width=\"450\" height=\"86\" srcset=\"https:\/\/departamentos.unileon.es\/filologia-moderna\/files\/2015\/12\/tiraProfs-300x57.jpg 300w, https:\/\/departamentos.unileon.es\/filologia-moderna\/files\/2015\/12\/tiraProfs.jpg 662w\" sizes=\"auto, (max-width: 450px) 100vw, 450px\" \/><\/a><\/h4>\r\n<h4 style=\"text-align: center\"><\/h4>\r\n<h4 style=\"text-align: center\"><strong>PROFESORES \u2013 Publicaciones y Perfil Docente<\/strong><\/h4>\r\n<h4 style=\"text-align: center\"><strong>\u00c1rea de Filolog\u00eda Inglesa<\/strong><\/h4>\r\n<ul>\r\n\t<li><a href=\"http:\/\/dialnet.unirioja.es\/servlet\/autor?codigo=95412\">JOS\u00c9 LUIS CHAMOSA GONZ\u00c1LEZ<\/a><span class=\"Apple-converted-space\">\u00a0<\/span>\u2013 Catedr\u00e1tico de Universidad<\/li>\r\n\t<li><a href=\"http:\/\/www.unileon.es\/ficheros\/perfildocente\/curriculum-rraba.pdf\">ROSA RABAD\u00c1N \u00c1LVAREZ<\/a><span class=\"Apple-converted-space\">\u00a0<\/span>\u2013 Catedr\u00e1tico de Universidad<\/li>\r\n\t<li><a href=\"http:\/\/www.unileon.es\/ficheros\/perfildocente\/curriculum-nramg.pdf\">NOELIA RAM\u00d3N GARC\u00cdA<\/a><span class=\"Apple-converted-space\">\u00a0<\/span>\u2013 Profesor Titular de Universidad<\/li>\r\n\t<li><a href=\"http:\/\/www.unileon.es\/ficheros\/perfildocente\/curriculum-mblabc.pdf\">MAR\u00cdA BEL\u00c9N LABRADOR DE LA CRUZ<\/a><span class=\"Apple-converted-space\">\u00a0<\/span>\u2013 Profesor Titular de Universidad<\/li>\r\n\t<li><a href=\"http:\/\/dialnet.unirioja.es\/servlet\/autor?codigo=139983\">MARTA SOF\u00cdA L\u00d3PEZ RODR\u00cdGUEZ<\/a><span class=\"Apple-converted-space\">\u00a0<\/span>\u2013 Profesor Titular de Universidad<\/li>\r\n\t<li><a href=\"http:\/\/www.unileon.es\/ficheros\/perfildocente\/curriculum-tguzg.pdf\">TRINIDAD GUZM\u00c1N GONZ\u00c1LEZ<\/a><span class=\"Apple-converted-space\">\u00a0<\/span>\u2013 Profesor Titular de Universidad<\/li>\r\n\t<li><a href=\"http:\/\/blogs.unileon.es\/amoreno\/\">ANA ISABEL MORENO FERN\u00c1NDEZ<\/a><span class=\"Apple-converted-space\">\u00a0<\/span>\u2013 Profesor Titular de Universidad<\/li>\r\n\t<li><a href=\"http:\/\/dialnet.unirioja.es\/servlet\/autor?codigo=260470\">JUAN RAM\u00d3N RODR\u00cdGUEZ DE LERA<\/a><span class=\"Apple-converted-space\">\u00a0<\/span>\u2013 Profesor Titular de Universidad<\/li>\r\n\t<li><a href=\"http:\/\/dialnet.unirioja.es\/servlet\/autor?codigo=102184\">MARIO D\u00cdAZ MART\u00cdNEZ<\/a><span class=\"Apple-converted-space\">\u00a0<\/span>\u2013 Profesor Titular de Universidad<\/li>\r\n\t<li><a href=\"http:\/\/www.unileon.es\/ficheros\/perfildocente\/curriculum-raodo.pdf\">ROBERT ALEXANDER O\u2019DOWD<\/a><span class=\"Apple-converted-space\">\u00a0<\/span>\u2013 Profesor Titular de Universidad<\/li>\r\n\t<li><a href=\"http:\/\/www.unileon.es\/ficheros\/perfildocente\/curriculum-imarj.pdf\">IMELDA MART\u00cdN JUNQUERA<\/a><span class=\"Apple-converted-space\">\u00a0<\/span>\u2013 Profesor Titular de Universidad<\/li>\r\n\t<li><a href=\"http:\/\/dialnet.unirioja.es\/servlet\/autor?codigo=195589\">JUAN JOS\u00c9 LANERO FERN\u00c1NDEZ<\/a><span class=\"Apple-converted-space\">\u00a0<\/span>\u2013 Profesor Titular de Universidad<\/li>\r\n\t<li><a href=\"http:\/\/www.unileon.es\/ficheros\/perfildocente\/curriculum-mcgutl.pdf\">MAR\u00cdA CAMINO GUTI\u00c9RREZ LANZA<\/a><span class=\"Apple-converted-space\">\u00a0<\/span>\u2013 Profesor Titular de Universidad<\/li>\r\n\t<li><a href=\"http:\/\/www.unileon.es\/ficheros\/perfildocente\/curriculum-mcperd.pdf\">MAR\u00cdA DEL CARMEN P\u00c9REZ D\u00cdEZ<\/a><span class=\"Apple-converted-space\">\u00a0<\/span>\u2013 Profesor Titular de Universidad<\/li>\r\n\t<li><a href=\"http:\/\/www.unileon.es\/ficheros\/perfildocente\/curriculum-vacolo.pdf\">VERONICA ANNE COLWELL OCALLAGHAN<\/a><span class=\"Apple-converted-space\">\u00a0<\/span>\u2013 Profesor Titular de Universidad<\/li>\r\n\t<li><a href=\"http:\/\/dialnet.unirioja.es\/servlet\/autor?codigo=213876\">MAR\u00cdA JOS\u00c9 \u00c1LVAREZ MAUR\u00cdN<\/a><span class=\"Apple-converted-space\">\u00a0<\/span>\u2013 Profesor Titular de Universidad<\/li>\r\n\t<li><a href=\"http:\/\/www.unileon.es\/ficheros\/perfildocente\/curriculum-madief.pdf\">MAR\u00cdA DE LOS \u00c1NGELES D\u00cdEZ FERN\u00c1NDEZ<\/a><span class=\"Apple-converted-space\">\u00a0<\/span>\u2013 Profesor Titular Escuela Universitaria<\/li>\r\n\t<li><a href=\"http:\/\/www.unileon.es\/ficheros\/perfildocente\/curriculum-cgomc.pdf\">CRISTINA G\u00d3MEZ CASTRO<\/a><span class=\"Apple-converted-space\">\u00a0<\/span>\u2013 Profesora Ayudante Doctor<\/li>\r\n\t<li><a href=\"http:\/\/www.unileon.es\/ficheros\/perfildocente\/curriculum-ebanf.pdf\">ELENA BAND\u00cdN FUERTES<span class=\"Apple-converted-space\">\u00a0<\/span><\/a>\u2013 Profesora Ayudante Doctor<\/li>\r\n\t<li><a href=\"http:\/\/www.unileon.es\/ficheros\/perfildocente\/curriculum-ymora.pdf\">YOLANDA MORAT\u00d3 AGRAFOJO<span class=\"Apple-converted-space\">\u00a0<\/span><\/a>\u2013 Profesor Ayudante Doctor<\/li>\r\n\t<li><a href=\"http:\/\/www.unileon.es\/directorio-y-telefonos?usuario=mmulj\">MANUEL MULLOR JUNT\u00c1DEZ<\/a><span class=\"Apple-converted-space\">\u00a0<\/span>\u2013 Profesor Asociado<\/li>\r\n\t<li><a href=\"http:\/\/www.unileon.es\/directorio-y-telefonos?usuario=mrich\">MARLISA AMANDA RICHTERS<\/a><span class=\"Apple-converted-space\">\u00a0<\/span>\u2013 Profesor Asociado<\/li>\r\n\t<li><a href=\"http:\/\/www.unileon.es\/directorio-y-telefonos?usuario=srams\">SILVIA RAMOS SERRANO<\/a><span class=\"Apple-converted-space\">\u00a0<\/span>\u2013 Profesor Asociado<\/li>\r\n\t<li><a href=\"http:\/\/www.unileon.es\/directorio-y-telefonos?usuario=ralonr\">RODRIGO ALONSO LESC\u00daN<\/a><span class=\"Apple-converted-space\">\u00a0<\/span>\u2013 Profesor Asociado<\/li>\r\n\t<li><a href=\"http:\/\/www.unileon.es\/directorio-y-telefonos?usuario=slfidm\">SUSANA LOURDES FIDALGO MONGE<\/a><span class=\"Apple-converted-space\">\u00a0<\/span>\u2013 Profesor Asociado<\/li>\r\n<\/ul>\r\n<h4 style=\"text-align: center\"><strong>\u00c1rea de Traducci\u00f3n e Interpretaci\u00f3n<\/strong><\/h4>\r\n<ul>\r\n\t<li><a href=\"http:\/\/dialnet.unirioja.es\/servlet\/autor?codigo=1013290\">JULIO C\u00c9SAR SANTOYO MEDIAVILLA<\/a><span class=\"Apple-converted-space\">\u00a0<\/span>\u2013 Catedr\u00e1tico Em\u00e9rito de Universidad<\/li>\r\n<\/ul>\r\n<h4 style=\"text-align: center\"><strong>\u00c1rea de Filolog\u00eda Francesa<\/strong><\/h4>\r\n<ul>\r\n\t<li><a href=\"http:\/\/dialnet.unirioja.es\/servlet\/autor?codigo=529011\">HERMENEGILDO L\u00d3PEZ GONZ\u00c1LEZ<\/a><span class=\"Apple-converted-space\">\u00a0<\/span>\u2013 Catedr\u00e1tico de Escuela Universitaria<\/li>\r\n\t<li><a href=\"http:\/\/dialnet.unirioja.es\/servlet\/autor?codigo=95536\">GEMMA \u00c1LVAREZ ORD\u00d3\u00d1EZ<\/a><span class=\"Apple-converted-space\">\u00a0<\/span>\u2013 Profesor Titular de Universidad<\/li>\r\n\t<li><a href=\"http:\/\/www.unileon.es\/ficheros\/perfildocente\/curriculum-mtomd.pdf\">MARIO TOM\u00c9 D\u00cdEZ<span class=\"Apple-converted-space\">\u00a0<\/span><\/a>\u2013 Profesor Titular de Universidad<\/li>\r\n\t<li><a href=\"http:\/\/dialnet.unirioja.es\/servlet\/autor?codigo=213879\">F\u00c9LIX C\u00c9SAR GUTI\u00c9RREZ VI\u00d1AYO<\/a><span class=\"Apple-converted-space\">\u00a0<\/span>\u2013 Profesor Titular de Universidad<\/li>\r\n\t<li><a href=\"http:\/\/www.unileon.es\/directorio-y-telefonos?usuario=maperf\">MARIE ALICE PEREIRA FERN\u00c1NDEZ<\/a><span class=\"Apple-converted-space\">\u00a0<\/span>\u2013 Profesor Titular Escuela Universitaria<\/li>\r\n<\/ul>","protected":false},"excerpt":{"rendered":"<p>PROFESORES \u2013 Publicaciones y Perfil Docente \u00c1rea de Filolog\u00eda Inglesa JOS\u00c9 LUIS CHAMOSA GONZ\u00c1LEZ\u00a0\u2013 Catedr\u00e1tico de Universidad ROSA RABAD\u00c1N \u00c1LVAREZ\u00a0\u2013 Catedr\u00e1tico de Universidad NOELIA RAM\u00d3N GARC\u00cdA\u00a0\u2013 Profesor Titular de Universidad MAR\u00cdA BEL\u00c9N LABRADOR DE LA CRUZ\u00a0\u2013 Profesor Titular de Universidad MARTA SOF\u00cdA L\u00d3PEZ RODR\u00cdGUEZ\u00a0\u2013 Profesor Titular de Universidad TRINIDAD GUZM\u00c1N GONZ\u00c1LEZ\u00a0\u2013 Profesor Titular de Universidad [&hellip;]<\/p>\n","protected":false},"author":18,"featured_media":0,"parent":0,"menu_order":0,"comment_status":"closed","ping_status":"closed","template":"","meta":{"ngg_post_thumbnail":0,"footnotes":""},"class_list":["post-315","page","type-page","status-publish","hentry"],"yoast_head":"<!-- This site is optimized with the Yoast SEO plugin v25.8 - https:\/\/yoast.com\/wordpress\/plugins\/seo\/ -->\n<title>Publicaciones - Departamento de Filolog\u00eda Moderna<\/title>\n<meta name=\"robots\" content=\"index, follow, max-snippet:-1, max-image-preview:large, max-video-preview:-1\" \/>\n<link rel=\"canonical\" href=\"https:\/\/departamentos.unileon.es\/filologia-moderna\/publicaciones\/\" \/>\n<meta property=\"og:locale\" content=\"es_ES\" \/>\n<meta property=\"og:type\" content=\"article\" \/>\n<meta property=\"og:title\" content=\"Publicaciones - Departamento de Filolog\u00eda Moderna\" \/>\n<meta property=\"og:description\" content=\"PROFESORES \u2013 Publicaciones y Perfil Docente \u00c1rea de Filolog\u00eda Inglesa JOS\u00c9 LUIS CHAMOSA GONZ\u00c1LEZ\u00a0\u2013 Catedr\u00e1tico de Universidad ROSA RABAD\u00c1N \u00c1LVAREZ\u00a0\u2013 Catedr\u00e1tico de Universidad NOELIA RAM\u00d3N GARC\u00cdA\u00a0\u2013 Profesor Titular de Universidad MAR\u00cdA BEL\u00c9N LABRADOR DE LA CRUZ\u00a0\u2013 Profesor Titular de Universidad MARTA SOF\u00cdA L\u00d3PEZ RODR\u00cdGUEZ\u00a0\u2013 Profesor Titular de Universidad TRINIDAD GUZM\u00c1N GONZ\u00c1LEZ\u00a0\u2013 Profesor Titular de Universidad [&hellip;]\" \/>\n<meta property=\"og:url\" content=\"https:\/\/departamentos.unileon.es\/filologia-moderna\/publicaciones\/\" \/>\n<meta property=\"og:site_name\" content=\"Departamento de Filolog\u00eda Moderna\" \/>\n<meta property=\"article:modified_time\" content=\"2015-12-17T11:26:46+00:00\" \/>\n<meta property=\"og:image\" content=\"http:\/\/departamentos.unileon.es\/filologia-moderna\/files\/2015\/12\/tiraProfs-300x57.jpg\" \/>\n<meta name=\"twitter:card\" content=\"summary_large_image\" \/>\n<meta name=\"twitter:label1\" content=\"Tiempo de lectura\" \/>\n\t<meta name=\"twitter:data1\" content=\"1 minuto\" \/>\n<script type=\"application\/ld+json\" class=\"yoast-schema-graph\">{\"@context\":\"https:\/\/schema.org\",\"@graph\":[{\"@type\":\"WebPage\",\"@id\":\"https:\/\/departamentos.unileon.es\/filologia-moderna\/publicaciones\/\",\"url\":\"https:\/\/departamentos.unileon.es\/filologia-moderna\/publicaciones\/\",\"name\":\"Publicaciones - Departamento de Filolog\u00eda Moderna\",\"isPartOf\":{\"@id\":\"https:\/\/departamentos.unileon.es\/filologia-moderna\/#website\"},\"primaryImageOfPage\":{\"@id\":\"https:\/\/departamentos.unileon.es\/filologia-moderna\/publicaciones\/#primaryimage\"},\"image\":{\"@id\":\"https:\/\/departamentos.unileon.es\/filologia-moderna\/publicaciones\/#primaryimage\"},\"thumbnailUrl\":\"http:\/\/departamentos.unileon.es\/filologia-moderna\/files\/2015\/12\/tiraProfs-300x57.jpg\",\"datePublished\":\"2015-12-17T11:25:40+00:00\",\"dateModified\":\"2015-12-17T11:26:46+00:00\",\"inLanguage\":\"es\",\"potentialAction\":[{\"@type\":\"ReadAction\",\"target\":[\"https:\/\/departamentos.unileon.es\/filologia-moderna\/publicaciones\/\"]}]},{\"@type\":\"ImageObject\",\"inLanguage\":\"es\",\"@id\":\"https:\/\/departamentos.unileon.es\/filologia-moderna\/publicaciones\/#primaryimage\",\"url\":\"http:\/\/departamentos.unileon.es\/filologia-moderna\/files\/2015\/12\/tiraProfs-300x57.jpg\",\"contentUrl\":\"http:\/\/departamentos.unileon.es\/filologia-moderna\/files\/2015\/12\/tiraProfs-300x57.jpg\"},{\"@type\":\"WebSite\",\"@id\":\"https:\/\/departamentos.unileon.es\/filologia-moderna\/#website\",\"url\":\"https:\/\/departamentos.unileon.es\/filologia-moderna\/\",\"name\":\"Departamento de Filolog\u00eda Moderna\",\"description\":\"Otro sitio m\u00e1s de Universidad de Le\u00f3n\",\"potentialAction\":[{\"@type\":\"SearchAction\",\"target\":{\"@type\":\"EntryPoint\",\"urlTemplate\":\"https:\/\/departamentos.unileon.es\/filologia-moderna\/?s={search_term_string}\"},\"query-input\":{\"@type\":\"PropertyValueSpecification\",\"valueRequired\":true,\"valueName\":\"search_term_string\"}}],\"inLanguage\":\"es\"}]}<\/script>\n<!-- \/ Yoast SEO plugin. -->","yoast_head_json":{"title":"Publicaciones - Departamento de Filolog\u00eda Moderna","robots":{"index":"index","follow":"follow","max-snippet":"max-snippet:-1","max-image-preview":"max-image-preview:large","max-video-preview":"max-video-preview:-1"},"canonical":"https:\/\/departamentos.unileon.es\/filologia-moderna\/publicaciones\/","og_locale":"es_ES","og_type":"article","og_title":"Publicaciones - Departamento de Filolog\u00eda Moderna","og_description":"PROFESORES \u2013 Publicaciones y Perfil Docente \u00c1rea de Filolog\u00eda Inglesa JOS\u00c9 LUIS CHAMOSA GONZ\u00c1LEZ\u00a0\u2013 Catedr\u00e1tico de Universidad ROSA RABAD\u00c1N \u00c1LVAREZ\u00a0\u2013 Catedr\u00e1tico de Universidad NOELIA RAM\u00d3N GARC\u00cdA\u00a0\u2013 Profesor Titular de Universidad MAR\u00cdA BEL\u00c9N LABRADOR DE LA CRUZ\u00a0\u2013 Profesor Titular de Universidad MARTA SOF\u00cdA L\u00d3PEZ RODR\u00cdGUEZ\u00a0\u2013 Profesor Titular de Universidad TRINIDAD GUZM\u00c1N GONZ\u00c1LEZ\u00a0\u2013 Profesor Titular de Universidad [&hellip;]","og_url":"https:\/\/departamentos.unileon.es\/filologia-moderna\/publicaciones\/","og_site_name":"Departamento de Filolog\u00eda Moderna","article_modified_time":"2015-12-17T11:26:46+00:00","og_image":[{"url":"http:\/\/departamentos.unileon.es\/filologia-moderna\/files\/2015\/12\/tiraProfs-300x57.jpg","type":"","width":"","height":""}],"twitter_card":"summary_large_image","twitter_misc":{"Tiempo de lectura":"1 minuto"},"schema":{"@context":"https:\/\/schema.org","@graph":[{"@type":"WebPage","@id":"https:\/\/departamentos.unileon.es\/filologia-moderna\/publicaciones\/","url":"https:\/\/departamentos.unileon.es\/filologia-moderna\/publicaciones\/","name":"Publicaciones - Departamento de Filolog\u00eda Moderna","isPartOf":{"@id":"https:\/\/departamentos.unileon.es\/filologia-moderna\/#website"},"primaryImageOfPage":{"@id":"https:\/\/departamentos.unileon.es\/filologia-moderna\/publicaciones\/#primaryimage"},"image":{"@id":"https:\/\/departamentos.unileon.es\/filologia-moderna\/publicaciones\/#primaryimage"},"thumbnailUrl":"http:\/\/departamentos.unileon.es\/filologia-moderna\/files\/2015\/12\/tiraProfs-300x57.jpg","datePublished":"2015-12-17T11:25:40+00:00","dateModified":"2015-12-17T11:26:46+00:00","inLanguage":"es","potentialAction":[{"@type":"ReadAction","target":["https:\/\/departamentos.unileon.es\/filologia-moderna\/publicaciones\/"]}]},{"@type":"ImageObject","inLanguage":"es","@id":"https:\/\/departamentos.unileon.es\/filologia-moderna\/publicaciones\/#primaryimage","url":"http:\/\/departamentos.unileon.es\/filologia-moderna\/files\/2015\/12\/tiraProfs-300x57.jpg","contentUrl":"http:\/\/departamentos.unileon.es\/filologia-moderna\/files\/2015\/12\/tiraProfs-300x57.jpg"},{"@type":"WebSite","@id":"https:\/\/departamentos.unileon.es\/filologia-moderna\/#website","url":"https:\/\/departamentos.unileon.es\/filologia-moderna\/","name":"Departamento de Filolog\u00eda Moderna","description":"Otro sitio m\u00e1s de Universidad de Le\u00f3n","potentialAction":[{"@type":"SearchAction","target":{"@type":"EntryPoint","urlTemplate":"https:\/\/departamentos.unileon.es\/filologia-moderna\/?s={search_term_string}"},"query-input":{"@type":"PropertyValueSpecification","valueRequired":true,"valueName":"search_term_string"}}],"inLanguage":"es"}]}},"_links":{"self":[{"href":"https:\/\/departamentos.unileon.es\/filologia-moderna\/wp-json\/wp\/v2\/pages\/315","targetHints":{"allow":["GET"]}}],"collection":[{"href":"https:\/\/departamentos.unileon.es\/filologia-moderna\/wp-json\/wp\/v2\/pages"}],"about":[{"href":"https:\/\/departamentos.unileon.es\/filologia-moderna\/wp-json\/wp\/v2\/types\/page"}],"author":[{"embeddable":true,"href":"https:\/\/departamentos.unileon.es\/filologia-moderna\/wp-json\/wp\/v2\/users\/18"}],"replies":[{"embeddable":true,"href":"https:\/\/departamentos.unileon.es\/filologia-moderna\/wp-json\/wp\/v2\/comments?post=315"}],"version-history":[{"count":3,"href":"https:\/\/departamentos.unileon.es\/filologia-moderna\/wp-json\/wp\/v2\/pages\/315\/revisions"}],"predecessor-version":[{"id":319,"href":"https:\/\/departamentos.unileon.es\/filologia-moderna\/wp-json\/wp\/v2\/pages\/315\/revisions\/319"}],"wp:attachment":[{"href":"https:\/\/departamentos.unileon.es\/filologia-moderna\/wp-json\/wp\/v2\/media?parent=315"}],"curies":[{"name":"wp","href":"https:\/\/api.w.org\/{rel}","templated":true}]}}