{"id":19,"date":"2010-08-17T08:32:44","date_gmt":"2010-08-17T08:32:44","guid":{"rendered":"http:\/\/departamentos.unileon.es\/filologia-moderna\/"},"modified":"2013-09-16T09:25:12","modified_gmt":"2013-09-16T09:25:12","slug":"proyecto-flenet-id","status":"publish","type":"page","link":"https:\/\/departamentos.unileon.es\/filologia-moderna\/proyecto-flenet-id\/","title":{"rendered":"Proyecto Flenet (I+D)"},"content":{"rendered":"<p><a href=\"http:\/\/flenet.unileon.es\/\">http:\/\/flenet.unileon.es\/<\/a><\/p>","protected":false},"excerpt":{"rendered":"<p>http:\/\/flenet.unileon.es\/<\/p>\n","protected":false},"author":18,"featured_media":0,"parent":0,"menu_order":8,"comment_status":"closed","ping_status":"open","template":"","meta":{"ngg_post_thumbnail":0,"footnotes":""},"class_list":["post-19","page","type-page","status-publish","hentry"],"yoast_head":"<!-- This site is optimized with the Yoast SEO plugin v25.8 - https:\/\/yoast.com\/wordpress\/plugins\/seo\/ -->\n<title>Proyecto Flenet (I+D) - Departamento de Filolog\u00eda Moderna<\/title>\n<meta name=\"robots\" content=\"index, follow, max-snippet:-1, max-image-preview:large, max-video-preview:-1\" \/>\n<link rel=\"canonical\" href=\"https:\/\/departamentos.unileon.es\/filologia-moderna\/proyecto-flenet-id\/\" \/>\n<meta property=\"og:locale\" content=\"es_ES\" \/>\n<meta property=\"og:type\" content=\"article\" \/>\n<meta property=\"og:title\" content=\"Proyecto Flenet (I+D) - Departamento de Filolog\u00eda Moderna\" \/>\n<meta property=\"og:description\" content=\"http:\/\/flenet.unileon.es\/\" \/>\n<meta property=\"og:url\" content=\"https:\/\/departamentos.unileon.es\/filologia-moderna\/proyecto-flenet-id\/\" \/>\n<meta property=\"og:site_name\" content=\"Departamento de Filolog\u00eda Moderna\" \/>\n<meta property=\"article:modified_time\" content=\"2013-09-16T09:25:12+00:00\" \/>\n<meta name=\"twitter:card\" content=\"summary_large_image\" \/>\n<script type=\"application\/ld+json\" class=\"yoast-schema-graph\">{\"@context\":\"https:\/\/schema.org\",\"@graph\":[{\"@type\":\"WebPage\",\"@id\":\"https:\/\/departamentos.unileon.es\/filologia-moderna\/proyecto-flenet-id\/\",\"url\":\"https:\/\/departamentos.unileon.es\/filologia-moderna\/proyecto-flenet-id\/\",\"name\":\"Proyecto Flenet (I+D) - Departamento de Filolog\u00eda Moderna\",\"isPartOf\":{\"@id\":\"https:\/\/departamentos.unileon.es\/filologia-moderna\/#website\"},\"datePublished\":\"2010-08-17T08:32:44+00:00\",\"dateModified\":\"2013-09-16T09:25:12+00:00\",\"inLanguage\":\"es\",\"potentialAction\":[{\"@type\":\"ReadAction\",\"target\":[\"https:\/\/departamentos.unileon.es\/filologia-moderna\/proyecto-flenet-id\/\"]}]},{\"@type\":\"WebSite\",\"@id\":\"https:\/\/departamentos.unileon.es\/filologia-moderna\/#website\",\"url\":\"https:\/\/departamentos.unileon.es\/filologia-moderna\/\",\"name\":\"Departamento de Filolog\u00eda Moderna\",\"description\":\"Otro sitio m\u00e1s de Universidad de Le\u00f3n\",\"potentialAction\":[{\"@type\":\"SearchAction\",\"target\":{\"@type\":\"EntryPoint\",\"urlTemplate\":\"https:\/\/departamentos.unileon.es\/filologia-moderna\/?s={search_term_string}\"},\"query-input\":{\"@type\":\"PropertyValueSpecification\",\"valueRequired\":true,\"valueName\":\"search_term_string\"}}],\"inLanguage\":\"es\"}]}<\/script>\n<!-- \/ Yoast SEO plugin. -->","yoast_head_json":{"title":"Proyecto Flenet (I+D) - Departamento de Filolog\u00eda Moderna","robots":{"index":"index","follow":"follow","max-snippet":"max-snippet:-1","max-image-preview":"max-image-preview:large","max-video-preview":"max-video-preview:-1"},"canonical":"https:\/\/departamentos.unileon.es\/filologia-moderna\/proyecto-flenet-id\/","og_locale":"es_ES","og_type":"article","og_title":"Proyecto Flenet (I+D) - Departamento de Filolog\u00eda Moderna","og_description":"http:\/\/flenet.unileon.es\/","og_url":"https:\/\/departamentos.unileon.es\/filologia-moderna\/proyecto-flenet-id\/","og_site_name":"Departamento de Filolog\u00eda Moderna","article_modified_time":"2013-09-16T09:25:12+00:00","twitter_card":"summary_large_image","schema":{"@context":"https:\/\/schema.org","@graph":[{"@type":"WebPage","@id":"https:\/\/departamentos.unileon.es\/filologia-moderna\/proyecto-flenet-id\/","url":"https:\/\/departamentos.unileon.es\/filologia-moderna\/proyecto-flenet-id\/","name":"Proyecto Flenet (I+D) - Departamento de Filolog\u00eda Moderna","isPartOf":{"@id":"https:\/\/departamentos.unileon.es\/filologia-moderna\/#website"},"datePublished":"2010-08-17T08:32:44+00:00","dateModified":"2013-09-16T09:25:12+00:00","inLanguage":"es","potentialAction":[{"@type":"ReadAction","target":["https:\/\/departamentos.unileon.es\/filologia-moderna\/proyecto-flenet-id\/"]}]},{"@type":"WebSite","@id":"https:\/\/departamentos.unileon.es\/filologia-moderna\/#website","url":"https:\/\/departamentos.unileon.es\/filologia-moderna\/","name":"Departamento de Filolog\u00eda Moderna","description":"Otro sitio m\u00e1s de Universidad de Le\u00f3n","potentialAction":[{"@type":"SearchAction","target":{"@type":"EntryPoint","urlTemplate":"https:\/\/departamentos.unileon.es\/filologia-moderna\/?s={search_term_string}"},"query-input":{"@type":"PropertyValueSpecification","valueRequired":true,"valueName":"search_term_string"}}],"inLanguage":"es"}]}},"_links":{"self":[{"href":"https:\/\/departamentos.unileon.es\/filologia-moderna\/wp-json\/wp\/v2\/pages\/19","targetHints":{"allow":["GET"]}}],"collection":[{"href":"https:\/\/departamentos.unileon.es\/filologia-moderna\/wp-json\/wp\/v2\/pages"}],"about":[{"href":"https:\/\/departamentos.unileon.es\/filologia-moderna\/wp-json\/wp\/v2\/types\/page"}],"author":[{"embeddable":true,"href":"https:\/\/departamentos.unileon.es\/filologia-moderna\/wp-json\/wp\/v2\/users\/18"}],"replies":[{"embeddable":true,"href":"https:\/\/departamentos.unileon.es\/filologia-moderna\/wp-json\/wp\/v2\/comments?post=19"}],"version-history":[{"count":7,"href":"https:\/\/departamentos.unileon.es\/filologia-moderna\/wp-json\/wp\/v2\/pages\/19\/revisions"}],"predecessor-version":[{"id":204,"href":"https:\/\/departamentos.unileon.es\/filologia-moderna\/wp-json\/wp\/v2\/pages\/19\/revisions\/204"}],"wp:attachment":[{"href":"https:\/\/departamentos.unileon.es\/filologia-moderna\/wp-json\/wp\/v2\/media?parent=19"}],"curies":[{"name":"wp","href":"https:\/\/api.w.org\/{rel}","templated":true}]}}