{"id":165,"date":"2023-05-24T11:48:11","date_gmt":"2023-05-24T11:48:11","guid":{"rendered":"https:\/\/departamentos.unileon.es\/enfermeria-y-fisioterapia\/?page_id=165"},"modified":"2023-05-25T06:31:08","modified_gmt":"2023-05-25T06:31:08","slug":"grupo-de-innovacion-docente-de-la-ule-cuidados-humanizados-de-salud-biopsicosociales-cuhusal-bps-gid-073","status":"publish","type":"page","link":"https:\/\/departamentos.unileon.es\/enfermeria-y-fisioterapia\/grupo-de-innovacion-docente-de-la-ule-cuidados-humanizados-de-salud-biopsicosociales-cuhusal-bps-gid-073\/","title":{"rendered":"GRUPO DE INNOVACI\u00d3N DOCENTE DE LA ULE \u201cCUIDADOS HUMANIZADOS DE SALUD BIOPSICOSOCIALES\u201d (CUHUSAL-BPS). GID 073"},"content":{"rendered":"\n<table style=\"width: 100%;\" width=\"503\">\n<tbody>\n<tr>\n<td style=\"width: 99.1667%;\" colspan=\"2\" width=\"503\">\n<p><strong>Facultad de Ciencias de la Salud. Fecha de aprobaci\u00f3n: marzo\/2022<\/strong><\/p>\n<\/td>\n<\/tr>\n<tr>\n<td style=\"width: 38.3333%;\" width=\"311\">\n<p><strong>Coordinadora<\/strong><\/p>\n<\/td>\n<td style=\"width: 60.8333%;\" width=\"192\">\n<p><strong><a href=\"mailto:ana.lopez@unileon.es\">L\u00f3pez Alonso, Ana Isabel<\/a> <\/strong><\/p>\n<\/td>\n<\/tr>\n<tr>\n<td style=\"width: 38.3333%;\" width=\"311\">\n<p><strong>Componentes<\/strong><\/p>\n<\/td>\n<td style=\"width: 60.8333%;\" width=\"192\">\n<p><strong>Miembros<\/strong><\/p>\n<\/td>\n<\/tr>\n<tr>\n<td style=\"width: 99.1667%;\" colspan=\"2\" width=\"503\">\n<p>Arias Ramos, Natalia<\/p>\n<\/td>\n<\/tr>\n<tr>\n<td style=\"width: 99.1667%;\" colspan=\"2\" width=\"503\">\n<p>Calvo Ayuso, Natalia<\/p>\n<\/td>\n<\/tr>\n<tr>\n<td style=\"width: 99.1667%;\" colspan=\"2\" width=\"503\">\n<p>De Benito Trigueros, Ana Mar\u00eda<\/p>\n<\/td>\n<\/tr>\n<tr>\n<td style=\"width: 99.1667%;\" colspan=\"2\" width=\"503\">\n<p>Del R\u00edo Gonz\u00e1lez, M. Luisa<\/p>\n<\/td>\n<\/tr>\n<tr>\n<td style=\"width: 99.1667%;\" colspan=\"2\" width=\"503\">\n<p>Fern\u00e1ndez Mart\u00ednez, Mar\u00eda Elena<\/p>\n<\/td>\n<\/tr>\n<tr>\n<td style=\"width: 99.1667%;\" colspan=\"2\" width=\"503\">\n<p>Li\u00e9bana Presa, Cristina<\/p>\n<\/td>\n<\/tr>\n<tr>\n<td style=\"width: 99.1667%;\" colspan=\"2\" width=\"503\">\n<p>Mart\u00ednez Fern\u00e1ndez, M.\u00aa Cristina<\/p>\n<\/td>\n<\/tr>\n<tr>\n<td style=\"width: 99.1667%;\" colspan=\"2\" width=\"503\">\n<p>Morla Gonz\u00e1lez, Marina<\/p>\n<\/td>\n<\/tr>\n<tr>\n<td style=\"width: 99.1667%;\" colspan=\"2\" width=\"503\">\n<p>Quiroga S\u00e1nchez, Enedina<\/p>\n<\/td>\n<\/tr>\n<tr>\n<td style=\"width: 99.1667%;\" colspan=\"2\" width=\"503\">\n<p>Treviss\u00f3n Redondo, Bibiana<\/p>\n<\/td>\n<\/tr>\n<tr>\n<td style=\"width: 99.1667%;\" colspan=\"2\" width=\"503\">\n<p>Garc\u00eda Fern\u00e1ndez, Rub\u00e9n<\/p>\n<\/td>\n<\/tr>\n<tr>\n<td style=\"width: 99.1667%;\" colspan=\"2\" width=\"503\">\n<p><strong>Colaboradores<\/strong><\/p>\n<\/td>\n<\/tr>\n<tr>\n<td style=\"width: 99.1667%;\" colspan=\"2\" width=\"503\">\n<p>Fern\u00e1ndez Fern\u00e1ndez, Manuel Carlos<\/p>\n<\/td>\n<\/tr>\n<\/tbody>\n<\/table>\n","protected":false},"excerpt":{"rendered":"<p>Facultad de Ciencias de la Salud. Fecha de aprobaci\u00f3n: marzo\/2022 Coordinadora L\u00f3pez Alonso, Ana Isabel Componentes Miembros Arias Ramos, Natalia Calvo Ayuso, Natalia De Benito Trigueros, Ana Mar\u00eda Del R\u00edo Gonz\u00e1lez, M. Luisa Fern\u00e1ndez Mart\u00ednez, Mar\u00eda Elena Li\u00e9bana Presa, Cristina Mart\u00ednez Fern\u00e1ndez, M.\u00aa Cristina Morla Gonz\u00e1lez, Marina Quiroga S\u00e1nchez, Enedina Treviss\u00f3n Redondo, Bibiana Garc\u00eda Fern\u00e1ndez, [&hellip;]<\/p>\n","protected":false},"author":16,"featured_media":0,"parent":0,"menu_order":0,"comment_status":"closed","ping_status":"closed","template":"","meta":{"ngg_post_thumbnail":0,"footnotes":""},"class_list":["post-165","page","type-page","status-publish","hentry"],"yoast_head":"<!-- This site is optimized with the Yoast SEO plugin v25.8 - https:\/\/yoast.com\/wordpress\/plugins\/seo\/ -->\n<title>GRUPO DE INNOVACI\u00d3N DOCENTE DE LA ULE \u201cCUIDADOS HUMANIZADOS DE SALUD BIOPSICOSOCIALES\u201d (CUHUSAL-BPS). GID 073 - Departamento de Enfermer\u00eda y Fisioterapia<\/title>\n<meta name=\"robots\" content=\"index, follow, max-snippet:-1, max-image-preview:large, max-video-preview:-1\" \/>\n<link rel=\"canonical\" href=\"https:\/\/departamentos.unileon.es\/enfermeria-y-fisioterapia\/grupo-de-innovacion-docente-de-la-ule-cuidados-humanizados-de-salud-biopsicosociales-cuhusal-bps-gid-073\/\" \/>\n<meta property=\"og:locale\" content=\"es_ES\" \/>\n<meta property=\"og:type\" content=\"article\" \/>\n<meta property=\"og:title\" content=\"GRUPO DE INNOVACI\u00d3N DOCENTE DE LA ULE \u201cCUIDADOS HUMANIZADOS DE SALUD BIOPSICOSOCIALES\u201d (CUHUSAL-BPS). GID 073 - Departamento de Enfermer\u00eda y Fisioterapia\" \/>\n<meta property=\"og:description\" content=\"Facultad de Ciencias de la Salud. Fecha de aprobaci\u00f3n: marzo\/2022 Coordinadora L\u00f3pez Alonso, Ana Isabel Componentes Miembros Arias Ramos, Natalia Calvo Ayuso, Natalia De Benito Trigueros, Ana Mar\u00eda Del R\u00edo Gonz\u00e1lez, M. Luisa Fern\u00e1ndez Mart\u00ednez, Mar\u00eda Elena Li\u00e9bana Presa, Cristina Mart\u00ednez Fern\u00e1ndez, M.\u00aa Cristina Morla Gonz\u00e1lez, Marina Quiroga S\u00e1nchez, Enedina Treviss\u00f3n Redondo, Bibiana Garc\u00eda Fern\u00e1ndez, [&hellip;]\" \/>\n<meta property=\"og:url\" content=\"https:\/\/departamentos.unileon.es\/enfermeria-y-fisioterapia\/grupo-de-innovacion-docente-de-la-ule-cuidados-humanizados-de-salud-biopsicosociales-cuhusal-bps-gid-073\/\" \/>\n<meta property=\"og:site_name\" content=\"Departamento de Enfermer\u00eda y Fisioterapia\" \/>\n<meta property=\"article:modified_time\" content=\"2023-05-25T06:31:08+00:00\" \/>\n<meta name=\"twitter:card\" content=\"summary_large_image\" \/>\n<meta name=\"twitter:label1\" content=\"Tiempo de lectura\" \/>\n\t<meta name=\"twitter:data1\" content=\"1 minuto\" \/>\n<script type=\"application\/ld+json\" class=\"yoast-schema-graph\">{\"@context\":\"https:\/\/schema.org\",\"@graph\":[{\"@type\":\"WebPage\",\"@id\":\"https:\/\/departamentos.unileon.es\/enfermeria-y-fisioterapia\/grupo-de-innovacion-docente-de-la-ule-cuidados-humanizados-de-salud-biopsicosociales-cuhusal-bps-gid-073\/\",\"url\":\"https:\/\/departamentos.unileon.es\/enfermeria-y-fisioterapia\/grupo-de-innovacion-docente-de-la-ule-cuidados-humanizados-de-salud-biopsicosociales-cuhusal-bps-gid-073\/\",\"name\":\"GRUPO DE INNOVACI\u00d3N DOCENTE DE LA ULE \u201cCUIDADOS HUMANIZADOS DE SALUD BIOPSICOSOCIALES\u201d (CUHUSAL-BPS). GID 073 - Departamento de Enfermer\u00eda y Fisioterapia\",\"isPartOf\":{\"@id\":\"https:\/\/departamentos.unileon.es\/enfermeria-y-fisioterapia\/#website\"},\"datePublished\":\"2023-05-24T11:48:11+00:00\",\"dateModified\":\"2023-05-25T06:31:08+00:00\",\"inLanguage\":\"es\",\"potentialAction\":[{\"@type\":\"ReadAction\",\"target\":[\"https:\/\/departamentos.unileon.es\/enfermeria-y-fisioterapia\/grupo-de-innovacion-docente-de-la-ule-cuidados-humanizados-de-salud-biopsicosociales-cuhusal-bps-gid-073\/\"]}]},{\"@type\":\"WebSite\",\"@id\":\"https:\/\/departamentos.unileon.es\/enfermeria-y-fisioterapia\/#website\",\"url\":\"https:\/\/departamentos.unileon.es\/enfermeria-y-fisioterapia\/\",\"name\":\"Departamento de Enfermer\u00eda y Fisioterapia\",\"description\":\"Otro sitio m\u00e1s de Universidad de Le\u00f3n\",\"potentialAction\":[{\"@type\":\"SearchAction\",\"target\":{\"@type\":\"EntryPoint\",\"urlTemplate\":\"https:\/\/departamentos.unileon.es\/enfermeria-y-fisioterapia\/?s={search_term_string}\"},\"query-input\":{\"@type\":\"PropertyValueSpecification\",\"valueRequired\":true,\"valueName\":\"search_term_string\"}}],\"inLanguage\":\"es\"}]}<\/script>\n<!-- \/ Yoast SEO plugin. -->","yoast_head_json":{"title":"GRUPO DE INNOVACI\u00d3N DOCENTE DE LA ULE \u201cCUIDADOS HUMANIZADOS DE SALUD BIOPSICOSOCIALES\u201d (CUHUSAL-BPS). GID 073 - Departamento de Enfermer\u00eda y Fisioterapia","robots":{"index":"index","follow":"follow","max-snippet":"max-snippet:-1","max-image-preview":"max-image-preview:large","max-video-preview":"max-video-preview:-1"},"canonical":"https:\/\/departamentos.unileon.es\/enfermeria-y-fisioterapia\/grupo-de-innovacion-docente-de-la-ule-cuidados-humanizados-de-salud-biopsicosociales-cuhusal-bps-gid-073\/","og_locale":"es_ES","og_type":"article","og_title":"GRUPO DE INNOVACI\u00d3N DOCENTE DE LA ULE \u201cCUIDADOS HUMANIZADOS DE SALUD BIOPSICOSOCIALES\u201d (CUHUSAL-BPS). GID 073 - Departamento de Enfermer\u00eda y Fisioterapia","og_description":"Facultad de Ciencias de la Salud. Fecha de aprobaci\u00f3n: marzo\/2022 Coordinadora L\u00f3pez Alonso, Ana Isabel Componentes Miembros Arias Ramos, Natalia Calvo Ayuso, Natalia De Benito Trigueros, Ana Mar\u00eda Del R\u00edo Gonz\u00e1lez, M. Luisa Fern\u00e1ndez Mart\u00ednez, Mar\u00eda Elena Li\u00e9bana Presa, Cristina Mart\u00ednez Fern\u00e1ndez, M.\u00aa Cristina Morla Gonz\u00e1lez, Marina Quiroga S\u00e1nchez, Enedina Treviss\u00f3n Redondo, Bibiana Garc\u00eda Fern\u00e1ndez, [&hellip;]","og_url":"https:\/\/departamentos.unileon.es\/enfermeria-y-fisioterapia\/grupo-de-innovacion-docente-de-la-ule-cuidados-humanizados-de-salud-biopsicosociales-cuhusal-bps-gid-073\/","og_site_name":"Departamento de Enfermer\u00eda y Fisioterapia","article_modified_time":"2023-05-25T06:31:08+00:00","twitter_card":"summary_large_image","twitter_misc":{"Tiempo de lectura":"1 minuto"},"schema":{"@context":"https:\/\/schema.org","@graph":[{"@type":"WebPage","@id":"https:\/\/departamentos.unileon.es\/enfermeria-y-fisioterapia\/grupo-de-innovacion-docente-de-la-ule-cuidados-humanizados-de-salud-biopsicosociales-cuhusal-bps-gid-073\/","url":"https:\/\/departamentos.unileon.es\/enfermeria-y-fisioterapia\/grupo-de-innovacion-docente-de-la-ule-cuidados-humanizados-de-salud-biopsicosociales-cuhusal-bps-gid-073\/","name":"GRUPO DE INNOVACI\u00d3N DOCENTE DE LA ULE \u201cCUIDADOS HUMANIZADOS DE SALUD BIOPSICOSOCIALES\u201d (CUHUSAL-BPS). GID 073 - Departamento de Enfermer\u00eda y Fisioterapia","isPartOf":{"@id":"https:\/\/departamentos.unileon.es\/enfermeria-y-fisioterapia\/#website"},"datePublished":"2023-05-24T11:48:11+00:00","dateModified":"2023-05-25T06:31:08+00:00","inLanguage":"es","potentialAction":[{"@type":"ReadAction","target":["https:\/\/departamentos.unileon.es\/enfermeria-y-fisioterapia\/grupo-de-innovacion-docente-de-la-ule-cuidados-humanizados-de-salud-biopsicosociales-cuhusal-bps-gid-073\/"]}]},{"@type":"WebSite","@id":"https:\/\/departamentos.unileon.es\/enfermeria-y-fisioterapia\/#website","url":"https:\/\/departamentos.unileon.es\/enfermeria-y-fisioterapia\/","name":"Departamento de Enfermer\u00eda y Fisioterapia","description":"Otro sitio m\u00e1s de Universidad de Le\u00f3n","potentialAction":[{"@type":"SearchAction","target":{"@type":"EntryPoint","urlTemplate":"https:\/\/departamentos.unileon.es\/enfermeria-y-fisioterapia\/?s={search_term_string}"},"query-input":{"@type":"PropertyValueSpecification","valueRequired":true,"valueName":"search_term_string"}}],"inLanguage":"es"}]}},"_links":{"self":[{"href":"https:\/\/departamentos.unileon.es\/enfermeria-y-fisioterapia\/wp-json\/wp\/v2\/pages\/165","targetHints":{"allow":["GET"]}}],"collection":[{"href":"https:\/\/departamentos.unileon.es\/enfermeria-y-fisioterapia\/wp-json\/wp\/v2\/pages"}],"about":[{"href":"https:\/\/departamentos.unileon.es\/enfermeria-y-fisioterapia\/wp-json\/wp\/v2\/types\/page"}],"author":[{"embeddable":true,"href":"https:\/\/departamentos.unileon.es\/enfermeria-y-fisioterapia\/wp-json\/wp\/v2\/users\/16"}],"replies":[{"embeddable":true,"href":"https:\/\/departamentos.unileon.es\/enfermeria-y-fisioterapia\/wp-json\/wp\/v2\/comments?post=165"}],"version-history":[{"count":3,"href":"https:\/\/departamentos.unileon.es\/enfermeria-y-fisioterapia\/wp-json\/wp\/v2\/pages\/165\/revisions"}],"predecessor-version":[{"id":221,"href":"https:\/\/departamentos.unileon.es\/enfermeria-y-fisioterapia\/wp-json\/wp\/v2\/pages\/165\/revisions\/221"}],"wp:attachment":[{"href":"https:\/\/departamentos.unileon.es\/enfermeria-y-fisioterapia\/wp-json\/wp\/v2\/media?parent=165"}],"curies":[{"name":"wp","href":"https:\/\/api.w.org\/{rel}","templated":true}]}}