{"id":139,"date":"2023-05-24T11:23:03","date_gmt":"2023-05-24T11:23:03","guid":{"rendered":"https:\/\/departamentos.unileon.es\/enfermeria-y-fisioterapia\/?page_id=139"},"modified":"2026-03-16T08:08:13","modified_gmt":"2026-03-16T08:08:13","slug":"novedades","status":"publish","type":"page","link":"https:\/\/departamentos.unileon.es\/enfermeria-y-fisioterapia\/novedades\/","title":{"rendered":"Convocatorias de Personal Docente e Investigador (P.D.I.)"},"content":{"rendered":"\n\n\n<p><strong>\u00daLTIMAS CONVOCATORIAS<\/strong><\/p>\n<ul>\n<li>\n<p><strong><a href=\"https:\/\/www.unileon.es\/convocatorias-ptgas-pdi\/convocatoria-de-13-de-marzo-de-2026-plazas-de-profesor-asociado-en-ciencias\">CONVOCATORIA DE 13 DE MARZO DE 2026. PLAZAS DE PROFESOR ASOCIADO EN CIENCIAS DE LA SALUD.<\/a><\/strong><\/p>\n<\/li>\n<li>\n<p><strong><a href=\"https:\/\/www.unileon.es\/convocatorias-ptgas-pdi\/convocatoria-de-02-de-marzo-de-2026-plazas-de-profesor-sustituto\">CONVOCATORIA DE 2 DE MARZO DE 2026. PLAZAS DE PROFESOR SUSTITUTO<\/a><\/strong><\/p>\n<\/li>\n<li>\n<p><strong><a href=\"https:\/\/www.unileon.es\/convocatorias-ptgas-pdi\/convocatoria-de-9-de-febrero-de-2026-plazas-de-profesor-sustituto\">CONVOCATORIA DE 9 DE FEBRERO DE 2026. PLAZAS DE PROFESOR SUSTITUTO<\/a><\/strong><\/p>\n<\/li>\n<li>\n<p><strong><a href=\"https:\/\/www.unileon.es\/convocatorias-ptgas-pdi\/convocatoria-de-6-de-febrero-de-2026-plazas-de-profesor-asociado-en\">CONVOCATORIA DE 6 DE FEBRERO DE 2026. PLAZAS DE PROFESOR ASOCIADO EN CIENCIAS DE LA SALUD<\/a><\/strong><\/p>\n<\/li>\n<li>\n<p><strong><a href=\"https:\/\/www.unileon.es\/convocatorias-ptgas-pdi\/convocatoria-de-23-de-enero-de-2026-plazas-de-profesor-sustituto\">CONVOCATORIA DE 23 DE ENERO DE 2026. PLAZAS DE PROFESOR SUSTITUTO<\/a><\/strong><\/p>\n<\/li>\n<li>\n<p><strong><a href=\"https:\/\/www.unileon.es\/convocatorias-ptgas-pdi\/convocatoria-de-21-de-enero-de-2026-plazas-de-profesor-sustituto\">CONVOCATORIA DE 21 DE ENERO DE 2026. PLAZAS DE PROFESOR SUSTITUTO<\/a><\/strong><\/p>\n<\/li>\n<li>\n<p><strong><a href=\"https:\/\/www.unileon.es\/convocatorias-ptgas-pdi\/convocatoria-de-19-de-enero-de-2026-concurso-de-acceso-plazas-de-profesor\">CONVOCATORIA DE 19 DE ENERO DE 2026. CONCURSO DE ACCESO. PLAZAS DE PROFESOR TITULAR DE UNIVERSIDAD<\/a><\/strong><\/p>\n<\/li>\n<li>\n<p><strong><a href=\"https:\/\/www.unileon.es\/convocatorias-ptgas-pdi\/convocatoria-de-3-de-octubre-de-2025-concurso-de-acceso-plaza-de-profesor\">CONVOCATORIA DE 18 DE DICIEMBRE DE 2025. CONCURSO DE ACCESO. PLAZA DE PROFESOR TITULAR DE UNIVERSIDAD I3\/R3<\/a><\/strong><\/p>\n<\/li>\n<li>\n<p><strong><a href=\"https:\/\/www.unileon.es\/convocatorias-ptgas-pdi\/convocatoria-de-17-de-diciembre-de-2025-plazas-de-profesor-ayudante-doctor\">CONVOCATORIA DE 17 DE DICIEMBRE DE 2025. PLAZAS DE PROFESOR AYUDANTE DOCTOR<\/a><\/strong><\/p>\n<\/li>\n<li>\n<p><strong><a href=\"https:\/\/www.unileon.es\/convocatorias-ptgas-pdi\/convocatoria-de-3-de-diciembre-de-2025-concurso-plazas-de-profesor\">CONVOCATORIA DE 3 DE DICIEMBRE DE 2025 &#8211; CONCURSO &#8211; PLAZAS DE PROFESOR PERMANENTE LABORAL<\/a><\/strong><\/p>\n<\/li>\n<li>\n<p><strong><a href=\"https:\/\/www.unileon.es\/convocatorias-ptgas-pdi\/convocatoria-28-de-octubre-de-2025-plazas-de-profesor-asociado-ciencias-de\">CONVOCATORIA 28 DE OCTUBRE DE 2025. PLAZAS DE PROFESOR ASOCIADO CIENCIAS DE LA SALUD<\/a><\/strong><\/p>\n<\/li>\n<li>\n<p><strong><a href=\"https:\/\/www.unileon.es\/convocatorias-ptgas-pdi\/convocatoria-de-3-de-octubre-de-2025-plazas-de-profesor-ayudante-doctor\">CONVOCATORIA DE 3 DE OCTUBRE DE 2025. PLAZAS DE PROFESOR AYUDANTE DOCTOR<\/a><\/strong><\/p>\n<\/li>\n<li>\n<p><strong><a href=\"https:\/\/www.unileon.es\/convocatorias-ptgas-pdi\/convocatoria-de-3-de-octubre-de-2025-concurso-de-acceso-plazas-de\">CONVOCATORIA DE 3 DE OCTUBRE DE 2025. CONCURSO DE ACCESO. PLAZAS DE CATEDR\u00c1TICO DE UNIVERSIDAD<\/a><\/strong><\/p>\n<\/li>\n<li>\n<p><strong><a href=\"https:\/\/www.unileon.es\/convocatorias-ptgas-pdi\/convocatoria-de-12-de-septiembre-de-2025-concurso-plazas-de-profesor\">CONVOCATORIA DE 12 DE SEPTIEMBRE DE 2025 &#8211; CONCURSO &#8211; PLAZAS DE PROFESOR PERMANENTE LABORAL<\/a><\/strong><\/p>\n<\/li>\n<li>\n<p><strong><a href=\"https:\/\/www.unileon.es\/convocatorias-ptgas-pdi\/convocatoria-28-de-julio-de-2025-plazas-de-profesor-asociado-ciencias-de-la\">CONVOCATORIA 28 DE JULIO DE 2025. PLAZAS DE PROFESOR ASOCIADO CIENCIAS DE LA SALUD<\/a><\/strong><\/p>\n<\/li>\n<li>\n<p><strong><a href=\"https:\/\/www.unileon.es\/convocatorias-ptgas-pdi\/convocatoria-de-21-de-julio-de-2025-plazas-de-profesor-ayudante-doctor\">CONVOCATORIA DE 21 DE JULIO DE 2025. PLAZAS DE PROFESOR AYUDANTE DOCTOR<\/a><\/strong><\/p>\n<\/li>\n<li>\n<p><strong><a href=\"https:\/\/www.unileon.es\/convocatorias-ptgas-pdi\/convocatoria-de-26-de-junio-de-2025-concurso-de-acceso-plaza-de-profesor\">CONVOCATORIA DE 26 DE JUNIO DE 2025. CONCURSO DE ACCESO. PLAZA DE PROFESOR TITULAR DE UNIVERSIDAD<\/a><\/strong><\/p>\n<\/li>\n<\/ul>\n<p>&nbsp;<\/p>\n<p><strong>CONVOCATORIAS ANTIGUAS<\/strong><\/p>\n<ul>\n<li><strong><a href=\"https:\/\/www.unileon.es\/convocatorias-ptgas-pdi\/convocatoria-de-22-de-septiembre-de-2025-plazas-de-profesor-sustituto\">CONVOCATORIA DE 22 DE SEPTIEMBRE DE 2025. PLAZAS DE PROFESOR SUSTITUTO<\/a><\/strong><\/li>\n<li><strong><a href=\"https:\/\/www.unileon.es\/convocatorias-ptgas-pdi\/convocatoria-de-2-de-septiembre-de-2025-plazas-de-profesor-sustituto\">CONVOCATORIA DE 2 DE SEPTIEMBRE DE 2025. PLAZAS DE PROFESOR SUSTITUTO<\/a><\/strong><\/li>\n<li><a href=\"https:\/\/www.unileon.es\/convocatorias-ptgas-pdi\/convocatoria-de-26-de-agosto-de-2025-plazas-de-profesor-sustituto\"><strong>CONVOCATORIA DE 26 DE AGOSTO DE 2025. PLAZAS DE PROFESOR SUSTITUTO<\/strong><\/a><\/li>\n<li><strong><a href=\"https:\/\/www.unileon.es\/convocatorias-ptgas-pdi\/convocatoria-de-17-de-junio-de-2025-concurso-plazas-profesor-permanente\">CONVOCATORIA DE 17 DE JUNIO DE 2025. CONCURSO PLAZAS PROFESOR PERMANENTE LABORAL I3\/R3<\/a><\/strong><\/li>\n<li><strong style=\"font-size: revert; color: initial;\"><a href=\"https:\/\/www.unileon.es\/convocatorias-ptgas-pdi\/convocatoria-17-de-junio-de-2025-plazas-de-profesor-ayudante-doctor\">CONVOCATORIA 17 DE JUNIO DE 2025. PLAZAS DE PROFESOR AYUDANTE DOCTOR<\/a><\/strong><\/li>\n<li><strong><a href=\"https:\/\/www.unileon.es\/convocatorias\/convocatoria-de-14-de-mayo-de-2025-concurso-de-acceso-profesor-titular-de-universidad\">CONVOCATORIA DE 14 DE MAYO DE 2025. CONCURSO DE ACCESO. PROFESOR TITULAR DE UNIVERSIDAD I3\/R3<\/a><\/strong><\/li>\n<li><strong style=\"font-size: revert; color: initial;\"><a href=\"https:\/\/www.unileon.es\/convocatorias\/convocatoria-de-6-de-marzo-de-2025-plazas-de-profesor-asociado\">CONVOCATORIA DE 6 DE MARZO DE 2025. PLAZAS DE PROFESOR ASOCIADO<\/a><\/strong><\/li>\n<li><strong style=\"font-size: revert; color: initial;\"><a href=\"https:\/\/www.unileon.es\/convocatorias-urgentes\/convocatoria-de-4-de-marzo-de-2025-plazas-de-profesor-sustituto\">CONVOCATORIA DE 4 DE MARZO DE 2025. PLAZAS DE PROFESOR SUSTITUTO<\/a><\/strong><\/li>\n<li><strong><a href=\"https:\/\/www.unileon.es\/convocatorias\/convocatoria-5-de-febrero-de-2025-plazas-de-profesor-ayudante-doctor\">CONVOCATORIA 5 DE FEBRERO DE 2025. PLAZAS DE PROFESOR AYUDANTE DOCTOR<\/a><\/strong><\/li>\n<li><strong><a href=\"https:\/\/www.unileon.es\/convocatorias-urgentes\/convocatoria-de-17-de-enero-de-2025-plazas-de-profesor-sustituto-0\">CONVOCATORIA DE 30 DE ENERO DE 2025. PLAZAS DE PROFESOR SUSTITUTO<\/a><\/strong><\/li>\n<li><strong><a href=\"https:\/\/www.unileon.es\/convocatorias\/convocatoria-23-de-enero-de-2025-plaza-de-profesor-asociado-ciencias-de-la-salud\">CONVOCATORIA 23 DE ENERO DE 2025. PLAZA DE PROFESOR ASOCIADO CIENCIAS DE LA SALUD ENFERMER\u00cdA-LE\u00d3N<\/a><\/strong><\/li>\n<li><strong><a href=\"https:\/\/www.unileon.es\/convocatorias-urgentes\/convocatoria-de-9-de-enero-de-2025-plazas-de-profesor-sustituto\">CONVOCATORIA DE 9 DE ENERO DE 2025. PLAZAS DE PROFESOR SUSTITUTO<\/a><\/strong><\/li>\n<li><strong><a href=\"https:\/\/www.unileon.es\/convocatorias\/convocatoria-de-17-de-diciembre-de-2024-concurso-de-acceso-plazas-de-catedratico-de\">CONVOCATORIA DE 17 DE DICIEMBRE DE 2024. CONCURSO DE ACCESO. PLAZAS DE CATEDR\u00c1TICO DE UNIVERSIDAD POR PROMOCI\u00d3N INTERNA<\/a><\/strong><\/li>\n<li><strong><a style=\"font-size: revert; font-weight: revert;\" href=\"https:\/\/www.unileon.es\/convocatorias\/convocatoria-de-17-de-diciembre-de-2024-concurso-de-acceso-plazas-de-profesor-titular\">CONVOCATORIA DE 17 DE DICIEMBRE DE 2024. CONCURSO DE ACCESO. PLAZAS DE PROFESOR TITULAR DE UNIVERSIDAD<\/a><\/strong><\/li>\n<li><strong style=\"font-size: revert; color: initial;\"><a href=\"https:\/\/www.unileon.es\/convocatorias\/convocatoria-de-7-de-noviembre-de-2024-concurso-plazas-de-catedratico-de-universidad\">CONVOCATORIA DE 7 DE NOVIEMBRE DE 2024. CONCURSO. PLAZAS DE CATEDR\u00c1TICO DE UNIVERSIDAD<\/a><\/strong><\/li>\n<li><strong><a href=\"https:\/\/www.unileon.es\/convocatorias\/convocatoria-de-7-de-noviembre-de-2024-concurso-plazas-de-profesor-titular-de\">CONVOCATORIA DE 7 DE NOVIEMBRE DE 2024. CONCURSO. PLAZAS DE PROFESOR TITULAR DE UNIVERSIDAD<\/a><\/strong><\/li>\n<li><strong><a href=\"https:\/\/www.unileon.es\/convocatorias\/convocatoria-de-7-de-noviembre-de-2024-concurso-plazas-de-profesor-permanente-laboral\">CONVOCATORIA DE 7 DE NOVIEMBRE DE 2024. CONCURSO. PLAZAS DE PROFESOR PERMANENTE LABORAL<\/a><\/strong><\/li>\n<li><strong><strong style=\"font-size: revert; color: initial;\"><a href=\"https:\/\/www.unileon.es\/convocatorias\/convocatoria-de-5-de-noviembre-de-2024-plazas-de-profesor-asociado-en-ciencias-de-la\">CONVOCATORIA DE 5 DE NOVIEMBRE DE 2024. PLAZAS DE PROFESOR ASOCIADO EN CIENCIAS DE LA SALUD<\/a><\/strong><\/strong><\/li>\n<li><strong><strong style=\"font-size: revert; color: initial;\"><a href=\"https:\/\/www.unileon.es\/convocatorias\/convocatoria-de-8-de-octubre-de-2024-plazas-de-profesor-ayudante-doctor\">CONVOCATORIA DE 8 DE OCTUBRE DE 2024. PLAZAS DE PROFESOR AYUDANTE DOCTOR<\/a><\/strong><\/strong><\/li>\n<li><strong><a href=\"https:\/\/www.unileon.es\/convocatorias-urgentes\/convocatoria-de-18-de-septiembre-de-2024-plazas-de-profesor-sustituto\">CONVOCATORIA DE 18 DE SEPTIEMBRE DE 2024. PLAZAS DE PROFESOR SUSTITUTO<\/a><\/strong><\/li>\n<li><strong><a href=\"https:\/\/www.unileon.es\/convocatorias-urgentes\/convocatoria-de-16-de-septiembre-de-2024-plazas-de-profesor-sustituto\">CONVOCATORIA DE 16 DE SEPTIEMBRE DE 2024. PLAZAS DE PROFESOR SUSTITUTO<\/a><\/strong><\/li>\n<li><strong><a href=\"https:\/\/www.unileon.es\/convocatorias\/convocatoria-de-16-de-septiembre-de-2024-plazas-de-profesor-asociado-en-ciencias-de\">CONVOCATORIA DE 16 DE SEPTIEMBRE DE 2024. PLAZAS DE PROFESOR ASOCIADO EN CIENCIAS DE LA SALUD<\/a><\/strong><\/li>\n<li><strong><a href=\"https:\/\/www.unileon.es\/convocatorias-urgentes\/convocatoria-de-11-de-septiembre-de-2024-plazas-de-profesor-sustituto\">CONVOCATORIA DE 11 DE SEPTIEMBRE DE 2024. PLAZAS DE PROFESOR SUSTITUTO<\/a><\/strong><\/li>\n<li><strong><a href=\"https:\/\/www.unileon.es\/convocatorias-urgentes\/convocatoria-de-10-de-septiembre-de-2024-plazas-de-profesor-sustituto\">CONVOCATORIA DE 10 DE SEPTIEMBRE DE 2024. PLAZAS DE PROFESOR SUSTITUTO<\/a><\/strong><\/li>\n<li><strong><strong style=\"font-size: revert; color: initial;\"><a href=\"https:\/\/www.unileon.es\/convocatorias\/convocatoria-de-29-de-julio-de-2024-plazas-de-profesor-asociado\">CONVOCATORIA DE 29 DE JULIO DE 2024. PLAZAS DE PROFESOR ASOCIADO<\/a><\/strong><\/strong><\/li>\n<li><strong><a style=\"font-size: revert; font-weight: revert;\" href=\"https:\/\/www.unileon.es\/convocatorias\/convocatoria-de-25-de-julio-de-2024-plazas-de-profesor-ayudante-doctor\">CONVOCATORIA DE 25 DE JULIO DE 2024. PLAZAS DE PROFESOR AYUDANTE DOCTOR<\/a><\/strong><\/li>\n<li><a href=\"https:\/\/www.unileon.es\/convocatorias\/convocatoria-de-6-de-junio-de-2024-plazas-de-profesor-ayudante-doctor\"><strong>CONVOCATORIA DE 6 DE JUNIO DE 2024. PLAZAS DE PROFESOR AYUDANTE DOCTOR<\/strong><\/a><\/li>\n<li><strong><a href=\"https:\/\/www.unileon.es\/convocatorias-urgentes\/convocatoria-de-28-de-febrero-de-2024-plazas-de-profesor-sustituto\">CONVOCATORIA DE 28 DE FEBRERO DE 2024. PLAZAS DE PROFESOR SUSTITUTO<\/a><\/strong><\/li>\n<li><strong><a href=\"https:\/\/www.unileon.es\/convocatorias-urgentes\/convocatoria-de-8-de-febrero-de-2024-plazas-de-profesor-sustituto\">CONVOCATORIA DE 8 DE FEBRERO DE 2024. PLAZAS DE PROFESOR SUSTITUTO<\/a><\/strong><\/li>\n<li><strong><a href=\"https:\/\/www.unileon.es\/convocatorias-urgentes\/convocatoria-de-31-de-enero-de-2024-plazas-de-profesor-sustituto\">CONVOCATORIA DE 31 DE ENERO DE 2024. PLAZAS DE PROFESOR SUSTITUTO<\/a><\/strong><\/li>\n<li><strong><a href=\"https:\/\/www.unileon.es\/convocatorias-urgentes\/convocatoria-de-25-de-enero-de-2024-plazas-de-profesor-sustituto\">CONVOCATORIA DE 25 DE ENERO DE 2024. PLAZAS DE PROFESOR SUSTITUTO<\/a><\/strong><\/li>\n<li><strong><a href=\"https:\/\/www.unileon.es\/convocatorias-urgentes\/convocatoria-de-19-de-enero-de-2024-plazas-de-profesor-sustituto\">CONVOCATORIA DE 19 DE ENERO DE 2024. PLAZAS DE PROFESOR SUSTITUTO<\/a><\/strong><\/li>\n<li><strong><a href=\"https:\/\/www.unileon.es\/convocatorias\/convocatoria-de-30-de-noviembre-de-2023-concurso-plazas-de-profesor-permanente\">CONVOCATORIA DE 30 DE NOVIEMBRE DE 2023- CONCURSO &#8211; PLAZAS DE PROFESOR PERMANENTE LABORAL<\/a><\/strong><\/li>\n<li><strong><a href=\"https:\/\/www.unileon.es\/convocatorias\/convocatoria-22-de-noviembre-de-2023-plazas-de-profesor-ayudante-doctor\">CONVOCATORIA 22 DE NOVIEMBRE DE 2023. PLAZAS DE PROFESOR AYUDANTE DOCTOR<\/a><\/strong><\/li>\n<li><strong><a href=\"https:\/\/www.unileon.es\/convocatorias\/convocatoria-9-de-noviembre-de-2023-plazas-de-profesor-asociado-ciencias-de-la-salud\">CONVOCATORIA 9 DE NOVIEMBRE DE 2023. PLAZAS DE PROFESOR ASOCIADO CIENCIAS DE LA SALUD<\/a><\/strong><\/li>\n<li><strong><a href=\"https:\/\/www.unileon.es\/convocatorias\/convocatoria-de-8-de-noviembre-de-2023-concurso-plazas-de-profesor-permanente-laboral\">CONVOCATORIA DE 8 DE NOVIEMBRE DE 2023. CONCURSO. PLAZAS DE PROFESOR PERMANENTE LABORAL<\/a><\/strong><\/li>\n<li><strong><a href=\"https:\/\/www.unileon.es\/convocatorias-urgentes\/convocatoria-de-24-de-octubre-de-2023-plazas-de-profesor-sustituto\">CONVOCATORIA DE 24 DE OCTUBRE DE 2023. PLAZAS DE PROFESOR SUSTITUTO<\/a><\/strong><\/li>\n<li><strong><a href=\"https:\/\/www.unileon.es\/convocatorias\/convocatoria-de-10-de-octubre-de-2023-concurso-plazas-de-profesor-permanente-laboral\">CONVOCATORIA DE 10 DE OCTUBRE DE 2023. CONCURSO. PLAZAS DE PROFESOR PERMANENTE LABORAL I3\/R3<\/a><\/strong><\/li>\n<li><strong><a href=\"https:\/\/www.unileon.es\/convocatorias\/convocatoria-31-de-julio-de-2023-plazas-de-profesor-asociado-ciencias-de-la-salud\">CONVOCATORIA 31 DE JULIO DE 2023. PLAZAS DE PROFESOR ASOCIADO CIENCIAS DE LA SALUD<\/a><\/strong><\/li>\n<li><strong><a href=\"https:\/\/www.unileon.es\/convocatorias\/convocatoria-de-31-de-julio-de-2023-plazas-de-profesor-asociado\">CONVOCATORIA DE 31 DE JULIO DE 2023. PLAZAS DE PROFESOR ASOCIADO (ARNADELO)<\/a><\/strong><\/li>\n<li><strong><a href=\"https:\/\/www.unileon.es\/convocatorias\/convocatoria-de-26-de-julio-de-2023-concurso-de-acceso-plazas-de-profesor-titular-de\">CONVOCATORIA DE 26 DE JULIO DE 2023 &#8211; CONCURSO DE ACCESO &#8211; PLAZAS DE PROFESOR TITULAR DE UNIVERSIDAD<\/a><\/strong><\/li>\n<li><strong><a href=\"https:\/\/www.unileon.es\/convocatorias\/convocatoria-10-de-julio-de-2023-plazas-de-profesor-ayudante-doctor\">CONVOCATORIA 10 DE JULIO DE 2023. PLAZAS DE PROFESOR AYUDANTE DOCTOR<\/a><\/strong><\/li>\n<li><strong><a href=\"https:\/\/www.unileon.es\/convocatorias\/convocatoria-11-de-abril-de-2023-plazas-de-ayudante-0\">CONVOCATORIA 11 DE ABRIL DE 2023. PLAZAS DE AYUDANTE<\/a><\/strong><\/li>\n<\/ul>\n","protected":false},"excerpt":{"rendered":"<p>\u00daLTIMAS CONVOCATORIAS CONVOCATORIA DE 13 DE MARZO DE 2026. PLAZAS DE PROFESOR ASOCIADO EN CIENCIAS DE LA SALUD. CONVOCATORIA DE 2 DE MARZO DE 2026. PLAZAS DE PROFESOR SUSTITUTO CONVOCATORIA DE 9 DE FEBRERO DE 2026. PLAZAS DE PROFESOR SUSTITUTO CONVOCATORIA DE 6 DE FEBRERO DE 2026. PLAZAS DE PROFESOR ASOCIADO EN CIENCIAS DE LA [&hellip;]<\/p>\n","protected":false},"author":16,"featured_media":0,"parent":0,"menu_order":0,"comment_status":"closed","ping_status":"closed","template":"","meta":{"ngg_post_thumbnail":0,"footnotes":""},"class_list":["post-139","page","type-page","status-publish","hentry"],"yoast_head":"<!-- This site is optimized with the Yoast SEO plugin v25.8 - https:\/\/yoast.com\/wordpress\/plugins\/seo\/ -->\n<title>Convocatorias de Personal Docente e Investigador (P.D.I.) - Departamento de Enfermer\u00eda y Fisioterapia<\/title>\n<meta name=\"robots\" content=\"index, follow, max-snippet:-1, max-image-preview:large, max-video-preview:-1\" \/>\n<link rel=\"canonical\" href=\"https:\/\/departamentos.unileon.es\/enfermeria-y-fisioterapia\/novedades\/\" \/>\n<meta property=\"og:locale\" content=\"es_ES\" \/>\n<meta property=\"og:type\" content=\"article\" \/>\n<meta property=\"og:title\" content=\"Convocatorias de Personal Docente e Investigador (P.D.I.) - Departamento de Enfermer\u00eda y Fisioterapia\" \/>\n<meta property=\"og:description\" content=\"\u00daLTIMAS CONVOCATORIAS CONVOCATORIA DE 13 DE MARZO DE 2026. PLAZAS DE PROFESOR ASOCIADO EN CIENCIAS DE LA SALUD. CONVOCATORIA DE 2 DE MARZO DE 2026. PLAZAS DE PROFESOR SUSTITUTO CONVOCATORIA DE 9 DE FEBRERO DE 2026. PLAZAS DE PROFESOR SUSTITUTO CONVOCATORIA DE 6 DE FEBRERO DE 2026. PLAZAS DE PROFESOR ASOCIADO EN CIENCIAS DE LA [&hellip;]\" \/>\n<meta property=\"og:url\" content=\"https:\/\/departamentos.unileon.es\/enfermeria-y-fisioterapia\/novedades\/\" \/>\n<meta property=\"og:site_name\" content=\"Departamento de Enfermer\u00eda y Fisioterapia\" \/>\n<meta property=\"article:modified_time\" content=\"2026-03-16T08:08:13+00:00\" \/>\n<meta name=\"twitter:card\" content=\"summary_large_image\" \/>\n<meta name=\"twitter:label1\" content=\"Tiempo de lectura\" \/>\n\t<meta name=\"twitter:data1\" content=\"4 minutos\" \/>\n<script type=\"application\/ld+json\" class=\"yoast-schema-graph\">{\"@context\":\"https:\/\/schema.org\",\"@graph\":[{\"@type\":\"WebPage\",\"@id\":\"https:\/\/departamentos.unileon.es\/enfermeria-y-fisioterapia\/novedades\/\",\"url\":\"https:\/\/departamentos.unileon.es\/enfermeria-y-fisioterapia\/novedades\/\",\"name\":\"Convocatorias de Personal Docente e Investigador (P.D.I.) - Departamento de Enfermer\u00eda y Fisioterapia\",\"isPartOf\":{\"@id\":\"https:\/\/departamentos.unileon.es\/enfermeria-y-fisioterapia\/#website\"},\"datePublished\":\"2023-05-24T11:23:03+00:00\",\"dateModified\":\"2026-03-16T08:08:13+00:00\",\"inLanguage\":\"es\",\"potentialAction\":[{\"@type\":\"ReadAction\",\"target\":[\"https:\/\/departamentos.unileon.es\/enfermeria-y-fisioterapia\/novedades\/\"]}]},{\"@type\":\"WebSite\",\"@id\":\"https:\/\/departamentos.unileon.es\/enfermeria-y-fisioterapia\/#website\",\"url\":\"https:\/\/departamentos.unileon.es\/enfermeria-y-fisioterapia\/\",\"name\":\"Departamento de Enfermer\u00eda y Fisioterapia\",\"description\":\"Otro sitio m\u00e1s de Universidad de Le\u00f3n\",\"potentialAction\":[{\"@type\":\"SearchAction\",\"target\":{\"@type\":\"EntryPoint\",\"urlTemplate\":\"https:\/\/departamentos.unileon.es\/enfermeria-y-fisioterapia\/?s={search_term_string}\"},\"query-input\":{\"@type\":\"PropertyValueSpecification\",\"valueRequired\":true,\"valueName\":\"search_term_string\"}}],\"inLanguage\":\"es\"}]}<\/script>\n<!-- \/ Yoast SEO plugin. -->","yoast_head_json":{"title":"Convocatorias de Personal Docente e Investigador (P.D.I.) - Departamento de Enfermer\u00eda y Fisioterapia","robots":{"index":"index","follow":"follow","max-snippet":"max-snippet:-1","max-image-preview":"max-image-preview:large","max-video-preview":"max-video-preview:-1"},"canonical":"https:\/\/departamentos.unileon.es\/enfermeria-y-fisioterapia\/novedades\/","og_locale":"es_ES","og_type":"article","og_title":"Convocatorias de Personal Docente e Investigador (P.D.I.) - Departamento de Enfermer\u00eda y Fisioterapia","og_description":"\u00daLTIMAS CONVOCATORIAS CONVOCATORIA DE 13 DE MARZO DE 2026. PLAZAS DE PROFESOR ASOCIADO EN CIENCIAS DE LA SALUD. CONVOCATORIA DE 2 DE MARZO DE 2026. PLAZAS DE PROFESOR SUSTITUTO CONVOCATORIA DE 9 DE FEBRERO DE 2026. PLAZAS DE PROFESOR SUSTITUTO CONVOCATORIA DE 6 DE FEBRERO DE 2026. PLAZAS DE PROFESOR ASOCIADO EN CIENCIAS DE LA [&hellip;]","og_url":"https:\/\/departamentos.unileon.es\/enfermeria-y-fisioterapia\/novedades\/","og_site_name":"Departamento de Enfermer\u00eda y Fisioterapia","article_modified_time":"2026-03-16T08:08:13+00:00","twitter_card":"summary_large_image","twitter_misc":{"Tiempo de lectura":"4 minutos"},"schema":{"@context":"https:\/\/schema.org","@graph":[{"@type":"WebPage","@id":"https:\/\/departamentos.unileon.es\/enfermeria-y-fisioterapia\/novedades\/","url":"https:\/\/departamentos.unileon.es\/enfermeria-y-fisioterapia\/novedades\/","name":"Convocatorias de Personal Docente e Investigador (P.D.I.) - Departamento de Enfermer\u00eda y Fisioterapia","isPartOf":{"@id":"https:\/\/departamentos.unileon.es\/enfermeria-y-fisioterapia\/#website"},"datePublished":"2023-05-24T11:23:03+00:00","dateModified":"2026-03-16T08:08:13+00:00","inLanguage":"es","potentialAction":[{"@type":"ReadAction","target":["https:\/\/departamentos.unileon.es\/enfermeria-y-fisioterapia\/novedades\/"]}]},{"@type":"WebSite","@id":"https:\/\/departamentos.unileon.es\/enfermeria-y-fisioterapia\/#website","url":"https:\/\/departamentos.unileon.es\/enfermeria-y-fisioterapia\/","name":"Departamento de Enfermer\u00eda y Fisioterapia","description":"Otro sitio m\u00e1s de Universidad de Le\u00f3n","potentialAction":[{"@type":"SearchAction","target":{"@type":"EntryPoint","urlTemplate":"https:\/\/departamentos.unileon.es\/enfermeria-y-fisioterapia\/?s={search_term_string}"},"query-input":{"@type":"PropertyValueSpecification","valueRequired":true,"valueName":"search_term_string"}}],"inLanguage":"es"}]}},"_links":{"self":[{"href":"https:\/\/departamentos.unileon.es\/enfermeria-y-fisioterapia\/wp-json\/wp\/v2\/pages\/139","targetHints":{"allow":["GET"]}}],"collection":[{"href":"https:\/\/departamentos.unileon.es\/enfermeria-y-fisioterapia\/wp-json\/wp\/v2\/pages"}],"about":[{"href":"https:\/\/departamentos.unileon.es\/enfermeria-y-fisioterapia\/wp-json\/wp\/v2\/types\/page"}],"author":[{"embeddable":true,"href":"https:\/\/departamentos.unileon.es\/enfermeria-y-fisioterapia\/wp-json\/wp\/v2\/users\/16"}],"replies":[{"embeddable":true,"href":"https:\/\/departamentos.unileon.es\/enfermeria-y-fisioterapia\/wp-json\/wp\/v2\/comments?post=139"}],"version-history":[{"count":98,"href":"https:\/\/departamentos.unileon.es\/enfermeria-y-fisioterapia\/wp-json\/wp\/v2\/pages\/139\/revisions"}],"predecessor-version":[{"id":467,"href":"https:\/\/departamentos.unileon.es\/enfermeria-y-fisioterapia\/wp-json\/wp\/v2\/pages\/139\/revisions\/467"}],"wp:attachment":[{"href":"https:\/\/departamentos.unileon.es\/enfermeria-y-fisioterapia\/wp-json\/wp\/v2\/media?parent=139"}],"curies":[{"name":"wp","href":"https:\/\/api.w.org\/{rel}","templated":true}]}}