{"id":561,"date":"2014-11-10T10:06:47","date_gmt":"2014-11-10T10:06:47","guid":{"rendered":"http:\/\/departamentos.unileon.es\/economia-y-estadistica\/?page_id=561"},"modified":"2025-08-05T08:09:29","modified_gmt":"2025-08-05T08:09:29","slug":"tesis","status":"publish","type":"page","link":"https:\/\/departamentos.unileon.es\/economia-y-estadistica\/tesis\/","title":{"rendered":"Tesis Doctorales"},"content":{"rendered":"\n<h3 class=\"wp-block-heading\">Tesis doctorales dirigidas por miembros del Departamento<\/h3>\n\n\n\n<p>Autor: Pablo Garc\u00eda Garc\u00eda<br>T\u00edtulo: <i>Just energy transitions to low carbon economies: Coal mining areas and welfare policies<\/i><br>Directores: \u00d3scar Carpintero Redondo y<strong> Luis Buend\u00eda Garc\u00eda<\/strong><br>A\u00f1o de lectura: 2022<\/p>\n\n\n\n<p>Autor: Jos\u00e9 Antonio Morillas del Moral<br>T\u00edtulo: <em>Construyendo calidad alimentaria desde los nuevos comunes. Estudios de caso en Espa\u00f1a e Italia<\/em><br>Directores: Fernando L\u00f3pez Castellano, Fernando Garc\u00eda Quero y<strong> Alfredo Mac\u00edas V\u00e1zquez<\/strong><br>A\u00f1o de lectura: 2022<\/p>\n\n\n\n<p><span style=\"color: #000000;\">Autor: Carlos Marcelo Le\u00f3n Castro<br>T\u00edtulo: <em>La econom\u00eda popular y solidaria. An\u00e1lisis y perspectivas de desarrollo&nbsp;econ\u00f3mico y territorial de la provincia de Santa Elena \u2013 Ecuador<\/em><br>Directores: Paz Benito del Pozo y<strong> Alfredo Mac\u00edas V\u00e1zquez<\/strong><br>A\u00f1o de lectura: 2018<\/span><\/p>\n\n\n\n<p><span style=\"color: #000000;\">Autor: Agust\u00edn Velazquez Afonso<\/span><br><span style=\"color: #000000;\">T\u00edtulo:&nbsp;<em>Modelos Lineales de Equilibrio General: Estimaciones y aplicaciones de las Matrices de Contabilidad Social Real y Financiera para las econom\u00edas venezolana y espa\u00f1ola<\/em><\/span><br><span style=\"color: #000000;\">Directores: Henry Aray Casanova y <strong>Luis Enrique Pedauga<\/strong><\/span><br><span style=\"color: #000000;\">A\u00f1o de lectura: 2017<\/span><\/p>\n\n\n\n<p><span style=\"color: #000000;\">Autor: Sen\u00e9n del Canto Garc\u00eda<\/span><br><span style=\"color: #000000;\">T\u00edtulo: <em>La cooperaci\u00f3n transfronteriza en el Duero Internacional<\/em><\/span><br><span style=\"color: #000000;\">Directores: <strong>Jos\u00e9 Manuel D\u00edez Modino<\/strong> y Melchor Fern\u00e1ndez Fern\u00e1ndez <\/span><br><span style=\"color: #000000;\">A\u00f1o de lectura: 2016<\/span><\/p>\n\n\n\n<p><span style=\"color: #000000;\">Autor: A\u00edda Raquel Lozada Rivera<\/span><br><span style=\"color: #000000;\">T\u00edtulo: <em>Comparaci\u00f3n del valor de pertinencia de las normas contables en Estados Unidos versus las normas internacionales de informaci\u00f3n financiera: el caso de las \u00abAmerican Depositary Receipts\u00bb<\/em><\/span><br><span style=\"color: #000000;\">Directoras: <strong>Ana Pardo Fanjul<\/strong> y Cristina Guti\u00e9rrez L\u00f3pez<\/span><br><span style=\"color: #000000;\">A\u00f1o de lectura: 2015<\/span><\/p>\n\n\n\n<p><span style=\"color: #000000;\">Autor: Ana Isabel Salvador Chamorro<\/span><br><span style=\"color: #000000;\">T\u00edtulo: <em>El comercio exterior de bienes de China: un an\u00e1lisis de su evoluci\u00f3n y situaci\u00f3n<\/em> actual<\/span><br><span style=\"color: #000000;\">Director:<strong> Jos\u00e9 Manuel D\u00edez Modino<\/strong><\/span><br><span style=\"color: #000000;\">A\u00f1o de lectura: 2014<\/span><\/p>\n\n\n\n<p><span style=\"color: #000000;\">Autor: Luis Bayardo Tobar Pes\u00e1ntez<\/span><br><span style=\"color: #000000;\">T\u00edtulo: <em>Las peque\u00f1as y medianas empresas en Cuenca, su impacto en la econom\u00eda local<\/em><\/span><br><span style=\"color: #000000;\">Director: <strong>Jos\u00e9 Manuel D\u00edez Modino<\/strong><\/span><br><span style=\"color: #000000;\">A\u00f1o de lectura: 2014<\/span><\/p>\n\n\n\n<p><span style=\"color: #000000;\">Autor: Eduardo C. Fern\u00e1ndez Huerga<\/span><br><span style=\"color: #000000;\">T\u00edtulo: <em>La teor\u00eda de la segmentaci\u00f3n del mercado de trabajo. Una reconsideraci\u00f3n desde la perspectiva institucionalista y poskeynesiana<\/em><\/span><br><span style=\"color: #000000;\">Director: <strong>Jos\u00e9 Manuel Ag\u00fcera Sirgo<\/strong><\/span><br><span style=\"color: #000000;\">A\u00f1o de lectura: 2012<\/span><\/p>\n\n\n\n<p><span style=\"color: #000000;\">Autor: <span lang=\"ES-TRAD\">Gonzalo Saavedra Gallo<\/span><\/span><br><span style=\"color: #000000;\">T\u00edtulo: <em>Perspectivas culturales del desarrollo en las Costas Australes de Chile. Aproximaci\u00f3n antropol\u00f3gica a las persistencias y transformaciones de las econom\u00edas de pesca artesanal en el litoral de Ais\u00e9n<\/em><\/span><br><span style=\"color: #000000;\">Director: <strong>Alfredo Mac\u00edas V\u00e1zquez<\/strong><\/span><br><span style=\"color: #000000;\">A\u00f1o de lectura: 2011<\/span><\/p>\n","protected":false},"excerpt":{"rendered":"<p>Tesis doctorales dirigidas por miembros del Departamento Autor: Pablo Garc\u00eda Garc\u00edaT\u00edtulo: Just energy transitions to low carbon economies: Coal mining areas and welfare policiesDirectores: \u00d3scar Carpintero Redondo y Luis Buend\u00eda Garc\u00edaA\u00f1o de lectura: 2022 Autor: Jos\u00e9 Antonio Morillas del MoralT\u00edtulo: Construyendo calidad alimentaria desde los nuevos comunes. Estudios de caso en Espa\u00f1a e ItaliaDirectores: Fernando [&hellip;]<\/p>\n","protected":false},"author":14,"featured_media":0,"parent":0,"menu_order":0,"comment_status":"closed","ping_status":"closed","template":"","meta":{"ngg_post_thumbnail":0,"footnotes":""},"class_list":["post-561","page","type-page","status-publish","hentry"],"yoast_head":"<!-- This site is optimized with the Yoast SEO plugin v25.8 - https:\/\/yoast.com\/wordpress\/plugins\/seo\/ -->\n<title>Tesis Doctorales - Departamento de Econom\u00eda y Estad\u00edstica<\/title>\n<meta name=\"robots\" content=\"index, follow, max-snippet:-1, max-image-preview:large, max-video-preview:-1\" \/>\n<link rel=\"canonical\" href=\"https:\/\/departamentos.unileon.es\/economia-y-estadistica\/tesis\/\" \/>\n<meta property=\"og:locale\" content=\"es_ES\" \/>\n<meta property=\"og:type\" content=\"article\" \/>\n<meta property=\"og:title\" content=\"Tesis Doctorales - Departamento de Econom\u00eda y Estad\u00edstica\" \/>\n<meta property=\"og:description\" content=\"Tesis doctorales dirigidas por miembros del Departamento Autor: Pablo Garc\u00eda Garc\u00edaT\u00edtulo: Just energy transitions to low carbon economies: Coal mining areas and welfare policiesDirectores: \u00d3scar Carpintero Redondo y Luis Buend\u00eda Garc\u00edaA\u00f1o de lectura: 2022 Autor: Jos\u00e9 Antonio Morillas del MoralT\u00edtulo: Construyendo calidad alimentaria desde los nuevos comunes. Estudios de caso en Espa\u00f1a e ItaliaDirectores: Fernando [&hellip;]\" \/>\n<meta property=\"og:url\" content=\"https:\/\/departamentos.unileon.es\/economia-y-estadistica\/tesis\/\" \/>\n<meta property=\"og:site_name\" content=\"Departamento de Econom\u00eda y Estad\u00edstica\" \/>\n<meta property=\"article:modified_time\" content=\"2025-08-05T08:09:29+00:00\" \/>\n<meta name=\"twitter:card\" content=\"summary_large_image\" \/>\n<meta name=\"twitter:label1\" content=\"Tiempo de lectura\" \/>\n\t<meta name=\"twitter:data1\" content=\"2 minutos\" \/>\n<script type=\"application\/ld+json\" class=\"yoast-schema-graph\">{\"@context\":\"https:\/\/schema.org\",\"@graph\":[{\"@type\":\"WebPage\",\"@id\":\"https:\/\/departamentos.unileon.es\/economia-y-estadistica\/tesis\/\",\"url\":\"https:\/\/departamentos.unileon.es\/economia-y-estadistica\/tesis\/\",\"name\":\"Tesis Doctorales - Departamento de Econom\u00eda y Estad\u00edstica\",\"isPartOf\":{\"@id\":\"https:\/\/departamentos.unileon.es\/economia-y-estadistica\/#website\"},\"datePublished\":\"2014-11-10T10:06:47+00:00\",\"dateModified\":\"2025-08-05T08:09:29+00:00\",\"inLanguage\":\"es\",\"potentialAction\":[{\"@type\":\"ReadAction\",\"target\":[\"https:\/\/departamentos.unileon.es\/economia-y-estadistica\/tesis\/\"]}]},{\"@type\":\"WebSite\",\"@id\":\"https:\/\/departamentos.unileon.es\/economia-y-estadistica\/#website\",\"url\":\"https:\/\/departamentos.unileon.es\/economia-y-estadistica\/\",\"name\":\"Departamento de Econom\u00eda y Estad\u00edstica\",\"description\":\"P\u00e1gina web del Departamento de Econom\u00eda y Estad\u00edstica de la Universidad de Le\u00f3n\",\"potentialAction\":[{\"@type\":\"SearchAction\",\"target\":{\"@type\":\"EntryPoint\",\"urlTemplate\":\"https:\/\/departamentos.unileon.es\/economia-y-estadistica\/?s={search_term_string}\"},\"query-input\":{\"@type\":\"PropertyValueSpecification\",\"valueRequired\":true,\"valueName\":\"search_term_string\"}}],\"inLanguage\":\"es\"}]}<\/script>\n<!-- \/ Yoast SEO plugin. -->","yoast_head_json":{"title":"Tesis Doctorales - Departamento de Econom\u00eda y Estad\u00edstica","robots":{"index":"index","follow":"follow","max-snippet":"max-snippet:-1","max-image-preview":"max-image-preview:large","max-video-preview":"max-video-preview:-1"},"canonical":"https:\/\/departamentos.unileon.es\/economia-y-estadistica\/tesis\/","og_locale":"es_ES","og_type":"article","og_title":"Tesis Doctorales - Departamento de Econom\u00eda y Estad\u00edstica","og_description":"Tesis doctorales dirigidas por miembros del Departamento Autor: Pablo Garc\u00eda Garc\u00edaT\u00edtulo: Just energy transitions to low carbon economies: Coal mining areas and welfare policiesDirectores: \u00d3scar Carpintero Redondo y Luis Buend\u00eda Garc\u00edaA\u00f1o de lectura: 2022 Autor: Jos\u00e9 Antonio Morillas del MoralT\u00edtulo: Construyendo calidad alimentaria desde los nuevos comunes. Estudios de caso en Espa\u00f1a e ItaliaDirectores: Fernando [&hellip;]","og_url":"https:\/\/departamentos.unileon.es\/economia-y-estadistica\/tesis\/","og_site_name":"Departamento de Econom\u00eda y Estad\u00edstica","article_modified_time":"2025-08-05T08:09:29+00:00","twitter_card":"summary_large_image","twitter_misc":{"Tiempo de lectura":"2 minutos"},"schema":{"@context":"https:\/\/schema.org","@graph":[{"@type":"WebPage","@id":"https:\/\/departamentos.unileon.es\/economia-y-estadistica\/tesis\/","url":"https:\/\/departamentos.unileon.es\/economia-y-estadistica\/tesis\/","name":"Tesis Doctorales - Departamento de Econom\u00eda y Estad\u00edstica","isPartOf":{"@id":"https:\/\/departamentos.unileon.es\/economia-y-estadistica\/#website"},"datePublished":"2014-11-10T10:06:47+00:00","dateModified":"2025-08-05T08:09:29+00:00","inLanguage":"es","potentialAction":[{"@type":"ReadAction","target":["https:\/\/departamentos.unileon.es\/economia-y-estadistica\/tesis\/"]}]},{"@type":"WebSite","@id":"https:\/\/departamentos.unileon.es\/economia-y-estadistica\/#website","url":"https:\/\/departamentos.unileon.es\/economia-y-estadistica\/","name":"Departamento de Econom\u00eda y Estad\u00edstica","description":"P\u00e1gina web del Departamento de Econom\u00eda y Estad\u00edstica de la Universidad de Le\u00f3n","potentialAction":[{"@type":"SearchAction","target":{"@type":"EntryPoint","urlTemplate":"https:\/\/departamentos.unileon.es\/economia-y-estadistica\/?s={search_term_string}"},"query-input":{"@type":"PropertyValueSpecification","valueRequired":true,"valueName":"search_term_string"}}],"inLanguage":"es"}]}},"_links":{"self":[{"href":"https:\/\/departamentos.unileon.es\/economia-y-estadistica\/wp-json\/wp\/v2\/pages\/561","targetHints":{"allow":["GET"]}}],"collection":[{"href":"https:\/\/departamentos.unileon.es\/economia-y-estadistica\/wp-json\/wp\/v2\/pages"}],"about":[{"href":"https:\/\/departamentos.unileon.es\/economia-y-estadistica\/wp-json\/wp\/v2\/types\/page"}],"author":[{"embeddable":true,"href":"https:\/\/departamentos.unileon.es\/economia-y-estadistica\/wp-json\/wp\/v2\/users\/14"}],"replies":[{"embeddable":true,"href":"https:\/\/departamentos.unileon.es\/economia-y-estadistica\/wp-json\/wp\/v2\/comments?post=561"}],"version-history":[{"count":16,"href":"https:\/\/departamentos.unileon.es\/economia-y-estadistica\/wp-json\/wp\/v2\/pages\/561\/revisions"}],"predecessor-version":[{"id":2509,"href":"https:\/\/departamentos.unileon.es\/economia-y-estadistica\/wp-json\/wp\/v2\/pages\/561\/revisions\/2509"}],"wp:attachment":[{"href":"https:\/\/departamentos.unileon.es\/economia-y-estadistica\/wp-json\/wp\/v2\/media?parent=561"}],"curies":[{"name":"wp","href":"https:\/\/api.w.org\/{rel}","templated":true}]}}