{"id":4,"date":"2010-08-17T07:56:57","date_gmt":"2010-08-17T07:56:57","guid":{"rendered":"http:\/\/departamentos.unileon.es\/didactica-general-especifica-y-teoria-de-la-educacion\/"},"modified":"2026-01-12T07:17:03","modified_gmt":"2026-01-12T07:17:03","slug":"organos-directivos","status":"publish","type":"page","link":"https:\/\/departamentos.unileon.es\/didactica-general-especifica-y-teoria-de-la-educacion\/organos-directivos\/","title":{"rendered":"\u00d3rganos Directivos"},"content":{"rendered":"<table style=\"width: 100%; height: 72px;\">\n<tbody>\n<tr style=\"height: 24px;\">\n<th style=\"height: 24px;\">Directora de Departamento<\/th>\n<td style=\"height: 24px;\"><strong><a href=\"mailto:ana.arias@unileon.es\">Ana Rosa Arias Gago<\/a><\/strong><\/td>\n<td style=\"height: 24px;\">Tel\u00e9fono: 3118<\/td>\n<\/tr>\n<!--\n\n\n<tr style=\"height: 24px;\">\n\n\n<th style=\"height: 24px;\">Subdirectora de Departamento<\/th>\n\n\n\n\n<td style=\"height: 24px;\"><strong><a href=\"mailto:sprab@unileon.es\">Saray Prados Bravo<\/a><\/strong><\/td>\n\n\n\n\n<td style=\"height: 24px;\">Tel\u00e9fono: 1758<\/td>\n\n\n<\/tr>\n\n\n-->\n<tr style=\"height: 24px;\">\n<th style=\"height: 24px;\">Secretaria de Departamento<\/th>\n<td style=\"height: 24px;\"><strong><a href=\"mailto:alozl@unileon.es\">Alba Lozano Letellier<\/a><\/strong><\/td>\n<td style=\"height: 24px;\">Tel\u00e9fono: 3115<\/td>\n<\/tr>\n<\/tbody>\n<\/table>\n\n","protected":false},"excerpt":{"rendered":"<p>Directora de Departamento Ana Rosa Arias Gago Tel\u00e9fono: 3118 Secretaria de Departamento Alba Lozano Letellier Tel\u00e9fono: 3115<\/p>\n","protected":false},"author":12,"featured_media":0,"parent":0,"menu_order":0,"comment_status":"closed","ping_status":"open","template":"","meta":{"ngg_post_thumbnail":0,"footnotes":""},"class_list":["post-4","page","type-page","status-publish","hentry"],"yoast_head":"<!-- This site is optimized with the Yoast SEO plugin v25.8 - https:\/\/yoast.com\/wordpress\/plugins\/seo\/ -->\n<title>\u00d3rganos Directivos - Departamento de Did\u00e1ctica General, Espec\u00edficas y Teor\u00eda de la Educaci\u00f3n<\/title>\n<meta name=\"robots\" content=\"index, follow, max-snippet:-1, max-image-preview:large, max-video-preview:-1\" \/>\n<link rel=\"canonical\" href=\"https:\/\/departamentos.unileon.es\/didactica-general-especifica-y-teoria-de-la-educacion\/organos-directivos\/\" \/>\n<meta property=\"og:locale\" content=\"es_ES\" \/>\n<meta property=\"og:type\" content=\"article\" \/>\n<meta property=\"og:title\" content=\"\u00d3rganos Directivos - Departamento de Did\u00e1ctica General, Espec\u00edficas y Teor\u00eda de la Educaci\u00f3n\" \/>\n<meta property=\"og:description\" content=\"Directora de Departamento Ana Rosa Arias Gago Tel\u00e9fono: 3118 Secretaria de Departamento Alba Lozano Letellier Tel\u00e9fono: 3115\" \/>\n<meta property=\"og:url\" content=\"https:\/\/departamentos.unileon.es\/didactica-general-especifica-y-teoria-de-la-educacion\/organos-directivos\/\" \/>\n<meta property=\"og:site_name\" content=\"Departamento de Did\u00e1ctica General, Espec\u00edficas y Teor\u00eda de la Educaci\u00f3n\" \/>\n<meta property=\"article:modified_time\" content=\"2026-01-12T07:17:03+00:00\" \/>\n<meta name=\"twitter:card\" content=\"summary_large_image\" \/>\n<meta name=\"twitter:label1\" content=\"Tiempo de lectura\" \/>\n\t<meta name=\"twitter:data1\" content=\"1 minuto\" \/>\n<script type=\"application\/ld+json\" class=\"yoast-schema-graph\">{\"@context\":\"https:\/\/schema.org\",\"@graph\":[{\"@type\":\"WebPage\",\"@id\":\"https:\/\/departamentos.unileon.es\/didactica-general-especifica-y-teoria-de-la-educacion\/organos-directivos\/\",\"url\":\"https:\/\/departamentos.unileon.es\/didactica-general-especifica-y-teoria-de-la-educacion\/organos-directivos\/\",\"name\":\"\u00d3rganos Directivos - Departamento de Did\u00e1ctica General, Espec\u00edficas y Teor\u00eda de la Educaci\u00f3n\",\"isPartOf\":{\"@id\":\"https:\/\/departamentos.unileon.es\/didactica-general-especifica-y-teoria-de-la-educacion\/#website\"},\"datePublished\":\"2010-08-17T07:56:57+00:00\",\"dateModified\":\"2026-01-12T07:17:03+00:00\",\"inLanguage\":\"es\",\"potentialAction\":[{\"@type\":\"ReadAction\",\"target\":[\"https:\/\/departamentos.unileon.es\/didactica-general-especifica-y-teoria-de-la-educacion\/organos-directivos\/\"]}]},{\"@type\":\"WebSite\",\"@id\":\"https:\/\/departamentos.unileon.es\/didactica-general-especifica-y-teoria-de-la-educacion\/#website\",\"url\":\"https:\/\/departamentos.unileon.es\/didactica-general-especifica-y-teoria-de-la-educacion\/\",\"name\":\"Departamento de Did\u00e1ctica General, Espec\u00edficas y Teor\u00eda de la Educaci\u00f3n\",\"description\":\"Otro sitio m\u00e1s de Universidad de Le\u00f3n\",\"potentialAction\":[{\"@type\":\"SearchAction\",\"target\":{\"@type\":\"EntryPoint\",\"urlTemplate\":\"https:\/\/departamentos.unileon.es\/didactica-general-especifica-y-teoria-de-la-educacion\/?s={search_term_string}\"},\"query-input\":{\"@type\":\"PropertyValueSpecification\",\"valueRequired\":true,\"valueName\":\"search_term_string\"}}],\"inLanguage\":\"es\"}]}<\/script>\n<!-- \/ Yoast SEO plugin. -->","yoast_head_json":{"title":"\u00d3rganos Directivos - Departamento de Did\u00e1ctica General, Espec\u00edficas y Teor\u00eda de la Educaci\u00f3n","robots":{"index":"index","follow":"follow","max-snippet":"max-snippet:-1","max-image-preview":"max-image-preview:large","max-video-preview":"max-video-preview:-1"},"canonical":"https:\/\/departamentos.unileon.es\/didactica-general-especifica-y-teoria-de-la-educacion\/organos-directivos\/","og_locale":"es_ES","og_type":"article","og_title":"\u00d3rganos Directivos - Departamento de Did\u00e1ctica General, Espec\u00edficas y Teor\u00eda de la Educaci\u00f3n","og_description":"Directora de Departamento Ana Rosa Arias Gago Tel\u00e9fono: 3118 Secretaria de Departamento Alba Lozano Letellier Tel\u00e9fono: 3115","og_url":"https:\/\/departamentos.unileon.es\/didactica-general-especifica-y-teoria-de-la-educacion\/organos-directivos\/","og_site_name":"Departamento de Did\u00e1ctica General, Espec\u00edficas y Teor\u00eda de la Educaci\u00f3n","article_modified_time":"2026-01-12T07:17:03+00:00","twitter_card":"summary_large_image","twitter_misc":{"Tiempo de lectura":"1 minuto"},"schema":{"@context":"https:\/\/schema.org","@graph":[{"@type":"WebPage","@id":"https:\/\/departamentos.unileon.es\/didactica-general-especifica-y-teoria-de-la-educacion\/organos-directivos\/","url":"https:\/\/departamentos.unileon.es\/didactica-general-especifica-y-teoria-de-la-educacion\/organos-directivos\/","name":"\u00d3rganos Directivos - Departamento de Did\u00e1ctica General, Espec\u00edficas y Teor\u00eda de la Educaci\u00f3n","isPartOf":{"@id":"https:\/\/departamentos.unileon.es\/didactica-general-especifica-y-teoria-de-la-educacion\/#website"},"datePublished":"2010-08-17T07:56:57+00:00","dateModified":"2026-01-12T07:17:03+00:00","inLanguage":"es","potentialAction":[{"@type":"ReadAction","target":["https:\/\/departamentos.unileon.es\/didactica-general-especifica-y-teoria-de-la-educacion\/organos-directivos\/"]}]},{"@type":"WebSite","@id":"https:\/\/departamentos.unileon.es\/didactica-general-especifica-y-teoria-de-la-educacion\/#website","url":"https:\/\/departamentos.unileon.es\/didactica-general-especifica-y-teoria-de-la-educacion\/","name":"Departamento de Did\u00e1ctica General, Espec\u00edficas y Teor\u00eda de la Educaci\u00f3n","description":"Otro sitio m\u00e1s de Universidad de Le\u00f3n","potentialAction":[{"@type":"SearchAction","target":{"@type":"EntryPoint","urlTemplate":"https:\/\/departamentos.unileon.es\/didactica-general-especifica-y-teoria-de-la-educacion\/?s={search_term_string}"},"query-input":{"@type":"PropertyValueSpecification","valueRequired":true,"valueName":"search_term_string"}}],"inLanguage":"es"}]}},"_links":{"self":[{"href":"https:\/\/departamentos.unileon.es\/didactica-general-especifica-y-teoria-de-la-educacion\/wp-json\/wp\/v2\/pages\/4","targetHints":{"allow":["GET"]}}],"collection":[{"href":"https:\/\/departamentos.unileon.es\/didactica-general-especifica-y-teoria-de-la-educacion\/wp-json\/wp\/v2\/pages"}],"about":[{"href":"https:\/\/departamentos.unileon.es\/didactica-general-especifica-y-teoria-de-la-educacion\/wp-json\/wp\/v2\/types\/page"}],"author":[{"embeddable":true,"href":"https:\/\/departamentos.unileon.es\/didactica-general-especifica-y-teoria-de-la-educacion\/wp-json\/wp\/v2\/users\/12"}],"replies":[{"embeddable":true,"href":"https:\/\/departamentos.unileon.es\/didactica-general-especifica-y-teoria-de-la-educacion\/wp-json\/wp\/v2\/comments?post=4"}],"version-history":[{"count":19,"href":"https:\/\/departamentos.unileon.es\/didactica-general-especifica-y-teoria-de-la-educacion\/wp-json\/wp\/v2\/pages\/4\/revisions"}],"predecessor-version":[{"id":153,"href":"https:\/\/departamentos.unileon.es\/didactica-general-especifica-y-teoria-de-la-educacion\/wp-json\/wp\/v2\/pages\/4\/revisions\/153"}],"wp:attachment":[{"href":"https:\/\/departamentos.unileon.es\/didactica-general-especifica-y-teoria-de-la-educacion\/wp-json\/wp\/v2\/media?parent=4"}],"curies":[{"name":"wp","href":"https:\/\/api.w.org\/{rel}","templated":true}]}}

Órganos Directivos

<table style="width: 100%; height: 72px;">
<tbody>
<tr style="height: 24px;">
<th style="height: 24px;">Directora de Departamento</th>
<td style="height: 24px;"><strong><a href="mailto:ana.arias@unileon.es">Ana Rosa Arias Gago</a></strong></td>
<td style="height: 24px;">Teléfono: 3118</td>
</tr>
<!--


<tr style="height: 24px;">


<th style="height: 24px;">Subdirectora de Departamento</th>




<td style="height: 24px;"><strong><a href="mailto:sprab@unileon.es">Saray Prados Bravo</a></strong></td>




<td style="height: 24px;">Teléfono: 1758</td>


</tr>


-->
<tr style="height: 24px;">
<th style="height: 24px;">Secretaria de Departamento</th>
<td style="height: 24px;"><strong><a href="mailto:alozl@unileon.es">Alba Lozano Letellier</a></strong></td>
<td style="height: 24px;">Teléfono: 3115</td>
</tr>
</tbody>
</table>

<p>Directora de Departamento Ana Rosa Arias Gago Teléfono: 3118 Secretaria de Departamento Alba Lozano Letellier Teléfono: 3115</p>

<!-- This site is optimized with the Yoast SEO plugin v25.8 - https://yoast.com/wordpress/plugins/seo/ -->
<title>Órganos Directivos - Departamento de Didáctica General, Específicas y Teoría de la Educación</title>
<meta name="robots" content="index, follow, max-snippet:-1, max-image-preview:large, max-video-preview:-1" />
<link rel="canonical" href="https://departamentos.unileon.es/didactica-general-especifica-y-teoria-de-la-educacion/organos-directivos/" />
<meta property="og:locale" content="es_ES" />
<meta property="og:type" content="article" />
<meta property="og:title" content="Órganos Directivos - Departamento de Didáctica General, Específicas y Teoría de la Educación" />
<meta property="og:description" content="Directora de Departamento Ana Rosa Arias Gago Teléfono: 3118 Secretaria de Departamento Alba Lozano Letellier Teléfono: 3115" />
<meta property="og:url" content="https://departamentos.unileon.es/didactica-general-especifica-y-teoria-de-la-educacion/organos-directivos/" />
<meta property="og:site_name" content="Departamento de Didáctica General, Específicas y Teoría de la Educación" />
<meta property="article:modified_time" content="2026-01-12T07:17:03+00:00" />
<meta name="twitter:card" content="summary_large_image" />
<meta name="twitter:label1" content="Tiempo de lectura" />
	<meta name="twitter:data1" content="1 minuto" />
<script type="application/ld+json" class="yoast-schema-graph">{"@context":"https://schema.org","@graph":[{"@type":"WebPage","@id":"https://departamentos.unileon.es/didactica-general-especifica-y-teoria-de-la-educacion/organos-directivos/","url":"https://departamentos.unileon.es/didactica-general-especifica-y-teoria-de-la-educacion/organos-directivos/","name":"Órganos Directivos - Departamento de Didáctica General, Específicas y Teoría de la Educación","isPartOf":{"@id":"https://departamentos.unileon.es/didactica-general-especifica-y-teoria-de-la-educacion/#website"},"datePublished":"2010-08-17T07:56:57+00:00","dateModified":"2026-01-12T07:17:03+00:00","inLanguage":"es","potentialAction":[{"@type":"ReadAction","target":["https://departamentos.unileon.es/didactica-general-especifica-y-teoria-de-la-educacion/organos-directivos/"]}]},{"@type":"WebSite","@id":"https://departamentos.unileon.es/didactica-general-especifica-y-teoria-de-la-educacion/#website","url":"https://departamentos.unileon.es/didactica-general-especifica-y-teoria-de-la-educacion/","name":"Departamento de Didáctica General, Específicas y Teoría de la Educación","description":"Otro sitio más de Universidad de León","potentialAction":[{"@type":"SearchAction","target":{"@type":"EntryPoint","urlTemplate":"https://departamentos.unileon.es/didactica-general-especifica-y-teoria-de-la-educacion/?s={search_term_string}"},"query-input":{"@type":"PropertyValueSpecification","valueRequired":true,"valueName":"search_term_string"}}],"inLanguage":"es"}]}</script>
<!-- / Yoast SEO plugin. -->

Órganos Directivos - Departamento de Didáctica General, Específicas y Teoría de la Educación

Directora de Departamento Ana Rosa Arias Gago Teléfono: 3118 Secretaria de Departamento Alba Lozano Letellier Teléfono: 3115

Departamento de Didáctica General, Específicas y Teoría de la Educación

Otro sitio más de Universidad de León
