{"id":182,"date":"2023-11-23T09:23:18","date_gmt":"2023-11-23T09:23:18","guid":{"rendered":"https:\/\/departamentos.unileon.es\/derecho-publico\/?page_id=182"},"modified":"2023-11-23T09:23:18","modified_gmt":"2023-11-23T09:23:18","slug":"grupos-de-investigacion","status":"publish","type":"page","link":"https:\/\/departamentos.unileon.es\/derecho-publico\/grupos-de-investigacion\/","title":{"rendered":"Grupos de Investigaci\u00f3n"},"content":{"rendered":"\n\n\n<figure class=\"wp-block-table\"><table><tbody><tr><td class=\"has-text-align-center\" data-align=\"center\"><strong>Grupos de Investigaci\u00f3n<\/strong><\/td><td class=\"has-text-align-center\" data-align=\"center\"><strong>Enlaces<\/strong><\/td><\/tr><tr><td class=\"has-text-align-center\" data-align=\"center\">DERECONSULE:&nbsp;DERECHO CONSTITUCIONAL UNIVERSIDAD DE LE\u00d3N<\/td><td class=\"has-text-align-center\" data-align=\"center\"><a href=\"https:\/\/portalcientifico.unileon.es\/grupos\/8596\/detalle\">DERECONSULE<\/a><\/td><\/tr><tr><td class=\"has-text-align-center\" data-align=\"center\">DERFIN:&nbsp;DERECHO FINANCIERO DE LA UNIVERSIDAD DE LE\u00d3N<\/td><td class=\"has-text-align-center\" data-align=\"center\"><a href=\"https:\/\/portalcientifico.unileon.es\/grupos\/8603\/detalle\">DERFIN<\/a><\/td><\/tr><tr><td class=\"has-text-align-center\" data-align=\"center\">DEPROULE: DERECHO PROCESAL<\/td><td class=\"has-text-align-center\" data-align=\"center\"><a href=\"https:\/\/portalcientifico.unileon.es\/grupos\/8606\/detalle\">DEPROULE<\/a><\/td><\/tr><tr><td class=\"has-text-align-center\" data-align=\"center\">DICE: DERECHO DEL INTER\u00c9S COM\u00daN EUROPEO<\/td><td class=\"has-text-align-center\" data-align=\"center\"><a href=\"https:\/\/portalcientifico.unileon.es\/grupos\/8614\/detalle\">DICE<\/a><\/td><\/tr><tr><td class=\"has-text-align-center\" data-align=\"center\">DPULE: DERECHO PENAL DE LA UNIVERSIDAD DE LE\u00d3N<\/td><td class=\"has-text-align-center\" data-align=\"center\"><a href=\"https:\/\/portalcientifico.unileon.es\/grupos\/8553\/detalle\">DPULE<\/a><\/td><\/tr><tr><td class=\"has-text-align-center\" data-align=\"center\">DRAR: DERECHO, RAZONAMIENTO Y ARGUMENTACI\u00d3N<\/td><td class=\"has-text-align-center\" data-align=\"center\"><a href=\"https:\/\/portalcientifico.unileon.es\/grupos\/8563\/detalle\">DRAR<\/a><\/td><\/tr><\/tbody><\/table><\/figure>\n","protected":false},"excerpt":{"rendered":"<p>Grupos de Investigaci\u00f3nEnlacesDERECONSULE:&nbsp;DERECHO CONSTITUCIONAL UNIVERSIDAD DE LE\u00d3NDERECONSULEDERFIN:&nbsp;DERECHO FINANCIERO DE LA UNIVERSIDAD DE LE\u00d3NDERFINDEPROULE: DERECHO PROCESALDEPROULEDICE: DERECHO DEL INTER\u00c9S COM\u00daN EUROPEODICEDPULE: DERECHO PENAL DE LA UNIVERSIDAD DE LE\u00d3NDPULEDRAR: DERECHO, RAZONAMIENTO Y ARGUMENTACI\u00d3NDRAR<\/p>\n","protected":false},"author":243,"featured_media":0,"parent":0,"menu_order":0,"comment_status":"closed","ping_status":"closed","template":"","meta":{"ngg_post_thumbnail":0,"footnotes":""},"class_list":["post-182","page","type-page","status-publish","hentry"],"yoast_head":"<!-- This site is optimized with the Yoast SEO plugin v25.8 - https:\/\/yoast.com\/wordpress\/plugins\/seo\/ -->\n<title>Grupos de Investigaci\u00f3n - Departamento de Derecho P\u00fablico<\/title>\n<meta name=\"robots\" content=\"index, follow, max-snippet:-1, max-image-preview:large, max-video-preview:-1\" \/>\n<link rel=\"canonical\" href=\"https:\/\/departamentos.unileon.es\/derecho-publico\/grupos-de-investigacion\/\" \/>\n<meta property=\"og:locale\" content=\"es_ES\" \/>\n<meta property=\"og:type\" content=\"article\" \/>\n<meta property=\"og:title\" content=\"Grupos de Investigaci\u00f3n - Departamento de Derecho P\u00fablico\" \/>\n<meta property=\"og:description\" content=\"Grupos de Investigaci\u00f3nEnlacesDERECONSULE:&nbsp;DERECHO CONSTITUCIONAL UNIVERSIDAD DE LE\u00d3NDERECONSULEDERFIN:&nbsp;DERECHO FINANCIERO DE LA UNIVERSIDAD DE LE\u00d3NDERFINDEPROULE: DERECHO PROCESALDEPROULEDICE: DERECHO DEL INTER\u00c9S COM\u00daN EUROPEODICEDPULE: DERECHO PENAL DE LA UNIVERSIDAD DE LE\u00d3NDPULEDRAR: DERECHO, RAZONAMIENTO Y ARGUMENTACI\u00d3NDRAR\" \/>\n<meta property=\"og:url\" content=\"https:\/\/departamentos.unileon.es\/derecho-publico\/grupos-de-investigacion\/\" \/>\n<meta property=\"og:site_name\" content=\"Departamento de Derecho P\u00fablico\" \/>\n<meta name=\"twitter:card\" content=\"summary_large_image\" \/>\n<meta name=\"twitter:label1\" content=\"Tiempo de lectura\" \/>\n\t<meta name=\"twitter:data1\" content=\"1 minuto\" \/>\n<script type=\"application\/ld+json\" class=\"yoast-schema-graph\">{\"@context\":\"https:\/\/schema.org\",\"@graph\":[{\"@type\":\"WebPage\",\"@id\":\"https:\/\/departamentos.unileon.es\/derecho-publico\/grupos-de-investigacion\/\",\"url\":\"https:\/\/departamentos.unileon.es\/derecho-publico\/grupos-de-investigacion\/\",\"name\":\"Grupos de Investigaci\u00f3n - Departamento de Derecho P\u00fablico\",\"isPartOf\":{\"@id\":\"https:\/\/departamentos.unileon.es\/derecho-publico\/#website\"},\"datePublished\":\"2023-11-23T09:23:18+00:00\",\"inLanguage\":\"es\",\"potentialAction\":[{\"@type\":\"ReadAction\",\"target\":[\"https:\/\/departamentos.unileon.es\/derecho-publico\/grupos-de-investigacion\/\"]}]},{\"@type\":\"WebSite\",\"@id\":\"https:\/\/departamentos.unileon.es\/derecho-publico\/#website\",\"url\":\"https:\/\/departamentos.unileon.es\/derecho-publico\/\",\"name\":\"Departamento de Derecho P\u00fablico\",\"description\":\"Otro sitio m\u00e1s de Universidad de Le\u00f3n\",\"potentialAction\":[{\"@type\":\"SearchAction\",\"target\":{\"@type\":\"EntryPoint\",\"urlTemplate\":\"https:\/\/departamentos.unileon.es\/derecho-publico\/?s={search_term_string}\"},\"query-input\":{\"@type\":\"PropertyValueSpecification\",\"valueRequired\":true,\"valueName\":\"search_term_string\"}}],\"inLanguage\":\"es\"}]}<\/script>\n<!-- \/ Yoast SEO plugin. -->","yoast_head_json":{"title":"Grupos de Investigaci\u00f3n - Departamento de Derecho P\u00fablico","robots":{"index":"index","follow":"follow","max-snippet":"max-snippet:-1","max-image-preview":"max-image-preview:large","max-video-preview":"max-video-preview:-1"},"canonical":"https:\/\/departamentos.unileon.es\/derecho-publico\/grupos-de-investigacion\/","og_locale":"es_ES","og_type":"article","og_title":"Grupos de Investigaci\u00f3n - Departamento de Derecho P\u00fablico","og_description":"Grupos de Investigaci\u00f3nEnlacesDERECONSULE:&nbsp;DERECHO CONSTITUCIONAL UNIVERSIDAD DE LE\u00d3NDERECONSULEDERFIN:&nbsp;DERECHO FINANCIERO DE LA UNIVERSIDAD DE LE\u00d3NDERFINDEPROULE: DERECHO PROCESALDEPROULEDICE: DERECHO DEL INTER\u00c9S COM\u00daN EUROPEODICEDPULE: DERECHO PENAL DE LA UNIVERSIDAD DE LE\u00d3NDPULEDRAR: DERECHO, RAZONAMIENTO Y ARGUMENTACI\u00d3NDRAR","og_url":"https:\/\/departamentos.unileon.es\/derecho-publico\/grupos-de-investigacion\/","og_site_name":"Departamento de Derecho P\u00fablico","twitter_card":"summary_large_image","twitter_misc":{"Tiempo de lectura":"1 minuto"},"schema":{"@context":"https:\/\/schema.org","@graph":[{"@type":"WebPage","@id":"https:\/\/departamentos.unileon.es\/derecho-publico\/grupos-de-investigacion\/","url":"https:\/\/departamentos.unileon.es\/derecho-publico\/grupos-de-investigacion\/","name":"Grupos de Investigaci\u00f3n - Departamento de Derecho P\u00fablico","isPartOf":{"@id":"https:\/\/departamentos.unileon.es\/derecho-publico\/#website"},"datePublished":"2023-11-23T09:23:18+00:00","inLanguage":"es","potentialAction":[{"@type":"ReadAction","target":["https:\/\/departamentos.unileon.es\/derecho-publico\/grupos-de-investigacion\/"]}]},{"@type":"WebSite","@id":"https:\/\/departamentos.unileon.es\/derecho-publico\/#website","url":"https:\/\/departamentos.unileon.es\/derecho-publico\/","name":"Departamento de Derecho P\u00fablico","description":"Otro sitio m\u00e1s de Universidad de Le\u00f3n","potentialAction":[{"@type":"SearchAction","target":{"@type":"EntryPoint","urlTemplate":"https:\/\/departamentos.unileon.es\/derecho-publico\/?s={search_term_string}"},"query-input":{"@type":"PropertyValueSpecification","valueRequired":true,"valueName":"search_term_string"}}],"inLanguage":"es"}]}},"_links":{"self":[{"href":"https:\/\/departamentos.unileon.es\/derecho-publico\/wp-json\/wp\/v2\/pages\/182","targetHints":{"allow":["GET"]}}],"collection":[{"href":"https:\/\/departamentos.unileon.es\/derecho-publico\/wp-json\/wp\/v2\/pages"}],"about":[{"href":"https:\/\/departamentos.unileon.es\/derecho-publico\/wp-json\/wp\/v2\/types\/page"}],"author":[{"embeddable":true,"href":"https:\/\/departamentos.unileon.es\/derecho-publico\/wp-json\/wp\/v2\/users\/243"}],"replies":[{"embeddable":true,"href":"https:\/\/departamentos.unileon.es\/derecho-publico\/wp-json\/wp\/v2\/comments?post=182"}],"version-history":[{"count":4,"href":"https:\/\/departamentos.unileon.es\/derecho-publico\/wp-json\/wp\/v2\/pages\/182\/revisions"}],"predecessor-version":[{"id":220,"href":"https:\/\/departamentos.unileon.es\/derecho-publico\/wp-json\/wp\/v2\/pages\/182\/revisions\/220"}],"wp:attachment":[{"href":"https:\/\/departamentos.unileon.es\/derecho-publico\/wp-json\/wp\/v2\/media?parent=182"}],"curies":[{"name":"wp","href":"https:\/\/api.w.org\/{rel}","templated":true}]}}