{"id":62,"date":"2013-10-28T13:10:33","date_gmt":"2013-10-28T13:10:33","guid":{"rendered":"http:\/\/departamentos.unileon.es\/ciencias-biomedicas-area-farmacologia\/?page_id=62"},"modified":"2021-09-15T09:21:01","modified_gmt":"2021-09-15T09:21:01","slug":"programa-de-doctorado-investigacion-aplicada-a-las-ciencias-sociosanitarias-regulado-por-el-rd-992011","status":"publish","type":"page","link":"https:\/\/departamentos.unileon.es\/ciencias-biomedicas-area-farmacologia\/programa-de-doctorado-investigacion-aplicada-a-las-ciencias-sociosanitarias-regulado-por-el-rd-992011\/","title":{"rendered":"Programa de Doctorado en Investigaci\u00f3n aplicada a las Ciencias Sanitarias por la Universidad de Las Palmas de Gran Canaria, la Universidad de Le\u00f3n y la Universidade de Tras-os-Montes e Alto Douro (Portugal) (a extinguir)"},"content":{"rendered":"Te damos la bienvenida a la p\u00e1gina del Programa de Doctorado <strong>Internacional <\/strong><a href=\"https:\/\/www.unileon.es\/estudiantes\/oferta-academica\/doctorados\/investigacion-aplicada-a-las-ciencias-sanitarias\" target=\"_blank\" rel=\"noopener noreferrer\">Investigaci\u00f3n aplicada a las Ciencias Sanitarias<\/a> por la Universidad de Las Palmas de Gran Canaria, la Universidad de Le\u00f3n, y la Universidade de Tras-os-Montes e Alto Douro (Portugal).\n<table class=\"sinbordes\" style=\"width: 100%;\">\n<tbody>\n<tr>\n<td>\n<table class=\"sinbordes\" style=\"width: 100%;\">\n<tbody>\n<tr>\n<td><a href=\"http:\/\/www.unileon.es\"><img decoding=\"async\" src=\"http:\/\/departamentos.unileon.es\/ciencias-biomedicas-area-farmacologia\/files\/2014\/02\/01logo_ule.png\" alt=\"Universidad de Le\u00f3n\"><\/a><\/td>\n<td style=\"text-align: center;\"><a href=\"http:\/\/departamentos.unileon.es\/ciencias-biomedicas-area-farmacologia\/files\/2014\/02\/05logo_upgc.png\"><img loading=\"lazy\" decoding=\"async\" class=\"aligncenter size-full wp-image-121\" src=\"http:\/\/departamentos.unileon.es\/ciencias-biomedicas-area-farmacologia\/files\/2014\/02\/05logo_upgc.png\" alt=\"\" width=\"274\" height=\"143\"><\/a><\/td>\n<td style=\"text-align: right;\"><a href=\"http:\/\/www.utad.pt\"><img decoding=\"async\" src=\"http:\/\/departamentos.unileon.es\/ciencias-biomedicas-area-farmacologia\/files\/2014\/02\/03logo_utad.png\" alt=\"Universidade de Tr\u00e1s-os-Montes e Alto Douro\"><\/a><\/td>\n<\/tr>\n<\/tbody>\n<\/table>\n<\/td>\n<\/tr>\n<tr>\n<td style=\"text-align: center;\"><a href=\"http:\/\/www.ipb.pt\"><img decoding=\"async\" src=\"http:\/\/departamentos.unileon.es\/ciencias-biomedicas-area-farmacologia\/files\/2014\/02\/06logo_ipbraganca.png\" alt=\"Instituto Polit\u00e9cnico de Bragan\u00e7a\"><\/a><\/td>\n<\/tr>\n<tr>\n<td>\n<table class=\"sinbordes\" style=\"width: 100%;\">\n<tbody>\n<tr>\n<td><img decoding=\"async\" src=\"http:\/\/departamentos.unileon.es\/ciencias-biomedicas-area-farmacologia\/files\/2014\/02\/02logo_fis.png\" alt=\"Fundaci\u00f3n de Investigaci\u00f3n Sanitaria de Le\u00f3n\"><\/td>\n<td style=\"text-align: center;\"><a href=\"http:\/\/www.ajs.es\"><img decoding=\"async\" src=\"http:\/\/departamentos.unileon.es\/ciencias-biomedicas-area-farmacologia\/files\/2014\/02\/07logo_js.png\" alt=\"Asociaci\u00f3n de Juristas de la Salud\"><\/a><\/td>\n<td style=\"text-align: right;\"><a href=\"http:\/\/www.ipleiria.pt\"><img decoding=\"async\" src=\"http:\/\/departamentos.unileon.es\/ciencias-biomedicas-area-farmacologia\/files\/2014\/02\/04logo_ipl.png\" alt=\"Instituto Polit\u00e9cnico de Leiria\"><\/a><\/td>\n<\/tr>\n<\/tbody>\n<\/table>\n<\/td>\n<\/tr>\n<\/tbody>\n<\/table>\n&nbsp;","protected":false},"excerpt":{"rendered":"<p>Te damos la bienvenida a la p\u00e1gina del Programa de Doctorado Internacional Investigaci\u00f3n aplicada a las Ciencias Sanitarias por la Universidad de Las Palmas de Gran Canaria, la Universidad de Le\u00f3n, y la Universidade de Tras-os-Montes e Alto Douro (Portugal). &nbsp;<\/p>\n","protected":false},"author":122,"featured_media":0,"parent":0,"menu_order":0,"comment_status":"closed","ping_status":"open","template":"","meta":{"ngg_post_thumbnail":0,"footnotes":""},"class_list":["post-62","page","type-page","status-publish","hentry"],"yoast_head":"<!-- This site is optimized with the Yoast SEO plugin v25.8 - https:\/\/yoast.com\/wordpress\/plugins\/seo\/ -->\n<title>Programa de Doctorado en Investigaci\u00f3n aplicada a las Ciencias Sanitarias por la Universidad de Las Palmas de Gran Canaria, la Universidad de Le\u00f3n y la Universidade de Tras-os-Montes e Alto Douro (Portugal) (a extinguir) - \u00c1rea de Farmacolog\u00eda<\/title>\n<meta name=\"robots\" content=\"index, follow, max-snippet:-1, max-image-preview:large, max-video-preview:-1\" \/>\n<link rel=\"canonical\" href=\"https:\/\/departamentos.unileon.es\/ciencias-biomedicas-area-farmacologia\/programa-de-doctorado-investigacion-aplicada-a-las-ciencias-sociosanitarias-regulado-por-el-rd-992011\/\" \/>\n<meta property=\"og:locale\" content=\"es_ES\" \/>\n<meta property=\"og:type\" content=\"article\" \/>\n<meta property=\"og:title\" content=\"Programa de Doctorado en Investigaci\u00f3n aplicada a las Ciencias Sanitarias por la Universidad de Las Palmas de Gran Canaria, la Universidad de Le\u00f3n y la Universidade de Tras-os-Montes e Alto Douro (Portugal) (a extinguir) - \u00c1rea de Farmacolog\u00eda\" \/>\n<meta property=\"og:description\" content=\"Te damos la bienvenida a la p\u00e1gina del Programa de Doctorado Internacional Investigaci\u00f3n aplicada a las Ciencias Sanitarias por la Universidad de Las Palmas de Gran Canaria, la Universidad de Le\u00f3n, y la Universidade de Tras-os-Montes e Alto Douro (Portugal). &nbsp;\" \/>\n<meta property=\"og:url\" content=\"https:\/\/departamentos.unileon.es\/ciencias-biomedicas-area-farmacologia\/programa-de-doctorado-investigacion-aplicada-a-las-ciencias-sociosanitarias-regulado-por-el-rd-992011\/\" \/>\n<meta property=\"og:site_name\" content=\"\u00c1rea de Farmacolog\u00eda\" \/>\n<meta property=\"article:modified_time\" content=\"2021-09-15T09:21:01+00:00\" \/>\n<meta property=\"og:image\" content=\"http:\/\/departamentos.unileon.es\/ciencias-biomedicas-area-farmacologia\/files\/2014\/02\/01logo_ule.png\" \/>\n<meta name=\"twitter:card\" content=\"summary_large_image\" \/>\n<script type=\"application\/ld+json\" class=\"yoast-schema-graph\">{\"@context\":\"https:\/\/schema.org\",\"@graph\":[{\"@type\":\"WebPage\",\"@id\":\"https:\/\/departamentos.unileon.es\/ciencias-biomedicas-area-farmacologia\/programa-de-doctorado-investigacion-aplicada-a-las-ciencias-sociosanitarias-regulado-por-el-rd-992011\/\",\"url\":\"https:\/\/departamentos.unileon.es\/ciencias-biomedicas-area-farmacologia\/programa-de-doctorado-investigacion-aplicada-a-las-ciencias-sociosanitarias-regulado-por-el-rd-992011\/\",\"name\":\"Programa de Doctorado en Investigaci\u00f3n aplicada a las Ciencias Sanitarias por la Universidad de Las Palmas de Gran Canaria, la Universidad de Le\u00f3n y la Universidade de Tras-os-Montes e Alto Douro (Portugal) (a extinguir) - \u00c1rea de Farmacolog\u00eda\",\"isPartOf\":{\"@id\":\"https:\/\/departamentos.unileon.es\/ciencias-biomedicas-area-farmacologia\/#website\"},\"primaryImageOfPage\":{\"@id\":\"https:\/\/departamentos.unileon.es\/ciencias-biomedicas-area-farmacologia\/programa-de-doctorado-investigacion-aplicada-a-las-ciencias-sociosanitarias-regulado-por-el-rd-992011\/#primaryimage\"},\"image\":{\"@id\":\"https:\/\/departamentos.unileon.es\/ciencias-biomedicas-area-farmacologia\/programa-de-doctorado-investigacion-aplicada-a-las-ciencias-sociosanitarias-regulado-por-el-rd-992011\/#primaryimage\"},\"thumbnailUrl\":\"http:\/\/departamentos.unileon.es\/ciencias-biomedicas-area-farmacologia\/files\/2014\/02\/01logo_ule.png\",\"datePublished\":\"2013-10-28T13:10:33+00:00\",\"dateModified\":\"2021-09-15T09:21:01+00:00\",\"inLanguage\":\"es\",\"potentialAction\":[{\"@type\":\"ReadAction\",\"target\":[\"https:\/\/departamentos.unileon.es\/ciencias-biomedicas-area-farmacologia\/programa-de-doctorado-investigacion-aplicada-a-las-ciencias-sociosanitarias-regulado-por-el-rd-992011\/\"]}]},{\"@type\":\"ImageObject\",\"inLanguage\":\"es\",\"@id\":\"https:\/\/departamentos.unileon.es\/ciencias-biomedicas-area-farmacologia\/programa-de-doctorado-investigacion-aplicada-a-las-ciencias-sociosanitarias-regulado-por-el-rd-992011\/#primaryimage\",\"url\":\"https:\/\/departamentos.unileon.es\/ciencias-biomedicas-area-farmacologia\/files\/2014\/02\/01logo_ule.png\",\"contentUrl\":\"https:\/\/departamentos.unileon.es\/ciencias-biomedicas-area-farmacologia\/files\/2014\/02\/01logo_ule.png\",\"width\":152,\"height\":143},{\"@type\":\"WebSite\",\"@id\":\"https:\/\/departamentos.unileon.es\/ciencias-biomedicas-area-farmacologia\/#website\",\"url\":\"https:\/\/departamentos.unileon.es\/ciencias-biomedicas-area-farmacologia\/\",\"name\":\"\u00c1rea de Farmacolog\u00eda\",\"description\":\"Otro sitio m\u00e1s de Universidad de Le\u00f3n\",\"potentialAction\":[{\"@type\":\"SearchAction\",\"target\":{\"@type\":\"EntryPoint\",\"urlTemplate\":\"https:\/\/departamentos.unileon.es\/ciencias-biomedicas-area-farmacologia\/?s={search_term_string}\"},\"query-input\":{\"@type\":\"PropertyValueSpecification\",\"valueRequired\":true,\"valueName\":\"search_term_string\"}}],\"inLanguage\":\"es\"}]}<\/script>\n<!-- \/ Yoast SEO plugin. -->","yoast_head_json":{"title":"Programa de Doctorado en Investigaci\u00f3n aplicada a las Ciencias Sanitarias por la Universidad de Las Palmas de Gran Canaria, la Universidad de Le\u00f3n y la Universidade de Tras-os-Montes e Alto Douro (Portugal) (a extinguir) - \u00c1rea de Farmacolog\u00eda","robots":{"index":"index","follow":"follow","max-snippet":"max-snippet:-1","max-image-preview":"max-image-preview:large","max-video-preview":"max-video-preview:-1"},"canonical":"https:\/\/departamentos.unileon.es\/ciencias-biomedicas-area-farmacologia\/programa-de-doctorado-investigacion-aplicada-a-las-ciencias-sociosanitarias-regulado-por-el-rd-992011\/","og_locale":"es_ES","og_type":"article","og_title":"Programa de Doctorado en Investigaci\u00f3n aplicada a las Ciencias Sanitarias por la Universidad de Las Palmas de Gran Canaria, la Universidad de Le\u00f3n y la Universidade de Tras-os-Montes e Alto Douro (Portugal) (a extinguir) - \u00c1rea de Farmacolog\u00eda","og_description":"Te damos la bienvenida a la p\u00e1gina del Programa de Doctorado Internacional Investigaci\u00f3n aplicada a las Ciencias Sanitarias por la Universidad de Las Palmas de Gran Canaria, la Universidad de Le\u00f3n, y la Universidade de Tras-os-Montes e Alto Douro (Portugal). &nbsp;","og_url":"https:\/\/departamentos.unileon.es\/ciencias-biomedicas-area-farmacologia\/programa-de-doctorado-investigacion-aplicada-a-las-ciencias-sociosanitarias-regulado-por-el-rd-992011\/","og_site_name":"\u00c1rea de Farmacolog\u00eda","article_modified_time":"2021-09-15T09:21:01+00:00","og_image":[{"url":"http:\/\/departamentos.unileon.es\/ciencias-biomedicas-area-farmacologia\/files\/2014\/02\/01logo_ule.png","type":"","width":"","height":""}],"twitter_card":"summary_large_image","schema":{"@context":"https:\/\/schema.org","@graph":[{"@type":"WebPage","@id":"https:\/\/departamentos.unileon.es\/ciencias-biomedicas-area-farmacologia\/programa-de-doctorado-investigacion-aplicada-a-las-ciencias-sociosanitarias-regulado-por-el-rd-992011\/","url":"https:\/\/departamentos.unileon.es\/ciencias-biomedicas-area-farmacologia\/programa-de-doctorado-investigacion-aplicada-a-las-ciencias-sociosanitarias-regulado-por-el-rd-992011\/","name":"Programa de Doctorado en Investigaci\u00f3n aplicada a las Ciencias Sanitarias por la Universidad de Las Palmas de Gran Canaria, la Universidad de Le\u00f3n y la Universidade de Tras-os-Montes e Alto Douro (Portugal) (a extinguir) - \u00c1rea de Farmacolog\u00eda","isPartOf":{"@id":"https:\/\/departamentos.unileon.es\/ciencias-biomedicas-area-farmacologia\/#website"},"primaryImageOfPage":{"@id":"https:\/\/departamentos.unileon.es\/ciencias-biomedicas-area-farmacologia\/programa-de-doctorado-investigacion-aplicada-a-las-ciencias-sociosanitarias-regulado-por-el-rd-992011\/#primaryimage"},"image":{"@id":"https:\/\/departamentos.unileon.es\/ciencias-biomedicas-area-farmacologia\/programa-de-doctorado-investigacion-aplicada-a-las-ciencias-sociosanitarias-regulado-por-el-rd-992011\/#primaryimage"},"thumbnailUrl":"http:\/\/departamentos.unileon.es\/ciencias-biomedicas-area-farmacologia\/files\/2014\/02\/01logo_ule.png","datePublished":"2013-10-28T13:10:33+00:00","dateModified":"2021-09-15T09:21:01+00:00","inLanguage":"es","potentialAction":[{"@type":"ReadAction","target":["https:\/\/departamentos.unileon.es\/ciencias-biomedicas-area-farmacologia\/programa-de-doctorado-investigacion-aplicada-a-las-ciencias-sociosanitarias-regulado-por-el-rd-992011\/"]}]},{"@type":"ImageObject","inLanguage":"es","@id":"https:\/\/departamentos.unileon.es\/ciencias-biomedicas-area-farmacologia\/programa-de-doctorado-investigacion-aplicada-a-las-ciencias-sociosanitarias-regulado-por-el-rd-992011\/#primaryimage","url":"https:\/\/departamentos.unileon.es\/ciencias-biomedicas-area-farmacologia\/files\/2014\/02\/01logo_ule.png","contentUrl":"https:\/\/departamentos.unileon.es\/ciencias-biomedicas-area-farmacologia\/files\/2014\/02\/01logo_ule.png","width":152,"height":143},{"@type":"WebSite","@id":"https:\/\/departamentos.unileon.es\/ciencias-biomedicas-area-farmacologia\/#website","url":"https:\/\/departamentos.unileon.es\/ciencias-biomedicas-area-farmacologia\/","name":"\u00c1rea de Farmacolog\u00eda","description":"Otro sitio m\u00e1s de Universidad de Le\u00f3n","potentialAction":[{"@type":"SearchAction","target":{"@type":"EntryPoint","urlTemplate":"https:\/\/departamentos.unileon.es\/ciencias-biomedicas-area-farmacologia\/?s={search_term_string}"},"query-input":{"@type":"PropertyValueSpecification","valueRequired":true,"valueName":"search_term_string"}}],"inLanguage":"es"}]}},"_links":{"self":[{"href":"https:\/\/departamentos.unileon.es\/ciencias-biomedicas-area-farmacologia\/wp-json\/wp\/v2\/pages\/62","targetHints":{"allow":["GET"]}}],"collection":[{"href":"https:\/\/departamentos.unileon.es\/ciencias-biomedicas-area-farmacologia\/wp-json\/wp\/v2\/pages"}],"about":[{"href":"https:\/\/departamentos.unileon.es\/ciencias-biomedicas-area-farmacologia\/wp-json\/wp\/v2\/types\/page"}],"author":[{"embeddable":true,"href":"https:\/\/departamentos.unileon.es\/ciencias-biomedicas-area-farmacologia\/wp-json\/wp\/v2\/users\/122"}],"replies":[{"embeddable":true,"href":"https:\/\/departamentos.unileon.es\/ciencias-biomedicas-area-farmacologia\/wp-json\/wp\/v2\/comments?post=62"}],"version-history":[{"count":19,"href":"https:\/\/departamentos.unileon.es\/ciencias-biomedicas-area-farmacologia\/wp-json\/wp\/v2\/pages\/62\/revisions"}],"predecessor-version":[{"id":239,"href":"https:\/\/departamentos.unileon.es\/ciencias-biomedicas-area-farmacologia\/wp-json\/wp\/v2\/pages\/62\/revisions\/239"}],"wp:attachment":[{"href":"https:\/\/departamentos.unileon.es\/ciencias-biomedicas-area-farmacologia\/wp-json\/wp\/v2\/media?parent=62"}],"curies":[{"name":"wp","href":"https:\/\/api.w.org\/{rel}","templated":true}]}}