{"id":15,"date":"2013-10-01T12:10:19","date_gmt":"2013-10-01T12:10:19","guid":{"rendered":"http:\/\/departamentos.unileon.es\/ciencias-biomedicas-area-farmacologia\/?page_id=15"},"modified":"2025-11-13T16:16:07","modified_gmt":"2025-11-13T16:16:07","slug":"docencia","status":"publish","type":"page","link":"https:\/\/departamentos.unileon.es\/ciencias-biomedicas-area-farmacologia\/docencia\/","title":{"rendered":"Asignaturas impartidas"},"content":{"rendered":"<h2>Estudios: Grado<\/h2>\n<h4>GRADO EN CIENCIA Y TECNOLOG\u00cdA DE LOS ALIMENTOS<\/h4>\n<ul>\n \t<li><a href=\"http:\/\/www.unileon.es\/estudiantes\/estudiantes-grado\/oferta-de-estudios\/planes?id=0107038&amp;curso=2019\">INTERACCIONES MEDICAMENTOS-ALIMENTOS <\/a><\/li>\n<\/ul>\n<h4>GRADO EN BIOTECNOLOG\u00cdA<\/h4>\n<ul>\n \t<li><a href=\"http:\/\/www.unileon.es\/estudiantes\/estudiantes-grado\/oferta-de-estudios\/planes?id=0208051&amp;curso=2019\">FARMACOLOG\u00cdA APLICADA A LA BIOTECNOLOG\u00cdA <\/a><\/li>\n<\/ul>\n<h4>GRADO EN ENFERMER\u00cdA (Campus de Le\u00f3n)<\/h4>\n<ul>\n \t<li><a href=\"http:\/\/www.unileon.es\/estudiantes\/estudiantes-grado\/oferta-de-estudios\/planes?id=1105011&amp;curso=2019\">FARMACOLOG\u00cdA <\/a><\/li>\n \t<li><a href=\"http:\/\/www.unileon.es\/estudiantes\/estudiantes-grado\/oferta-de-estudios\/planes?id=1105028&amp;curso=2019\">FARMACIA HOSPITALARIA <\/a><\/li>\n \t<li><a href=\"http:\/\/www.unileon.es\/estudiantes\/estudiantes-grado\/oferta-de-estudios\/planes?id=1105039&amp;curso=2019\">TRABAJO FIN DE GRADO <\/a><\/li>\n<\/ul>\n<h4>GRADO EN ENFERMER\u00cdA (Campus de Ponferrada)<\/h4>\n<ul>\n \t<li><a href=\"http:\/\/www.unileon.es\/estudiantes\/estudiantes-grado\/oferta-de-estudios\/planes?id=1106011&amp;curso=2019\">FARMACOLOG\u00cdA <\/a><\/li>\n \t<li><a href=\"http:\/\/www.unileon.es\/estudiantes\/estudiantes-grado\/oferta-de-estudios\/planes?id=1106028&amp;curso=2019\">FARMACIA HOSPITALARIA <\/a><\/li>\n \t<li><a href=\"http:\/\/www.unileon.es\/estudiantes\/estudiantes-grado\/oferta-de-estudios\/planes?id=1106039&amp;curso=2019\">TRABAJO FIN DE GRADO <\/a><\/li>\n<\/ul>\n<h4>GRADO EN FISIOTERAPIA (Campus de Ponferrada)<\/h4>\n<ul>\n \t<li><a href=\"http:\/\/www.unileon.es\/estudiantes\/estudiantes-grado\/oferta-de-estudios\/planes?id=1107012&amp;curso=2019\">FARMACOLOG\u00cdA <\/a><\/li>\n \t<li><a href=\"http:\/\/www.unileon.es\/estudiantes\/estudiantes-grado\/oferta-de-estudios\/planes?id=1107040&amp;curso=2019\">F\u00c1RMACOS Y DEPORTE <\/a><\/li>\n<\/ul>\n<h4>GRADO EN NUTRICI\u00d3N HUMANA Y DIET\u00c9TICA (Campus de Ponferrada)<\/h4>\n<ul>\n \t<li><a href=\"https:\/\/www.unileon.es\/estudiantes\/oferta-academica\/grados\/grado-en-nutricion-y-dietetica\/plan-estudios?id=1109029&amp;cursoa=2025&amp;te=G\">FARMACOLOG\u00cdA APLICADA A LA NUTRICI\u00d3N <\/a><\/li>\n<\/ul>\n<h4>GRADO EN PODOLOG\u00cdA (Campus de Ponferrada)<\/h4>\n<ul>\n \t<li><a href=\"https:\/\/www.unileon.es\/estudiantes\/oferta-academica\/grados\/grado-en-podologia\/plan-estudios?id=1108014&amp;cursoa=2021\">FARMACOLOG\u00cdA GENERAL <\/a><\/li>\n \t<li><a href=\"https:\/\/www.unileon.es\/estudiantes\/oferta-academica\/grados\/grado-en-podologia\/plan-estudios?id=1108027&amp;cursoa=2021\">FARMACOLOG\u00cdA CL\u00cdNICA<\/a><\/li>\n<\/ul>\n<h4>GRADO EN VETERINARIA<\/h4>\n<ul>\n \t<li><a href=\"http:\/\/www.unileon.es\/estudiantes\/estudiantes-grado\/oferta-de-estudios\/planes?id=0106019&amp;curso=2019\">FARMACOLOG\u00cdA VETERINARIA <\/a><\/li>\n \t<li><a href=\"http:\/\/www.unileon.es\/estudiantes\/estudiantes-grado\/oferta-de-estudios\/planes?id=0106038&amp;curso=2019\">FARMACIA Y FARMACOTERAPIA <\/a><\/li>\n<\/ul>\n&nbsp;\n<h2>Estudios: Master Oficial<\/h2>\n<h4>M\u00c1STER UNIVERSITARIO EN INNOVACI\u00d3N EN CIENCIAS BIOM\u00c9DICAS Y DE LA SALUD (modalidad presencial)<\/h4>\n<ul>\n \t<li><a href=\"https:\/\/www.unileon.es\/estudiantes\/oferta-academica\/masteres\/mu-innovacion-ciencias-biomedicas-salud\/plan-estudios?id=1710033&amp;cursoa=2025&amp;te=M\">AVANCES EN MEDICINA NUCLEAR Y RADIOLOG\u00cdA<\/a><\/li>\n \t<li><a href=\"http:\/\/www.unileon.es\/estudiantes\/estudiantes-master\/oferta-titulaciones\/mu-innovacion-ciencias-biomedicas-salud\/plan-estudios?id=1710010&amp;curso=2019\">C\u00c1NCER DE MAMA: ASPECTOS DIAGN\u00d3STICOS, TERAP\u00c9UTICOS Y PSICOL\u00d3GICOS <\/a><\/li>\n \t<li><a href=\"http:\/\/www.unileon.es\/estudiantes\/estudiantes-master\/oferta-titulaciones\/mu-innovacion-ciencias-biomedicas-salud\/plan-estudios?id=1710011&amp;curso=2019\">DIABETES <\/a><\/li>\n \t<li><a href=\"http:\/\/www.unileon.es\/estudiantes\/estudiantes-master\/oferta-titulaciones\/mu-innovacion-ciencias-biomedicas-salud\/plan-estudios?id=1710030&amp;curso=2019\">ENFERMEDAD CEREBROVASCULAR <\/a><\/li>\n \t<li><a href=\"http:\/\/www.unileon.es\/estudiantes\/estudiantes-master\/oferta-titulaciones\/mu-innovacion-ciencias-biomedicas-salud\/plan-estudios?id=1710012&amp;curso=2019\">ENVEJECIMIENTO, ACTIVIDAD F\u00cdSICA Y SALUD <\/a><\/li>\n \t<li><a href=\"http:\/\/www.unileon.es\/estudiantes\/estudiantes-master\/oferta-titulaciones\/mu-innovacion-ciencias-biomedicas-salud\/plan-estudios?id=1710005&amp;curso=2019\">ESTUDIOS DE BIODISPONIBILIDAD\/BIOEQUIVALENCIA <\/a><\/li>\n \t<li><a href=\"http:\/\/www.unileon.es\/estudiantes\/estudiantes-master\/oferta-titulaciones\/mu-innovacion-ciencias-biomedicas-salud\/plan-estudios?id=1710001&amp;curso=2019\">ESTUDIOS FARMACOCIN\u00c9TICOS <\/a><\/li>\n \t<li><a href=\"http:\/\/www.unileon.es\/estudiantes\/estudiantes-master\/oferta-titulaciones\/mu-innovacion-ciencias-biomedicas-salud\/plan-estudios?id=1710013&amp;curso=2019\">FITOTERAPIA EN EL CAMPO DE LA SALUD <\/a><\/li>\n \t<li><a href=\"http:\/\/www.unileon.es\/estudiantes\/estudiantes-master\/oferta-titulaciones\/mu-innovacion-ciencias-biomedicas-salud\/plan-estudios?id=1710021&amp;curso=2019\">SEPSIS GRAVE Y SHOCK S\u00c9PTICO <\/a><\/li>\n \t<li><a href=\"http:\/\/www.unileon.es\/estudiantes\/estudiantes-master\/oferta-titulaciones\/mu-innovacion-ciencias-biomedicas-salud\/plan-estudios?id=1710006&amp;curso=2019\">PROTOCOLOS DIAGN\u00d3STICOS EN ONCOLOG\u00cdA Y QUIMIOTERAPIA <\/a><\/li>\n \t<li><a href=\"http:\/\/www.unileon.es\/estudiantes\/estudiantes-master\/oferta-titulaciones\/mu-innovacion-ciencias-biomedicas-salud\/plan-estudios?id=1710014&amp;curso=2019\">USO RACIONAL DE MEDICAMENTOS Y ATENCI\u00d3N FARMAC\u00c9UTICA <\/a><\/li>\n \t<li><a href=\"http:\/\/www.unileon.es\/estudiantes\/estudiantes-master\/oferta-titulaciones\/mu-innovacion-cIencias-biomedicas-salud\/plan-estudios?id=1710007&amp;curso=2019\">V\u00cdAS DE SE\u00d1ALIZACI\u00d3N INTRACELULAR Y DIANAS TERAP\u00c9UTICAS <\/a><\/li>\n<\/ul>\n<h4>M\u00c1STER UNIVERSITARIO EN INNOVACI\u00d3N EN CIENCIAS BIOM\u00c9DICAS Y DE LA SALUD (modalidad a distancia)<\/h4>\n<ul>\n \t<li><a href=\"https:\/\/www.unileon.es\/estudiantes\/oferta-academica\/masteres\/mu-innovacion-ciencias-biomedicas-salud-a-distancia\/plan-estudios?id=1730032&amp;cursoa=2025&amp;te=M\">AVANCES EN MEDICINA NUCLEAR Y RADIOLOG\u00cdA<\/a><\/li>\n \t<li><a href=\"http:\/\/www.unileon.es\/estudiantes\/estudiantes-master\/oferta-titulaciones\/mu-innovacion-ciencias-biomedicas-salud-a-distancia\/plan-estudios?id=1730010&amp;curso=2019\">C\u00c1NCER DE MAMA: ASPECTOS DIAGN\u00d3STICOS, TERAP\u00c9UTICOS Y PSICOL\u00d3GICOS <\/a><\/li>\n \t<li><a href=\"http:\/\/www.unileon.es\/estudiantes\/estudiantes-master\/oferta-titulaciones\/mu-innovacion-ciencias-biomedicas-salud-a-distancia\/plan-estudios?id=1730011&amp;curso=2019\">DIABETES <\/a><\/li>\n \t<li><a href=\"http:\/\/www.unileon.es\/estudiantes\/estudiantes-master\/oferta-titulaciones\/mu-innovacion-ciencias-biomedicas-salud-a-distancia\/plan-estudios?id=1730030&amp;curso=2019\">ENFERMEDAD CEREBROVASCULAR <\/a><\/li>\n \t<li><a href=\"http:\/\/www.unileon.es\/estudiantes\/estudiantes-master\/oferta-titulaciones\/mu-innovacion-ciencias-biomedicas-salud-a-distancia\/plan-estudios?id=1730012&amp;curso=2019\">ENVEJECIMIENTO, ACTIVIDAD F\u00cdSICA Y SALUD <\/a><\/li>\n \t<li><a href=\"http:\/\/www.unileon.es\/estudiantes\/estudiantes-master\/oferta-titulaciones\/mu-innovacion-ciencias-biomedicas-salud-a-distancia\/plan-estudios?id=1730005&amp;curso=2019\">ESTUDIOS DE BIODISPONIBILIDAD\/BIOEQUIVALENCIA <\/a><\/li>\n \t<li><a href=\"http:\/\/www.unileon.es\/estudiantes\/estudiantes-master\/oferta-titulaciones\/mu-innovacion-ciencias-biomedicas-salud-a-distancia\/plan-estudios?id=1730001&amp;curso=2019\">ESTUDIOS FARMACOCIN\u00c9TICOS <\/a><\/li>\n \t<li><a href=\"http:\/\/www.unileon.es\/estudiantes\/estudiantes-master\/oferta-titulaciones\/mu-innovacion-ciencias-biomedicas-salud-a-distancia\/plan-estudios?id=1730013&amp;curso=2019\">FITOTERAPIA EN EL CAMPO DE LA SALUD <\/a><\/li>\n \t<li><a href=\"http:\/\/www.unileon.es\/estudiantes\/estudiantes-master\/oferta-titulaciones\/mu-innovacion-ciencias-biomedicas-salud-a-distancia\/plan-estudios?id=1730021&amp;curso=2019\">SEPSIS GRAVE Y SHOCK S\u00c9PTICO <\/a><\/li>\n \t<li><a href=\"http:\/\/www.unileon.es\/estudiantes\/estudiantes-master\/oferta-titulaciones\/mu-innovacion-ciencias-biomedicas-salud-a-distancia\/plan-estudios?id=1730006&amp;curso=2019\">PROTOCOLOS DIAGN\u00d3STICOS EN ONCOLOG\u00cdA Y QUIMIOTERAPIA <\/a><\/li>\n \t<li><a href=\"http:\/\/www.unileon.es\/estudiantes\/estudiantes-master\/oferta-titulaciones\/mu-innovacion-ciencias-biomedicas-salud-a-distancia\/plan-estudios?id=1730014&amp;curso=2019\">USO RACIONAL DE MEDICAMENTOS Y ATENCI\u00d3N FARMAC\u00c9UTICA <\/a><\/li>\n \t<li><a href=\"http:\/\/www.unileon.es\/estudiantes\/estudiantes-master\/oferta-titulaciones\/mu-innovacion-ciencias-biomedicas-salud-a-distancia\/plan-estudios?id=1730007&amp;curso=2019\">V\u00cdAS DE SE\u00d1ALIZACI\u00d3N INTRACELULAR Y DIANAS TERAP\u00c9UTICAS <\/a><\/li>\n<\/ul>\n<h4>M\u00c1STER UNIVERSITARIO EN ENVEJECIMIENTO SALUDABLE Y CALIDAD DE VIDA (Interuniversitario) (modalidad a distancia)<\/h4>\n<ul>\n \t<li><a href=\"http:\/\/www.unileon.es\/estudiantes\/estudiantes-master\/oferta-titulaciones\/mu-envejecimiento-saludable-y-calidad-de-vida-presencial\/plan-estudios?id=1740031&amp;curso=2019\">SEGURIDAD Y USO RACIONAL DE LOS MEDICAMENTOS <\/a> (complemento de formaci\u00f3n)<\/li>\n \t<li><a href=\"http:\/\/www.unileon.es\/estudiantes\/estudiantes-master\/oferta-titulaciones\/mu-envejecimiento-saludable-y-calidad-de-vida-presencial\/plan-estudios?id=1740015&amp;curso=2019\">ENVEJECIMIENTO, SALUD Y TERAPIAS AFINES <\/a><\/li>\n \t<li><a href=\"http:\/\/www.unileon.es\/estudiantes\/estudiantes-master\/oferta-titulaciones\/mu-envejecimiento-saludable-y-calidad-de-vida-presencial\/plan-estudios?id=1740021&amp;curso=2019\">FARMACOVIGILANCIA Y FARMACOEPIDEMIOLOG\u00cdA <\/a><\/li>\n<\/ul>\n<h4>M\u00c1STER UNIVERSITARIO EN PRODUCCI\u00d3N EN INDUSTRIAS FARMAC\u00c9UTICAS<\/h4>\n<ul>\n \t<li><a href=\"http:\/\/www.unileon.es\/estudiantes\/estudiantes-master\/oferta-titulaciones\/mu-produccion-industrias-farmaceuticas\/plan-estudios?id=1737012&amp;curso=2019\">PRODUCTOS FARMAC\u00c9UTICOS: REGISTROS Y CANALES DE DISTRIBUCI\u00d3N<\/a><\/li>\n<\/ul>\n&nbsp;\n\n&nbsp;","protected":false},"excerpt":{"rendered":"<p>Estudios: Grado GRADO EN CIENCIA Y TECNOLOG\u00cdA DE LOS ALIMENTOS INTERACCIONES MEDICAMENTOS-ALIMENTOS GRADO EN BIOTECNOLOG\u00cdA FARMACOLOG\u00cdA APLICADA A LA BIOTECNOLOG\u00cdA GRADO EN ENFERMER\u00cdA (Campus de Le\u00f3n) FARMACOLOG\u00cdA FARMACIA HOSPITALARIA TRABAJO FIN DE GRADO GRADO EN ENFERMER\u00cdA (Campus de Ponferrada) FARMACOLOG\u00cdA FARMACIA HOSPITALARIA TRABAJO FIN DE GRADO GRADO EN FISIOTERAPIA (Campus de Ponferrada) FARMACOLOG\u00cdA F\u00c1RMACOS Y [&hellip;]<\/p>\n","protected":false},"author":122,"featured_media":0,"parent":0,"menu_order":0,"comment_status":"closed","ping_status":"open","template":"","meta":{"ngg_post_thumbnail":0,"footnotes":""},"class_list":["post-15","page","type-page","status-publish","hentry"],"yoast_head":"<!-- This site is optimized with the Yoast SEO plugin v25.8 - https:\/\/yoast.com\/wordpress\/plugins\/seo\/ -->\n<title>Asignaturas impartidas - \u00c1rea de Farmacolog\u00eda<\/title>\n<meta name=\"robots\" content=\"index, follow, max-snippet:-1, max-image-preview:large, max-video-preview:-1\" \/>\n<link rel=\"canonical\" href=\"https:\/\/departamentos.unileon.es\/ciencias-biomedicas-area-farmacologia\/docencia\/\" \/>\n<meta property=\"og:locale\" content=\"es_ES\" \/>\n<meta property=\"og:type\" content=\"article\" \/>\n<meta property=\"og:title\" content=\"Asignaturas impartidas - \u00c1rea de Farmacolog\u00eda\" \/>\n<meta property=\"og:description\" content=\"Estudios: Grado GRADO EN CIENCIA Y TECNOLOG\u00cdA DE LOS ALIMENTOS INTERACCIONES MEDICAMENTOS-ALIMENTOS GRADO EN BIOTECNOLOG\u00cdA FARMACOLOG\u00cdA APLICADA A LA BIOTECNOLOG\u00cdA GRADO EN ENFERMER\u00cdA (Campus de Le\u00f3n) FARMACOLOG\u00cdA FARMACIA HOSPITALARIA TRABAJO FIN DE GRADO GRADO EN ENFERMER\u00cdA (Campus de Ponferrada) FARMACOLOG\u00cdA FARMACIA HOSPITALARIA TRABAJO FIN DE GRADO GRADO EN FISIOTERAPIA (Campus de Ponferrada) FARMACOLOG\u00cdA F\u00c1RMACOS Y [&hellip;]\" \/>\n<meta property=\"og:url\" content=\"https:\/\/departamentos.unileon.es\/ciencias-biomedicas-area-farmacologia\/docencia\/\" \/>\n<meta property=\"og:site_name\" content=\"\u00c1rea de Farmacolog\u00eda\" \/>\n<meta property=\"article:modified_time\" content=\"2025-11-13T16:16:07+00:00\" \/>\n<meta name=\"twitter:card\" content=\"summary_large_image\" \/>\n<meta name=\"twitter:label1\" content=\"Tiempo de lectura\" \/>\n\t<meta name=\"twitter:data1\" content=\"2 minutos\" \/>\n<script type=\"application\/ld+json\" class=\"yoast-schema-graph\">{\"@context\":\"https:\/\/schema.org\",\"@graph\":[{\"@type\":\"WebPage\",\"@id\":\"https:\/\/departamentos.unileon.es\/ciencias-biomedicas-area-farmacologia\/docencia\/\",\"url\":\"https:\/\/departamentos.unileon.es\/ciencias-biomedicas-area-farmacologia\/docencia\/\",\"name\":\"Asignaturas impartidas - \u00c1rea de Farmacolog\u00eda\",\"isPartOf\":{\"@id\":\"https:\/\/departamentos.unileon.es\/ciencias-biomedicas-area-farmacologia\/#website\"},\"datePublished\":\"2013-10-01T12:10:19+00:00\",\"dateModified\":\"2025-11-13T16:16:07+00:00\",\"inLanguage\":\"es\",\"potentialAction\":[{\"@type\":\"ReadAction\",\"target\":[\"https:\/\/departamentos.unileon.es\/ciencias-biomedicas-area-farmacologia\/docencia\/\"]}]},{\"@type\":\"WebSite\",\"@id\":\"https:\/\/departamentos.unileon.es\/ciencias-biomedicas-area-farmacologia\/#website\",\"url\":\"https:\/\/departamentos.unileon.es\/ciencias-biomedicas-area-farmacologia\/\",\"name\":\"\u00c1rea de Farmacolog\u00eda\",\"description\":\"Otro sitio m\u00e1s de Universidad de Le\u00f3n\",\"potentialAction\":[{\"@type\":\"SearchAction\",\"target\":{\"@type\":\"EntryPoint\",\"urlTemplate\":\"https:\/\/departamentos.unileon.es\/ciencias-biomedicas-area-farmacologia\/?s={search_term_string}\"},\"query-input\":{\"@type\":\"PropertyValueSpecification\",\"valueRequired\":true,\"valueName\":\"search_term_string\"}}],\"inLanguage\":\"es\"}]}<\/script>\n<!-- \/ Yoast SEO plugin. -->","yoast_head_json":{"title":"Asignaturas impartidas - \u00c1rea de Farmacolog\u00eda","robots":{"index":"index","follow":"follow","max-snippet":"max-snippet:-1","max-image-preview":"max-image-preview:large","max-video-preview":"max-video-preview:-1"},"canonical":"https:\/\/departamentos.unileon.es\/ciencias-biomedicas-area-farmacologia\/docencia\/","og_locale":"es_ES","og_type":"article","og_title":"Asignaturas impartidas - \u00c1rea de Farmacolog\u00eda","og_description":"Estudios: Grado GRADO EN CIENCIA Y TECNOLOG\u00cdA DE LOS ALIMENTOS INTERACCIONES MEDICAMENTOS-ALIMENTOS GRADO EN BIOTECNOLOG\u00cdA FARMACOLOG\u00cdA APLICADA A LA BIOTECNOLOG\u00cdA GRADO EN ENFERMER\u00cdA (Campus de Le\u00f3n) FARMACOLOG\u00cdA FARMACIA HOSPITALARIA TRABAJO FIN DE GRADO GRADO EN ENFERMER\u00cdA (Campus de Ponferrada) FARMACOLOG\u00cdA FARMACIA HOSPITALARIA TRABAJO FIN DE GRADO GRADO EN FISIOTERAPIA (Campus de Ponferrada) FARMACOLOG\u00cdA F\u00c1RMACOS Y [&hellip;]","og_url":"https:\/\/departamentos.unileon.es\/ciencias-biomedicas-area-farmacologia\/docencia\/","og_site_name":"\u00c1rea de Farmacolog\u00eda","article_modified_time":"2025-11-13T16:16:07+00:00","twitter_card":"summary_large_image","twitter_misc":{"Tiempo de lectura":"2 minutos"},"schema":{"@context":"https:\/\/schema.org","@graph":[{"@type":"WebPage","@id":"https:\/\/departamentos.unileon.es\/ciencias-biomedicas-area-farmacologia\/docencia\/","url":"https:\/\/departamentos.unileon.es\/ciencias-biomedicas-area-farmacologia\/docencia\/","name":"Asignaturas impartidas - \u00c1rea de Farmacolog\u00eda","isPartOf":{"@id":"https:\/\/departamentos.unileon.es\/ciencias-biomedicas-area-farmacologia\/#website"},"datePublished":"2013-10-01T12:10:19+00:00","dateModified":"2025-11-13T16:16:07+00:00","inLanguage":"es","potentialAction":[{"@type":"ReadAction","target":["https:\/\/departamentos.unileon.es\/ciencias-biomedicas-area-farmacologia\/docencia\/"]}]},{"@type":"WebSite","@id":"https:\/\/departamentos.unileon.es\/ciencias-biomedicas-area-farmacologia\/#website","url":"https:\/\/departamentos.unileon.es\/ciencias-biomedicas-area-farmacologia\/","name":"\u00c1rea de Farmacolog\u00eda","description":"Otro sitio m\u00e1s de Universidad de Le\u00f3n","potentialAction":[{"@type":"SearchAction","target":{"@type":"EntryPoint","urlTemplate":"https:\/\/departamentos.unileon.es\/ciencias-biomedicas-area-farmacologia\/?s={search_term_string}"},"query-input":{"@type":"PropertyValueSpecification","valueRequired":true,"valueName":"search_term_string"}}],"inLanguage":"es"}]}},"_links":{"self":[{"href":"https:\/\/departamentos.unileon.es\/ciencias-biomedicas-area-farmacologia\/wp-json\/wp\/v2\/pages\/15","targetHints":{"allow":["GET"]}}],"collection":[{"href":"https:\/\/departamentos.unileon.es\/ciencias-biomedicas-area-farmacologia\/wp-json\/wp\/v2\/pages"}],"about":[{"href":"https:\/\/departamentos.unileon.es\/ciencias-biomedicas-area-farmacologia\/wp-json\/wp\/v2\/types\/page"}],"author":[{"embeddable":true,"href":"https:\/\/departamentos.unileon.es\/ciencias-biomedicas-area-farmacologia\/wp-json\/wp\/v2\/users\/122"}],"replies":[{"embeddable":true,"href":"https:\/\/departamentos.unileon.es\/ciencias-biomedicas-area-farmacologia\/wp-json\/wp\/v2\/comments?post=15"}],"version-history":[{"count":27,"href":"https:\/\/departamentos.unileon.es\/ciencias-biomedicas-area-farmacologia\/wp-json\/wp\/v2\/pages\/15\/revisions"}],"predecessor-version":[{"id":373,"href":"https:\/\/departamentos.unileon.es\/ciencias-biomedicas-area-farmacologia\/wp-json\/wp\/v2\/pages\/15\/revisions\/373"}],"wp:attachment":[{"href":"https:\/\/departamentos.unileon.es\/ciencias-biomedicas-area-farmacologia\/wp-json\/wp\/v2\/media?parent=15"}],"curies":[{"name":"wp","href":"https:\/\/api.w.org\/{rel}","templated":true}]}}