{"id":224,"date":"2011-05-27T11:44:23","date_gmt":"2011-05-27T11:44:23","guid":{"rendered":"http:\/\/departamentos.unileon.es\/biologia-molecular\/?page_id=224"},"modified":"2011-06-02T12:16:38","modified_gmt":"2011-06-02T12:16:38","slug":"lineas_investigacion","status":"publish","type":"page","link":"https:\/\/departamentos.unileon.es\/biologia-molecular\/lineas_investigacion\/","title":{"rendered":"L\u00edneas de investigaci\u00f3n"},"content":{"rendered":"<strong>\u00c1rea de Biolog\u00eda Celular<\/strong><strong>\r\n<\/strong>\r\n\r\n<em>Vulnerabilidad neuronal e isquemia cerebral<\/em>\r\n<a href=\"http:\/\/cornon.unileon.es\/directorio-y-telefonos?sr=5&amp;enc=fenv6fqenmobqqktavbaealeafnqizywojafyqslnvcb2a2g\">Dr. Arsenio Fern\u00e1ndez L\u00f3pez<\/a>\r\n<a href=\"http:\/\/neurobio.unileon.es\/neurobio\/\">http:\/\/neurobio.unileon.es\/neurobio\/<\/a>\r\n\r\n<em>Inmunobiolog\u00eda de tele\u00f3steos: inmunolog\u00eda in vitro y vacunas<\/em>\r\n<a href=\"http:\/\/cornon.unileon.es\/directorio-y-telefonos?sr=5&amp;enc=fqnquhkgeuoaua2cavfacddham3riaigoncvkrsennbb6\">Dr. Alberto J. Villena<\/a>\r\n<a href=\"http:\/\/www3.unileon.es\/dp\/abc\/inmunol\/inmunol.html\">http:\/\/www3.unileon.es\/dp\/abc\/inmunol\/inmunol.html<\/a>\r\n\r\n<em>Caracterizaci\u00f3n, cultivo y criopreservaci\u00f3n de PGCs y SSCs de peces<\/em>.\r\n<em>Aplicaci\u00f3n de an\u00e1lisis gen\u00e9ticos en la creaci\u00f3n de bancos de germoplasma<\/em>\r\n<a href=\"http:\/\/cornon.unileon.es\/directorio-y-telefonos?sr=5&amp;enc=fabv4baxgncrcwqeaelv4f3hbjlaobafozbdwv2dnrbb6cscajdaoaq\">Dra. Vanesa Robles Rodr\u00edguez<\/a>\r\n<a href=\"http:\/\/itra.unileon.es\/\">http:\/\/itra.unileon.es\/<\/a>\r\n\r\n<em>Determinaci\u00f3n de da\u00f1os en el DNA y acortamiento de tel\u00f3meros mediante t\u00e9cnicas de biolog\u00eda molecular<\/em>\r\n<a href=\"http:\/\/cornon.unileon.es\/directorio-y-telefonos?sr=5&amp;enc=einf4aixnypuussfi4kukqrdijoriaihorcfutcgnasquasdarca4btba5pac\">Dr. Felipe Mart\u00ednez Pastor<\/a>\r\n<a href=\"http:\/\/itra.unileon.es\/\">http:\/\/itra.unileon.es\/<\/a>\r\n\r\n<em>Espermatolog\u00eda de tele\u00f3steos<\/em>\r\n<a href=\"http:\/\/cornon.unileon.es\/directorio-y-telefonos?sr=5&amp;enc=gekvwfixg5av4uq5lvbv4b3glfneceyfpjcf6qsam5axuecba5bacdlfavnaobq\">Dra. M\u00aa Paz Herr\u00e1ez Ortega<\/a>\r\n<a href=\"http:\/\/itra.unileon.es\/\">http:\/\/itra.unileon.es\/<\/a>\r\n\r\n<em>Evaluaci\u00f3n in vitro de da\u00f1os celulares en semen ovino durante el transporte esperm\u00e1tico en v\u00edas genitales<\/em>\r\n<a href=\"http:\/\/cornon.unileon.es\/directorio-y-telefonos?sr=5&amp;enc=o4ov4rqbfaprsqazjypribdoarpaabyaouru6rkbn5cbaakgabbac\">Dr. Paulino de Paz Cabello<\/a>\r\n<a href=\"http:\/\/itra.unileon.es\/\">http:\/\/itra.unileon.es\/<\/a>\r\n\r\n&nbsp;\r\n\r\n<strong>\u00c1rea de Bioqu\u00edmica y Biolog\u00eda Molecular<\/strong>\r\n\r\n<em>Estudio de las rutas catab\u00f3lica responsables de la degradaci\u00f3n fde colesterol y de otros esteroides<\/em>\r\n<a href=\"http:\/\/cornon.unileon.es\/directorio-y-telefonos?sr=5&amp;enc=pmfvybq2prbb4bcjabaqobqgcbpqiaadpjavuqccne\">Dr. Jose M\u00aa Luengo Rodr\u00edguez<\/a>\r\n\r\n<em>Estudio de las rutas catab\u00f3licas responsables de la degradaci\u00f3n microbiana del \u00e1cido fenilac\u00e9tico y de otros derivados arom\u00e1ticos<\/em>\r\n<a href=\"http:\/\/cornon.unileon.es\/directorio-y-telefonos?sr=5&amp;enc=pmfvybq2prbb4bcjabaqobqgcbpqiaadpjavuqccne\">Dr. Jose M\u00aa Luengo Rodr\u00edguez<\/a>\r\n\r\n<em>Estudio de las rutas catab\u00f3licas responsables de la degradaci\u00f3n de aminas biog\u00e9nicas en <\/em>Pseudomonas putida<em> U<\/em>.\r\n<a href=\"http:\/\/cornon.unileon.es\/directorio-y-telefonos?sr=5&amp;enc=pmfvybq2prbb4bcjabaqobqgcbpqiaadpjavuqccne\">Dr. Jose M\u00aa Luengo Rodr\u00edguez<\/a>\r\n\r\n<em>Antioxidantes naturales: An\u00e1lisis de su eficacia antimicrobiana y estudio de su mecanismo de acci\u00f3n<\/em>\r\n<a href=\"http:\/\/cornon.unileon.es\/directorio-y-telefonos?sr=5&amp;enc=eiba2aslgvdbsqawkfiqkbleavoq4bahcfif2r2cnffrwbkearca\">Dra. M\u00aa Dolores de Arriaga Giner<\/a>\r\n\r\n<em>Estudios metab\u00f3licos y moleculares de polisac\u00e1ridos biol\u00f3gicos<\/em>\r\n<a href=\"http:\/\/cornon.unileon.es\/directorio-y-telefonos?sr=5&amp;enc=eqirkbqqf4ceyua4c5ba4a3ga5oqkbtbmbbf6rcemzab6b2aai\">Dr. Leandro B. Rodr\u00edguez Aparicio<\/a>\r\n\r\n<em>Aislamiento y caracterizaci\u00f3n de microorganimos con potencialidad probi\u00f3tica<\/em>\r\n<a href=\"http:\/\/cornon.unileon.es\/directorio-y-telefonos?sr=5&amp;enc=eqirkbqqf4ceyua4c5ba4a3ga5oqkbtbmbbf6rcemzab6b2aai\">Dr. Leandro B. Rodr\u00edguez Aparicio<\/a>\r\n\r\n<em>Adhesi\u00f3n y formaci\u00f3n de biofilms biol\u00f3gicos<\/em>\r\n<a href=\"http:\/\/cornon.unileon.es\/directorio-y-telefonos?sr=5&amp;enc=eqirkbqqf4ceyua4c5ba4a3ga5oqkbtbmbbf6rcemzab6b2aai\">Dr. Leandro B. Rodr\u00edguez Aparicio<\/a>\r\n\r\n&nbsp;\r\n\r\n<strong>\u00c1rea de Gen\u00e9tica<\/strong>\r\n<a href=\"http:\/\/www3.unileon.es\/dp\/agn\">http:\/\/www3.unileon.es\/dp\/agn<\/a>\r\n\r\n<!--  \/* Font Definitions *\/ @font-face \t{font-family:Times; \tpanose-1:2 0 5 0 0 0 0 0 0 0; \tmso-font-charset:0; \tmso-generic-font-family:auto; \tmso-font-pitch:variable; \tmso-font-signature:3 0 0 0 1 0;} @font-face \t{font-family:Cambria; \tpanose-1:2 4 5 3 5 4 6 3 2 4; \tmso-font-charset:0; \tmso-generic-font-family:auto; \tmso-font-pitch:variable; \tmso-font-signature:3 0 0 0 1 0;}  \/* Style Definitions *\/ p.MsoNormal, li.MsoNormal, div.MsoNormal \t{mso-style-parent:\"\"; \tmargin-top:0cm; \tmargin-right:0cm; \tmargin-bottom:10.0pt; \tmargin-left:0cm; \tmso-pagination:widow-orphan; \tfont-size:12.0pt; \tfont-family:\"Times New Roman\"; \tmso-ascii-font-family:Cambria; \tmso-ascii-theme-font:minor-latin; \tmso-fareast-font-family:Cambria; \tmso-fareast-theme-font:minor-latin; \tmso-hansi-font-family:Cambria; \tmso-hansi-theme-font:minor-latin; \tmso-bidi-font-family:\"Times New Roman\"; \tmso-bidi-theme-font:minor-bidi; \tmso-fareast-language:EN-US;} p \t{margin:0cm; \tmargin-bottom:.0001pt; \tmso-pagination:widow-orphan; \tfont-size:10.0pt; \tfont-family:\"Times New Roman\"; \tmso-ascii-font-family:Times; \tmso-fareast-font-family:Cambria; \tmso-fareast-theme-font:minor-latin; \tmso-hansi-font-family:Times; \tmso-bidi-font-family:\"Times New Roman\";} @page Section1 \t{size:612.0pt 792.0pt; \tmargin:70.85pt 3.0cm 70.85pt 3.0cm; \tmso-header-margin:36.0pt; \tmso-footer-margin:36.0pt; \tmso-paper-source:0;} div.Section1 \t{page:Section1;} -->\r\n\r\n<em>Variabilidad gen\u00e9tica como base para la mejora vegetal<\/em>\r\n<a href=\"http:\/\/cornon.unileon.es\/directorio-y-telefonos?sr=5&amp;enc=gmoace2lhqfrccygamnqmtduazpqmbydojbv6mkrnzarsbkjazcagbdb\">Dr. Marcelino P\u00e9rez de la Vega<\/a>\r\n\r\n<em>Estudio de la resistencia en plantas a estreses bi\u00f3ticos y abi\u00f3ticos<\/em>\r\n<a href=\"http:\/\/cornon.unileon.es\/directorio-y-telefonos?sr=5&amp;enc=gmoace2lhqfrccygamnqmtduazpqmbydojbv6mkrnzarsbkjazcagbdb\">Dr. Marcelino P\u00e9rez de la Vega<\/a>\r\n\r\n<em>Gen\u00e9tica molecular de plantas superiores<\/em>\r\n<a href=\"http:\/\/cornon.unileon.es\/directorio-y-telefonos?sr=5&amp;enc=f4cq6ricf5dbcvcjkupvwvtbcbnqobqno5bvwrjlprbrua2gbvaacadhau\">Dr. Francisco Javier Vences Benito<\/a>\r\n\r\n<em>Estructura gen\u00e9tica de poblaciones vegetales<\/em>\r\n<a href=\"http:\/\/cornon.unileon.es\/directorio-y-telefonos?sr=5&amp;enc=gqkbutaufqcaua2fa5dqkadbausriaigoncvkrsennbb6\">Dr. Pedro Garc\u00eda Garc\u00eda<\/a>\r\n\r\n<em> <\/em>\r\n\r\n<em>Desarrollo y aplicaciones de las t\u00e9cnicas de cultivo in vitro en planta<\/em>s\r\n<a href=\"http:\/\/cornon.unileon.es\/directorio-y-telefonos?sr=5&amp;enc=feaqkhazg4efaqkdjriqkadhavpqkaqbarif2r2cnffrwbkearca\">Dra. Mar\u00eda Luisa\u00a0 Ruiz S\u00e1nchez<\/a>\r\n\r\n<em> <\/em>\r\n\r\n<em>Cultivo de tejidos vegetales\r\n<\/em><a href=\"http:\/\/cornon.unileon.es\/directorio-y-telefonos?sr=5&amp;enc=fapbieihmzfb2bsciylvqf3hbjma4aqgorcd2v2dnrbb6cscajdaoaq\">Dra. Mar\u00eda Isabel Pel\u00e1ez de Lucas<\/a><em> <\/em>\r\n\r\n<em>Mapeo gen\u00e9tico e identificaci\u00f3n de genes de inter\u00e9s agron\u00f3mico<\/em>\r\n<a href=\"http:\/\/cornon.unileon.es\/directorio-y-telefonos?sr=5&amp;enc=gimaer2hnfdf2qqjambaiqtuannqkaqdovavulsrnzarsbkjazcagbdb\">Dra. Francisca Vaquero Rodrigo<\/a>\r\n\r\n<em>An\u00e1lisis molecular de la variaci\u00f3n somaclonal<\/em><em>\r\n<\/em><a href=\"http:\/\/cornon.unileon.es\/directorio-y-telefonos?sr=5&amp;enc=hikfsgsfgyfrwecabvcqebdhajmx6eyeobbvutkanfdbsbi\">Dr. Carlos Polanco de la Puente<\/a>\r\n\r\n<em>An\u00e1lisis evolutivos mediante t\u00e9cnicas moleculares<\/em>\r\n<a href=\"http:\/\/cornon.unileon.es\/directorio-y-telefonos?sr=5&amp;enc=gzaa4hi5hedegecabvcqealgafogceyeobbvutkanfdbsbi\">Dr. Luis S\u00e1enz de Miera y Carnicer<\/a><em> <\/em>\r\n\r\n<em>Biotecnolog\u00eda de plantas<\/em>\r\n<a href=\"http:\/\/cornon.unileon.es\/directorio-y-telefonos?sr=5&amp;enc=oidviesagrirscshanbqaaldobgqmayfovff4qsgn5ca\">Dra. Ana Isabel Gonz\u00e1lez Cordero<\/a>\r\n\r\n<em> <\/em>\r\n\r\n&nbsp;\r\n\r\n<strong>\u00c1rea de Microbiolog\u00eda<\/strong>\r\n\r\n<em>Mecanismos de divisi\u00f3n\/elongaci\u00f3n celular en corinebacterias<\/em><strong>\r\n<\/strong><a href=\"http:\/\/cornon.unileon.es\/directorio-y-telefonos?sr=5&amp;enc=eqobwqacmykewwiea4mfaf3havlqeaafoncccv2dnrbb6cscajdaoaq\">Dr. Jos\u00e9 Antonio Gil Santos<\/a>\r\n\r\n<em>Enfermedad celiaca, metabolismo del gluten y microbiota proteol\u00edtica del gluten<\/em><strong>\r\n<\/strong> <a href=\"http:\/\/cornon.unileon.es\/directorio-y-telefonos?sr=5&amp;enc=f5caedskhylumbcdl4eamubwameuaaywobdf6rclnrabu5stavaqoatoafmagaad\">Dr. Francisco Javier Casqueiro Blanco<\/a>\r\n\r\n<em>Microbiolog\u00eda enol\u00f3gica y fitopat\u00f3genos de vi\u00f1edo responsables de enfermedades de madera de vid<\/em><strong>\r\n<\/strong><a href=\"http:\/\/cornon.unileon.es\/directorio-y-telefonos?sr=5&amp;enc=eipaaesanzirscshaffqmalbojgqmayfovff4qsgn5ca\">Dr. Juan Jos\u00e9 Rubio Coque<\/a>\r\n\r\n<em>Metabolismo, efectos y biodegradaci\u00f3n de pesticidas clorofen\u00f3licos por hongos filamentosos<\/em><strong>\r\n<\/strong> <a href=\"http:\/\/cornon.unileon.es\/directorio-y-telefonos?sr=5&amp;enc=eipaaesanzirscshaffqmalbojgqmayfovff4qsgn5ca\">Dr. Juan Jos\u00e9 Rubio Coque<\/a>\r\n\r\n<em>Mecanismos de acci\u00f3n de <\/em>Trichoderma<em> como agente de biocontrol<\/em><strong>\r\n<\/strong><a href=\"http:\/\/cornon.unileon.es\/directorio-y-telefonos?sr=5&amp;enc=gapqaekbhicukcsgizaribdoarnqeaanou2e6rkbn5cbaakgabbac\">Dr. Santiago Guti\u00e9rrez Mart\u00edn<\/a>\r\n\r\n<em>Bios\u00edntesis y control de la producci\u00f3n de agentes antif\u00fangicos<\/em>\r\n<a href=\"http:\/\/cornon.unileon.es\/directorio-y-telefonos?sr=5&amp;enc=pmarwriigmpbsxifkuauof3hbjoqebqnonbdiv2dnrbb6cscajdaoaq\">Dr. Jes\u00fas Aparicio Fern\u00e1ndez<\/a>\r\n\r\n<em>Redes de regulaci\u00f3n del metabolismo secundario en <\/em>Streptomyces<strong><em>\r\n<\/em><\/strong><a href=\"http:\/\/cornon.unileon.es\/directorio-y-telefonos?sr=5&amp;enc=pmarwriigmpbsxifkuauof3hbjoqebqnonbdiv2dnrbb6cscajdaoaq\">Dr. Jes\u00fas Aparicio Fern\u00e1ndez<\/a>\r\n\r\nArgR<em> como regulador global en especies de <\/em>Streptomyces<strong>\r\n<\/strong> <a href=\"http:\/\/cornon.unileon.es\/directorio-y-telefonos?sr=5&amp;enc=erbfqgqhnzdr6qkdl4laibzvcboa4aymozffuqz4prbrua2gbvaacadhau\">Dra. Paloma Liras Pad\u00edn<\/a>\r\n\r\n<em>\u00c1cido clavul\u00e1nico y nuevos metabolitos secundarios producidos por <\/em>Streptomyces clavuligerus<strong>\r\n<\/strong> <a href=\"http:\/\/cornon.unileon.es\/directorio-y-telefonos?sr=5&amp;enc=erbfqgqhnzdr6qkdl4laibzvcboa4aymozffuqz4prbrua2gbvaacadhau\">Dra. Paloma Liras Pad\u00edn<\/a>\r\n\r\n<em>Mecanismos de resistencia a metales, y estr\u00e9s oxidativo en corinebacterias<\/em><strong>\r\n<\/strong><a href=\"http:\/\/cornon.unileon.es\/directorio-y-telefonos?sr=5&amp;enc=oimvkh2gprbbaakhanbqodi5cbpqiaadpjavuqccne\">Dr. Luis Mariano Mateos Delgado<\/a>\r\n\r\n<em>Caracterizaci\u00f3n de hongos y bacterias l\u00e1cticas como starters de inter\u00e9s en la industria agroalimentaria<\/em>\r\n<a href=\"http:\/\/cornon.unileon.es\/directorio-y-telefonos?sr=5&amp;enc=oqlbuey3n4lumsq4c5ba4a3gaboakatbmbbf6rcemzab6b2aai\">Dr. Jos\u00e9 Mar\u00eda Castro Gonz\u00e1lez<\/a><strong> <\/strong>\r\n\r\n<em>Propiedades funcionales de la miel: papel en el tratamiento de la mucositis oral inducida<\/em><strong>\r\n<\/strong><a href=\"http:\/\/cornon.unileon.es\/directorio-y-telefonos?sr=5&amp;enc=oqlbuey3n4lumsq4c5ba4a3gaboakatbmbbf6rcemzab6b2aai\">Dr. Jos\u00e9 Mar\u00eda Castro Gonz\u00e1lez<\/a><strong> <\/strong>\r\n\r\n&nbsp;","protected":false},"excerpt":{"rendered":"<p>\u00c1rea de Biolog\u00eda Celular Vulnerabilidad neuronal e isquemia cerebral Dr. Arsenio Fern\u00e1ndez L\u00f3pez http:\/\/neurobio.unileon.es\/neurobio\/ Inmunobiolog\u00eda de tele\u00f3steos: inmunolog\u00eda in vitro y vacunas Dr. Alberto J. Villena http:\/\/www3.unileon.es\/dp\/abc\/inmunol\/inmunol.html Caracterizaci\u00f3n, cultivo y criopreservaci\u00f3n de PGCs y SSCs de peces. Aplicaci\u00f3n de an\u00e1lisis gen\u00e9ticos en la creaci\u00f3n de bancos de germoplasma Dra. Vanesa Robles Rodr\u00edguez http:\/\/itra.unileon.es\/ Determinaci\u00f3n de [&hellip;]<\/p>\n","protected":false},"author":64,"featured_media":0,"parent":0,"menu_order":0,"comment_status":"closed","ping_status":"open","template":"","meta":{"ngg_post_thumbnail":0,"footnotes":""},"class_list":["post-224","page","type-page","status-publish","hentry"],"yoast_head":"<!-- This site is optimized with the Yoast SEO plugin v25.8 - https:\/\/yoast.com\/wordpress\/plugins\/seo\/ -->\n<title>L\u00edneas de investigaci\u00f3n - Departamento de Biolog\u00eda Molecular<\/title>\n<meta name=\"robots\" content=\"index, follow, max-snippet:-1, max-image-preview:large, max-video-preview:-1\" \/>\n<link rel=\"canonical\" href=\"https:\/\/departamentos.unileon.es\/biologia-molecular\/lineas_investigacion\/\" \/>\n<meta property=\"og:locale\" content=\"es_ES\" \/>\n<meta property=\"og:type\" content=\"article\" \/>\n<meta property=\"og:title\" content=\"L\u00edneas de investigaci\u00f3n - Departamento de Biolog\u00eda Molecular\" \/>\n<meta property=\"og:description\" content=\"\u00c1rea de Biolog\u00eda Celular Vulnerabilidad neuronal e isquemia cerebral Dr. Arsenio Fern\u00e1ndez L\u00f3pez http:\/\/neurobio.unileon.es\/neurobio\/ Inmunobiolog\u00eda de tele\u00f3steos: inmunolog\u00eda in vitro y vacunas Dr. Alberto J. Villena http:\/\/www3.unileon.es\/dp\/abc\/inmunol\/inmunol.html Caracterizaci\u00f3n, cultivo y criopreservaci\u00f3n de PGCs y SSCs de peces. Aplicaci\u00f3n de an\u00e1lisis gen\u00e9ticos en la creaci\u00f3n de bancos de germoplasma Dra. Vanesa Robles Rodr\u00edguez http:\/\/itra.unileon.es\/ Determinaci\u00f3n de [&hellip;]\" \/>\n<meta property=\"og:url\" content=\"https:\/\/departamentos.unileon.es\/biologia-molecular\/lineas_investigacion\/\" \/>\n<meta property=\"og:site_name\" content=\"Departamento de Biolog\u00eda Molecular\" \/>\n<meta property=\"article:modified_time\" content=\"2011-06-02T12:16:38+00:00\" \/>\n<meta name=\"twitter:card\" content=\"summary_large_image\" \/>\n<meta name=\"twitter:label1\" content=\"Tiempo de lectura\" \/>\n\t<meta name=\"twitter:data1\" content=\"3 minutos\" \/>\n<script type=\"application\/ld+json\" class=\"yoast-schema-graph\">{\"@context\":\"https:\/\/schema.org\",\"@graph\":[{\"@type\":\"WebPage\",\"@id\":\"https:\/\/departamentos.unileon.es\/biologia-molecular\/lineas_investigacion\/\",\"url\":\"https:\/\/departamentos.unileon.es\/biologia-molecular\/lineas_investigacion\/\",\"name\":\"L\u00edneas de investigaci\u00f3n - Departamento de Biolog\u00eda Molecular\",\"isPartOf\":{\"@id\":\"https:\/\/departamentos.unileon.es\/biologia-molecular\/#website\"},\"datePublished\":\"2011-05-27T11:44:23+00:00\",\"dateModified\":\"2011-06-02T12:16:38+00:00\",\"inLanguage\":\"es\",\"potentialAction\":[{\"@type\":\"ReadAction\",\"target\":[\"https:\/\/departamentos.unileon.es\/biologia-molecular\/lineas_investigacion\/\"]}]},{\"@type\":\"WebSite\",\"@id\":\"https:\/\/departamentos.unileon.es\/biologia-molecular\/#website\",\"url\":\"https:\/\/departamentos.unileon.es\/biologia-molecular\/\",\"name\":\"Departamento de Biolog\u00eda Molecular\",\"description\":\"Otro sitio m\u00e1s de Universidad de Le\u00f3n\",\"potentialAction\":[{\"@type\":\"SearchAction\",\"target\":{\"@type\":\"EntryPoint\",\"urlTemplate\":\"https:\/\/departamentos.unileon.es\/biologia-molecular\/?s={search_term_string}\"},\"query-input\":{\"@type\":\"PropertyValueSpecification\",\"valueRequired\":true,\"valueName\":\"search_term_string\"}}],\"inLanguage\":\"es\"}]}<\/script>\n<!-- \/ Yoast SEO plugin. -->","yoast_head_json":{"title":"L\u00edneas de investigaci\u00f3n - Departamento de Biolog\u00eda Molecular","robots":{"index":"index","follow":"follow","max-snippet":"max-snippet:-1","max-image-preview":"max-image-preview:large","max-video-preview":"max-video-preview:-1"},"canonical":"https:\/\/departamentos.unileon.es\/biologia-molecular\/lineas_investigacion\/","og_locale":"es_ES","og_type":"article","og_title":"L\u00edneas de investigaci\u00f3n - Departamento de Biolog\u00eda Molecular","og_description":"\u00c1rea de Biolog\u00eda Celular Vulnerabilidad neuronal e isquemia cerebral Dr. Arsenio Fern\u00e1ndez L\u00f3pez http:\/\/neurobio.unileon.es\/neurobio\/ Inmunobiolog\u00eda de tele\u00f3steos: inmunolog\u00eda in vitro y vacunas Dr. Alberto J. Villena http:\/\/www3.unileon.es\/dp\/abc\/inmunol\/inmunol.html Caracterizaci\u00f3n, cultivo y criopreservaci\u00f3n de PGCs y SSCs de peces. Aplicaci\u00f3n de an\u00e1lisis gen\u00e9ticos en la creaci\u00f3n de bancos de germoplasma Dra. Vanesa Robles Rodr\u00edguez http:\/\/itra.unileon.es\/ Determinaci\u00f3n de [&hellip;]","og_url":"https:\/\/departamentos.unileon.es\/biologia-molecular\/lineas_investigacion\/","og_site_name":"Departamento de Biolog\u00eda Molecular","article_modified_time":"2011-06-02T12:16:38+00:00","twitter_card":"summary_large_image","twitter_misc":{"Tiempo de lectura":"3 minutos"},"schema":{"@context":"https:\/\/schema.org","@graph":[{"@type":"WebPage","@id":"https:\/\/departamentos.unileon.es\/biologia-molecular\/lineas_investigacion\/","url":"https:\/\/departamentos.unileon.es\/biologia-molecular\/lineas_investigacion\/","name":"L\u00edneas de investigaci\u00f3n - Departamento de Biolog\u00eda Molecular","isPartOf":{"@id":"https:\/\/departamentos.unileon.es\/biologia-molecular\/#website"},"datePublished":"2011-05-27T11:44:23+00:00","dateModified":"2011-06-02T12:16:38+00:00","inLanguage":"es","potentialAction":[{"@type":"ReadAction","target":["https:\/\/departamentos.unileon.es\/biologia-molecular\/lineas_investigacion\/"]}]},{"@type":"WebSite","@id":"https:\/\/departamentos.unileon.es\/biologia-molecular\/#website","url":"https:\/\/departamentos.unileon.es\/biologia-molecular\/","name":"Departamento de Biolog\u00eda Molecular","description":"Otro sitio m\u00e1s de Universidad de Le\u00f3n","potentialAction":[{"@type":"SearchAction","target":{"@type":"EntryPoint","urlTemplate":"https:\/\/departamentos.unileon.es\/biologia-molecular\/?s={search_term_string}"},"query-input":{"@type":"PropertyValueSpecification","valueRequired":true,"valueName":"search_term_string"}}],"inLanguage":"es"}]}},"_links":{"self":[{"href":"https:\/\/departamentos.unileon.es\/biologia-molecular\/wp-json\/wp\/v2\/pages\/224","targetHints":{"allow":["GET"]}}],"collection":[{"href":"https:\/\/departamentos.unileon.es\/biologia-molecular\/wp-json\/wp\/v2\/pages"}],"about":[{"href":"https:\/\/departamentos.unileon.es\/biologia-molecular\/wp-json\/wp\/v2\/types\/page"}],"author":[{"embeddable":true,"href":"https:\/\/departamentos.unileon.es\/biologia-molecular\/wp-json\/wp\/v2\/users\/64"}],"replies":[{"embeddable":true,"href":"https:\/\/departamentos.unileon.es\/biologia-molecular\/wp-json\/wp\/v2\/comments?post=224"}],"version-history":[{"count":11,"href":"https:\/\/departamentos.unileon.es\/biologia-molecular\/wp-json\/wp\/v2\/pages\/224\/revisions"}],"predecessor-version":[{"id":226,"href":"https:\/\/departamentos.unileon.es\/biologia-molecular\/wp-json\/wp\/v2\/pages\/224\/revisions\/226"}],"wp:attachment":[{"href":"https:\/\/departamentos.unileon.es\/biologia-molecular\/wp-json\/wp\/v2\/media?parent=224"}],"curies":[{"name":"wp","href":"https:\/\/api.w.org\/{rel}","templated":true}]}}