{"id":284,"date":"2011-11-04T11:38:01","date_gmt":"2011-11-04T11:38:01","guid":{"rendered":"http:\/\/departamentos.unileon.es\/biodiversidad-y-gestion-ambiental\/?page_id=284"},"modified":"2021-02-19T11:49:29","modified_gmt":"2021-02-19T11:49:29","slug":"antropologia-fisica-personal","status":"publish","type":"page","link":"https:\/\/departamentos.unileon.es\/biodiversidad-y-gestion-ambiental\/antropologia-fisica-personal\/","title":{"rendered":"Antropolog\u00eda F\u00edsica: Personal"},"content":{"rendered":"<a href=\"http:\/\/departamentos.unileon.es\/biodiversidad-y-gestion-ambiental\/antropologia-fisica-menu\/\">Inicio<\/a>\n\n(Foto)\n<ul>\n \t<li>Nombre: Dra. Humildad Rodr\u00edguez Otero<\/li>\n \t<li>Tel\u00e9fono: 987 291529<\/li>\n \t<li>Correo electr\u00f3nico: humildad.rodriguez@unileon.es<\/li>\n \t<li>Categor\u00eda: Profesor Titular de Universidad<\/li>\n \t<li>Web personal\/informaci\u00f3n (opcional):<\/li>\n<\/ul>","protected":false},"excerpt":{"rendered":"<p>Inicio (Foto) Nombre: Dra. Humildad Rodr\u00edguez Otero Tel\u00e9fono: 987 291529 Correo electr\u00f3nico: humildad.rodriguez@unileon.es Categor\u00eda: Profesor Titular de Universidad Web personal\/informaci\u00f3n (opcional):<\/p>\n","protected":false},"author":7,"featured_media":0,"parent":0,"menu_order":0,"comment_status":"closed","ping_status":"open","template":"","meta":{"ngg_post_thumbnail":0,"footnotes":""},"class_list":["post-284","page","type-page","status-publish","hentry"],"yoast_head":"<!-- This site is optimized with the Yoast SEO plugin v25.8 - https:\/\/yoast.com\/wordpress\/plugins\/seo\/ -->\n<title>Antropolog\u00eda F\u00edsica: Personal - Departamento de Biodiversidad y Gesti\u00f3n Ambiental<\/title>\n<meta name=\"robots\" content=\"index, follow, max-snippet:-1, max-image-preview:large, max-video-preview:-1\" \/>\n<link rel=\"canonical\" href=\"https:\/\/departamentos.unileon.es\/biodiversidad-y-gestion-ambiental\/antropologia-fisica-personal\/\" \/>\n<meta property=\"og:locale\" content=\"es_ES\" \/>\n<meta property=\"og:type\" content=\"article\" \/>\n<meta property=\"og:title\" content=\"Antropolog\u00eda F\u00edsica: Personal - Departamento de Biodiversidad y Gesti\u00f3n Ambiental\" \/>\n<meta property=\"og:description\" content=\"Inicio (Foto) Nombre: Dra. Humildad Rodr\u00edguez Otero Tel\u00e9fono: 987 291529 Correo electr\u00f3nico: humildad.rodriguez@unileon.es Categor\u00eda: Profesor Titular de Universidad Web personal\/informaci\u00f3n (opcional):\" \/>\n<meta property=\"og:url\" content=\"https:\/\/departamentos.unileon.es\/biodiversidad-y-gestion-ambiental\/antropologia-fisica-personal\/\" \/>\n<meta property=\"og:site_name\" content=\"Departamento de Biodiversidad y Gesti\u00f3n Ambiental\" \/>\n<meta property=\"article:modified_time\" content=\"2021-02-19T11:49:29+00:00\" \/>\n<meta name=\"twitter:card\" content=\"summary_large_image\" \/>\n<script type=\"application\/ld+json\" class=\"yoast-schema-graph\">{\"@context\":\"https:\/\/schema.org\",\"@graph\":[{\"@type\":\"WebPage\",\"@id\":\"https:\/\/departamentos.unileon.es\/biodiversidad-y-gestion-ambiental\/antropologia-fisica-personal\/\",\"url\":\"https:\/\/departamentos.unileon.es\/biodiversidad-y-gestion-ambiental\/antropologia-fisica-personal\/\",\"name\":\"Antropolog\u00eda F\u00edsica: Personal - Departamento de Biodiversidad y Gesti\u00f3n Ambiental\",\"isPartOf\":{\"@id\":\"https:\/\/departamentos.unileon.es\/biodiversidad-y-gestion-ambiental\/#website\"},\"datePublished\":\"2011-11-04T11:38:01+00:00\",\"dateModified\":\"2021-02-19T11:49:29+00:00\",\"inLanguage\":\"es\",\"potentialAction\":[{\"@type\":\"ReadAction\",\"target\":[\"https:\/\/departamentos.unileon.es\/biodiversidad-y-gestion-ambiental\/antropologia-fisica-personal\/\"]}]},{\"@type\":\"WebSite\",\"@id\":\"https:\/\/departamentos.unileon.es\/biodiversidad-y-gestion-ambiental\/#website\",\"url\":\"https:\/\/departamentos.unileon.es\/biodiversidad-y-gestion-ambiental\/\",\"name\":\"Departamento de Biodiversidad y Gesti\u00f3n Ambiental\",\"description\":\"Otro sitio m\u00e1s de Universidad de Le\u00f3n\",\"potentialAction\":[{\"@type\":\"SearchAction\",\"target\":{\"@type\":\"EntryPoint\",\"urlTemplate\":\"https:\/\/departamentos.unileon.es\/biodiversidad-y-gestion-ambiental\/?s={search_term_string}\"},\"query-input\":{\"@type\":\"PropertyValueSpecification\",\"valueRequired\":true,\"valueName\":\"search_term_string\"}}],\"inLanguage\":\"es\"}]}<\/script>\n<!-- \/ Yoast SEO plugin. -->","yoast_head_json":{"title":"Antropolog\u00eda F\u00edsica: Personal - Departamento de Biodiversidad y Gesti\u00f3n Ambiental","robots":{"index":"index","follow":"follow","max-snippet":"max-snippet:-1","max-image-preview":"max-image-preview:large","max-video-preview":"max-video-preview:-1"},"canonical":"https:\/\/departamentos.unileon.es\/biodiversidad-y-gestion-ambiental\/antropologia-fisica-personal\/","og_locale":"es_ES","og_type":"article","og_title":"Antropolog\u00eda F\u00edsica: Personal - Departamento de Biodiversidad y Gesti\u00f3n Ambiental","og_description":"Inicio (Foto) Nombre: Dra. Humildad Rodr\u00edguez Otero Tel\u00e9fono: 987 291529 Correo electr\u00f3nico: humildad.rodriguez@unileon.es Categor\u00eda: Profesor Titular de Universidad Web personal\/informaci\u00f3n (opcional):","og_url":"https:\/\/departamentos.unileon.es\/biodiversidad-y-gestion-ambiental\/antropologia-fisica-personal\/","og_site_name":"Departamento de Biodiversidad y Gesti\u00f3n Ambiental","article_modified_time":"2021-02-19T11:49:29+00:00","twitter_card":"summary_large_image","schema":{"@context":"https:\/\/schema.org","@graph":[{"@type":"WebPage","@id":"https:\/\/departamentos.unileon.es\/biodiversidad-y-gestion-ambiental\/antropologia-fisica-personal\/","url":"https:\/\/departamentos.unileon.es\/biodiversidad-y-gestion-ambiental\/antropologia-fisica-personal\/","name":"Antropolog\u00eda F\u00edsica: Personal - Departamento de Biodiversidad y Gesti\u00f3n Ambiental","isPartOf":{"@id":"https:\/\/departamentos.unileon.es\/biodiversidad-y-gestion-ambiental\/#website"},"datePublished":"2011-11-04T11:38:01+00:00","dateModified":"2021-02-19T11:49:29+00:00","inLanguage":"es","potentialAction":[{"@type":"ReadAction","target":["https:\/\/departamentos.unileon.es\/biodiversidad-y-gestion-ambiental\/antropologia-fisica-personal\/"]}]},{"@type":"WebSite","@id":"https:\/\/departamentos.unileon.es\/biodiversidad-y-gestion-ambiental\/#website","url":"https:\/\/departamentos.unileon.es\/biodiversidad-y-gestion-ambiental\/","name":"Departamento de Biodiversidad y Gesti\u00f3n Ambiental","description":"Otro sitio m\u00e1s de Universidad de Le\u00f3n","potentialAction":[{"@type":"SearchAction","target":{"@type":"EntryPoint","urlTemplate":"https:\/\/departamentos.unileon.es\/biodiversidad-y-gestion-ambiental\/?s={search_term_string}"},"query-input":{"@type":"PropertyValueSpecification","valueRequired":true,"valueName":"search_term_string"}}],"inLanguage":"es"}]}},"_links":{"self":[{"href":"https:\/\/departamentos.unileon.es\/biodiversidad-y-gestion-ambiental\/wp-json\/wp\/v2\/pages\/284","targetHints":{"allow":["GET"]}}],"collection":[{"href":"https:\/\/departamentos.unileon.es\/biodiversidad-y-gestion-ambiental\/wp-json\/wp\/v2\/pages"}],"about":[{"href":"https:\/\/departamentos.unileon.es\/biodiversidad-y-gestion-ambiental\/wp-json\/wp\/v2\/types\/page"}],"author":[{"embeddable":true,"href":"https:\/\/departamentos.unileon.es\/biodiversidad-y-gestion-ambiental\/wp-json\/wp\/v2\/users\/7"}],"replies":[{"embeddable":true,"href":"https:\/\/departamentos.unileon.es\/biodiversidad-y-gestion-ambiental\/wp-json\/wp\/v2\/comments?post=284"}],"version-history":[{"count":5,"href":"https:\/\/departamentos.unileon.es\/biodiversidad-y-gestion-ambiental\/wp-json\/wp\/v2\/pages\/284\/revisions"}],"predecessor-version":[{"id":685,"href":"https:\/\/departamentos.unileon.es\/biodiversidad-y-gestion-ambiental\/wp-json\/wp\/v2\/pages\/284\/revisions\/685"}],"wp:attachment":[{"href":"https:\/\/departamentos.unileon.es\/biodiversidad-y-gestion-ambiental\/wp-json\/wp\/v2\/media?parent=284"}],"curies":[{"name":"wp","href":"https:\/\/api.w.org\/{rel}","templated":true}]}}