{"id":208,"date":"2011-11-03T13:12:10","date_gmt":"2011-11-03T13:12:10","guid":{"rendered":"http:\/\/departamentos.unileon.es\/biodiversidad-y-gestion-ambiental\/?page_id=208"},"modified":"2022-11-16T07:53:17","modified_gmt":"2022-11-16T07:53:17","slug":"ubicacion-y-contacto","status":"publish","type":"page","link":"https:\/\/departamentos.unileon.es\/biodiversidad-y-gestion-ambiental\/ubicacion-y-contacto\/","title":{"rendered":"Ubicaci\u00f3n y contacto"},"content":{"rendered":"<table width=\"582\">\n<tbody>\n<tr>\n<td width=\"295\">P\u00e1gina Web del Departamento<\/td>\n<td width=\"287\">https:\/\/departamentos.unileon.es\/biodiversidad-y-gestion-ambiental\/<\/td>\n<\/tr>\n<tr>\n<td rowspan=\"5\" width=\"295\">Direcci\u00f3n Postal<\/td>\n<td width=\"287\">Departamento de Biodiversidad y Gesti\u00f3n Ambiental<\/td>\n<\/tr>\n<tr>\n<td width=\"287\">UNIVERSIDAD DE LE\u00d3N<\/td>\n<\/tr>\n<tr>\n<td width=\"287\">Facultad de Ciencias Biol\u00f3gicas y Ambientales<\/td>\n<\/tr>\n<tr>\n<td width=\"287\">Campus de Vegazana, s\/n<\/td>\n<\/tr>\n<tr>\n<td width=\"287\">24071 LE\u00d3N<\/td>\n<\/tr>\n<tr>\n<td rowspan=\"2\" width=\"295\">Tel\u00e9fono<\/td>\n<td width=\"287\">987 29 19 03 (Secretar\u00eda)<\/td>\n<\/tr>\n<tr>\n<td width=\"287\">987 29 15 67 (Direcci\u00f3n)<\/td>\n<\/tr>\n<tr>\n<td width=\"295\">Buz\u00f3n electr\u00f3nico<\/td>\n<td>dbgaadm@unileon.es<\/td>\n<\/tr>\n<\/tbody>\n<\/table>\n<h2>&nbsp;<\/h2>\n<h2>C\u00f3mo contactar:<\/h2>\n<h4>Por tel\u00e9fono:<\/h4>\n<ul>\n \t<li>En general: 987 291 903<\/li>\n \t<li>En particular: consultar el \u201cDirectorio y tel\u00e9fonos\u201d en la p\u00e1gina principal de la Universidad de Le\u00f3n<\/li>\n<\/ul>\n<h4>Por correo electr\u00f3nico:<\/h4>\n<ul>\n \t<li>En general: <a href=\"mailto:dbgaadm@unileon.es\">dbgaadm@unileon.es<\/a><\/li>\n \t<li>En particular: consultar el \u201cDirectorio y tel\u00e9fonos\u201d en la p\u00e1gina principal de la Universidad de Le\u00f3n<\/li>\n<\/ul>\n<h4>Por correo postal:<\/h4>\n<ul>\n \t<li>Nombre de la persona<\/li>\n \t<li>Departamento de Biodiversidad y Gesti\u00f3n Ambiental<\/li>\n \t<li>Facultad de Ciencias Biol\u00f3gicas y Ambientales<\/li>\n \t<li>Universidad de Le\u00f3n<\/li>\n \t<li>24071 \u2013 Le\u00f3n<\/li>\n<\/ul>\n<h3>C\u00f3mo enviar:<\/h3>\n<h4>Cartas o paquetes por correo postal:<\/h4>\n<ul>\n \t<li>Nombre de la persona<\/li>\n \t<li>Departamento de Biodiversidad y Gesti\u00f3n Ambiental<\/li>\n \t<li>Universidad de Le\u00f3n<\/li>\n \t<li>24071 \u2013 Le\u00f3n<\/li>\n<\/ul>\n<h4>Paquetes por mensajer\u00eda:<\/h4>\n<ul>\n \t<li>Nombre de la Persona<\/li>\n \t<li>Departamento de Biodiversidad y Gesti\u00f3n Ambiental<\/li>\n \t<li>Facultad de Ciencias Biol\u00f3gicas y Ambientales<\/li>\n \t<li>Puerta por la calle Profesor Pedro C\u00e1rmenes<\/li>\n \t<li>(Administraci\u00f3n: 1\u00aa planta)<\/li>\n \t<li>(Antropolog\u00eda F\u00edsica: 1\u00aa planta)<\/li>\n \t<li>(Bot\u00e1nica: 2\u00aa planta)<\/li>\n \t<li>(Ecolog\u00eda: 2\u00aa planta)<\/li>\n \t<li>(Zoolog\u00eda: 1\u00aa planta)<\/li>\n<\/ul>\n<h3>C\u00f3mo llegar:<\/h3>\nEl campus de la Universidad se encuentra al norte de la ciudad, con f\u00e1cil acceso desde la \u201cronda norte\u201d, que est\u00e1 bien se\u00f1alizado. En el campus, la calle Emilio Hurtado lo cruza de este a oeste, y de ella parte la calle Profesor Pedro C\u00e1rmenes.\n\nEl campus de la Universidad se encuentra al norte de la ciudad, con f\u00e1cil acceso desde la \u201cronda norte\u201d, que est\u00e1 bien se\u00f1alizado. En el campus, la calle Emilio Hurtado lo cruza de este a oeste, y de ella parte la calle Profesor Pedro C\u00e1rmenes.\n\nEl campus de la Universidad se encuentra al norte de la ciudad, con f\u00e1cil acceso desde la \u201cronda norte\u201d, que est\u00e1 bien se\u00f1alizado. En el campus, la calle Emilio Hurtado lo cruza de este a oeste, y de ella parte la calle Profesor Pedro C\u00e1rmenes.\n\n&nbsp;\n\n<a href=\"http:\/\/maps.google.es\/maps\/ms?ie=UTF8&amp;hl=es&amp;t=h&amp;om=1&amp;msa=0&amp;msid=103663123288098879288.00043cc19677162dbe204&amp;ll=42.611647,-5.558387&amp;spn=0.001382,0.00295&amp;z=18&amp;source=embed\">Ver mapa<\/a>","protected":false},"excerpt":{"rendered":"<p>P\u00e1gina Web del Departamento https:\/\/departamentos.unileon.es\/biodiversidad-y-gestion-ambiental\/ Direcci\u00f3n Postal Departamento de Biodiversidad y Gesti\u00f3n Ambiental UNIVERSIDAD DE LE\u00d3N Facultad de Ciencias Biol\u00f3gicas y Ambientales Campus de Vegazana, s\/n 24071 LE\u00d3N Tel\u00e9fono 987 29 19 03 (Secretar\u00eda) 987 29 15 67 (Direcci\u00f3n) Buz\u00f3n electr\u00f3nico dbgaadm@unileon.es &nbsp; C\u00f3mo contactar: Por tel\u00e9fono: En general: 987 291 903 En particular: consultar [&hellip;]<\/p>\n","protected":false},"author":7,"featured_media":0,"parent":0,"menu_order":0,"comment_status":"closed","ping_status":"open","template":"","meta":{"ngg_post_thumbnail":0,"footnotes":""},"class_list":["post-208","page","type-page","status-publish","hentry"],"yoast_head":"<!-- This site is optimized with the Yoast SEO plugin v25.8 - https:\/\/yoast.com\/wordpress\/plugins\/seo\/ -->\n<title>Ubicaci\u00f3n y contacto - Departamento de Biodiversidad y Gesti\u00f3n Ambiental<\/title>\n<meta name=\"robots\" content=\"index, follow, max-snippet:-1, max-image-preview:large, max-video-preview:-1\" \/>\n<link rel=\"canonical\" href=\"https:\/\/departamentos.unileon.es\/biodiversidad-y-gestion-ambiental\/ubicacion-y-contacto\/\" \/>\n<meta property=\"og:locale\" content=\"es_ES\" \/>\n<meta property=\"og:type\" content=\"article\" \/>\n<meta property=\"og:title\" content=\"Ubicaci\u00f3n y contacto - Departamento de Biodiversidad y Gesti\u00f3n Ambiental\" \/>\n<meta property=\"og:description\" content=\"P\u00e1gina Web del Departamento https:\/\/departamentos.unileon.es\/biodiversidad-y-gestion-ambiental\/ Direcci\u00f3n Postal Departamento de Biodiversidad y Gesti\u00f3n Ambiental UNIVERSIDAD DE LE\u00d3N Facultad de Ciencias Biol\u00f3gicas y Ambientales Campus de Vegazana, s\/n 24071 LE\u00d3N Tel\u00e9fono 987 29 19 03 (Secretar\u00eda) 987 29 15 67 (Direcci\u00f3n) Buz\u00f3n electr\u00f3nico dbgaadm@unileon.es &nbsp; C\u00f3mo contactar: Por tel\u00e9fono: En general: 987 291 903 En particular: consultar [&hellip;]\" \/>\n<meta property=\"og:url\" content=\"https:\/\/departamentos.unileon.es\/biodiversidad-y-gestion-ambiental\/ubicacion-y-contacto\/\" \/>\n<meta property=\"og:site_name\" content=\"Departamento de Biodiversidad y Gesti\u00f3n Ambiental\" \/>\n<meta property=\"article:modified_time\" content=\"2022-11-16T07:53:17+00:00\" \/>\n<meta name=\"twitter:card\" content=\"summary_large_image\" \/>\n<meta name=\"twitter:label1\" content=\"Tiempo de lectura\" \/>\n\t<meta name=\"twitter:data1\" content=\"2 minutos\" \/>\n<script type=\"application\/ld+json\" class=\"yoast-schema-graph\">{\"@context\":\"https:\/\/schema.org\",\"@graph\":[{\"@type\":\"WebPage\",\"@id\":\"https:\/\/departamentos.unileon.es\/biodiversidad-y-gestion-ambiental\/ubicacion-y-contacto\/\",\"url\":\"https:\/\/departamentos.unileon.es\/biodiversidad-y-gestion-ambiental\/ubicacion-y-contacto\/\",\"name\":\"Ubicaci\u00f3n y contacto - Departamento de Biodiversidad y Gesti\u00f3n Ambiental\",\"isPartOf\":{\"@id\":\"https:\/\/departamentos.unileon.es\/biodiversidad-y-gestion-ambiental\/#website\"},\"datePublished\":\"2011-11-03T13:12:10+00:00\",\"dateModified\":\"2022-11-16T07:53:17+00:00\",\"inLanguage\":\"es\",\"potentialAction\":[{\"@type\":\"ReadAction\",\"target\":[\"https:\/\/departamentos.unileon.es\/biodiversidad-y-gestion-ambiental\/ubicacion-y-contacto\/\"]}]},{\"@type\":\"WebSite\",\"@id\":\"https:\/\/departamentos.unileon.es\/biodiversidad-y-gestion-ambiental\/#website\",\"url\":\"https:\/\/departamentos.unileon.es\/biodiversidad-y-gestion-ambiental\/\",\"name\":\"Departamento de Biodiversidad y Gesti\u00f3n Ambiental\",\"description\":\"Otro sitio m\u00e1s de Universidad de Le\u00f3n\",\"potentialAction\":[{\"@type\":\"SearchAction\",\"target\":{\"@type\":\"EntryPoint\",\"urlTemplate\":\"https:\/\/departamentos.unileon.es\/biodiversidad-y-gestion-ambiental\/?s={search_term_string}\"},\"query-input\":{\"@type\":\"PropertyValueSpecification\",\"valueRequired\":true,\"valueName\":\"search_term_string\"}}],\"inLanguage\":\"es\"}]}<\/script>\n<!-- \/ Yoast SEO plugin. -->","yoast_head_json":{"title":"Ubicaci\u00f3n y contacto - Departamento de Biodiversidad y Gesti\u00f3n Ambiental","robots":{"index":"index","follow":"follow","max-snippet":"max-snippet:-1","max-image-preview":"max-image-preview:large","max-video-preview":"max-video-preview:-1"},"canonical":"https:\/\/departamentos.unileon.es\/biodiversidad-y-gestion-ambiental\/ubicacion-y-contacto\/","og_locale":"es_ES","og_type":"article","og_title":"Ubicaci\u00f3n y contacto - Departamento de Biodiversidad y Gesti\u00f3n Ambiental","og_description":"P\u00e1gina Web del Departamento https:\/\/departamentos.unileon.es\/biodiversidad-y-gestion-ambiental\/ Direcci\u00f3n Postal Departamento de Biodiversidad y Gesti\u00f3n Ambiental UNIVERSIDAD DE LE\u00d3N Facultad de Ciencias Biol\u00f3gicas y Ambientales Campus de Vegazana, s\/n 24071 LE\u00d3N Tel\u00e9fono 987 29 19 03 (Secretar\u00eda) 987 29 15 67 (Direcci\u00f3n) Buz\u00f3n electr\u00f3nico dbgaadm@unileon.es &nbsp; C\u00f3mo contactar: Por tel\u00e9fono: En general: 987 291 903 En particular: consultar [&hellip;]","og_url":"https:\/\/departamentos.unileon.es\/biodiversidad-y-gestion-ambiental\/ubicacion-y-contacto\/","og_site_name":"Departamento de Biodiversidad y Gesti\u00f3n Ambiental","article_modified_time":"2022-11-16T07:53:17+00:00","twitter_card":"summary_large_image","twitter_misc":{"Tiempo de lectura":"2 minutos"},"schema":{"@context":"https:\/\/schema.org","@graph":[{"@type":"WebPage","@id":"https:\/\/departamentos.unileon.es\/biodiversidad-y-gestion-ambiental\/ubicacion-y-contacto\/","url":"https:\/\/departamentos.unileon.es\/biodiversidad-y-gestion-ambiental\/ubicacion-y-contacto\/","name":"Ubicaci\u00f3n y contacto - Departamento de Biodiversidad y Gesti\u00f3n Ambiental","isPartOf":{"@id":"https:\/\/departamentos.unileon.es\/biodiversidad-y-gestion-ambiental\/#website"},"datePublished":"2011-11-03T13:12:10+00:00","dateModified":"2022-11-16T07:53:17+00:00","inLanguage":"es","potentialAction":[{"@type":"ReadAction","target":["https:\/\/departamentos.unileon.es\/biodiversidad-y-gestion-ambiental\/ubicacion-y-contacto\/"]}]},{"@type":"WebSite","@id":"https:\/\/departamentos.unileon.es\/biodiversidad-y-gestion-ambiental\/#website","url":"https:\/\/departamentos.unileon.es\/biodiversidad-y-gestion-ambiental\/","name":"Departamento de Biodiversidad y Gesti\u00f3n Ambiental","description":"Otro sitio m\u00e1s de Universidad de Le\u00f3n","potentialAction":[{"@type":"SearchAction","target":{"@type":"EntryPoint","urlTemplate":"https:\/\/departamentos.unileon.es\/biodiversidad-y-gestion-ambiental\/?s={search_term_string}"},"query-input":{"@type":"PropertyValueSpecification","valueRequired":true,"valueName":"search_term_string"}}],"inLanguage":"es"}]}},"_links":{"self":[{"href":"https:\/\/departamentos.unileon.es\/biodiversidad-y-gestion-ambiental\/wp-json\/wp\/v2\/pages\/208","targetHints":{"allow":["GET"]}}],"collection":[{"href":"https:\/\/departamentos.unileon.es\/biodiversidad-y-gestion-ambiental\/wp-json\/wp\/v2\/pages"}],"about":[{"href":"https:\/\/departamentos.unileon.es\/biodiversidad-y-gestion-ambiental\/wp-json\/wp\/v2\/types\/page"}],"author":[{"embeddable":true,"href":"https:\/\/departamentos.unileon.es\/biodiversidad-y-gestion-ambiental\/wp-json\/wp\/v2\/users\/7"}],"replies":[{"embeddable":true,"href":"https:\/\/departamentos.unileon.es\/biodiversidad-y-gestion-ambiental\/wp-json\/wp\/v2\/comments?post=208"}],"version-history":[{"count":17,"href":"https:\/\/departamentos.unileon.es\/biodiversidad-y-gestion-ambiental\/wp-json\/wp\/v2\/pages\/208\/revisions"}],"predecessor-version":[{"id":782,"href":"https:\/\/departamentos.unileon.es\/biodiversidad-y-gestion-ambiental\/wp-json\/wp\/v2\/pages\/208\/revisions\/782"}],"wp:attachment":[{"href":"https:\/\/departamentos.unileon.es\/biodiversidad-y-gestion-ambiental\/wp-json\/wp\/v2\/media?parent=208"}],"curies":[{"name":"wp","href":"https:\/\/api.w.org\/{rel}","templated":true}]}}