{"version":"1.0","provider_name":"Departamento de Biodiversidad y Gesti\u00f3n Ambiental","provider_url":"https:\/\/departamentos.unileon.es\/biodiversidad-y-gestion-ambiental","author_name":"unileon","author_url":"https:\/\/departamentos.unileon.es\/biodiversidad-y-gestion-ambiental\/author\/unileon\/","title":"Personal perteneciente al departamento - Departamento de Biodiversidad y Gesti\u00f3n Ambiental","type":"rich","width":600,"height":338,"html":"<blockquote class=\"wp-embedded-content\" data-secret=\"m9B052zErn\"><a href=\"https:\/\/departamentos.unileon.es\/biodiversidad-y-gestion-ambiental\/personal\/\">Personal perteneciente al departamento<\/a><\/blockquote><iframe sandbox=\"allow-scripts\" security=\"restricted\" src=\"https:\/\/departamentos.unileon.es\/biodiversidad-y-gestion-ambiental\/personal\/embed\/#?secret=m9B052zErn\" width=\"600\" height=\"338\" title=\"\u00abPersonal perteneciente al departamento\u00bb \u2014 Departamento de Biodiversidad y Gesti\u00f3n Ambiental\" data-secret=\"m9B052zErn\" frameborder=\"0\" marginwidth=\"0\" marginheight=\"0\" scrolling=\"no\" class=\"wp-embedded-content\"><\/iframe><script type=\"text\/javascript\">\n\/* <![CDATA[ *\/\n\/*! This file is auto-generated *\/\n!function(d,l){\"use strict\";l.querySelector&&d.addEventListener&&\"undefined\"!=typeof URL&&(d.wp=d.wp||{},d.wp.receiveEmbedMessage||(d.wp.receiveEmbedMessage=function(e){var t=e.data;if((t||t.secret||t.message||t.value)&&!\/[^a-zA-Z0-9]\/.test(t.secret)){for(var s,r,n,a=l.querySelectorAll('iframe[data-secret=\"'+t.secret+'\"]'),o=l.querySelectorAll('blockquote[data-secret=\"'+t.secret+'\"]'),c=new RegExp(\"^https?:$\",\"i\"),i=0;i<o.length;i++)o[i].style.display=\"none\";for(i=0;i<a.length;i++)s=a[i],e.source===s.contentWindow&&(s.removeAttribute(\"style\"),\"height\"===t.message?(1e3<(r=parseInt(t.value,10))?r=1e3:~~r<200&&(r=200),s.height=r):\"link\"===t.message&&(r=new URL(s.getAttribute(\"src\")),n=new URL(t.value),c.test(n.protocol))&&n.host===r.host&&l.activeElement===s&&(d.top.location.href=t.value))}},d.addEventListener(\"message\",d.wp.receiveEmbedMessage,!1),l.addEventListener(\"DOMContentLoaded\",function(){for(var e,t,s=l.querySelectorAll(\"iframe.wp-embedded-content\"),r=0;r<s.length;r++)(t=(e=s[r]).getAttribute(\"data-secret\"))||(t=Math.random().toString(36).substring(2,12),e.src+=\"#?secret=\"+t,e.setAttribute(\"data-secret\",t)),e.contentWindow.postMessage({message:\"ready\",secret:t},\"*\")},!1)))}(window,document);\n\/* ]]> *\/\n<\/script>\n","description":"Nombre Puesto Extensi\u00f3n PROFESORADO \u00c1REA DE ANTROPOLOG\u00cdA F\u00cdSICA Garc\u00eda Tabernero, Antonio Profesor Ayudante Doctor 987293311 Rodr\u00edguez Garc\u00eda, Laura Profesora Titular de Universidad 987293294 \u00c1REA DE BOT\u00c1NICA Acedo Casado, M\u00aa Carmen Profesora Titular de Universidad 987291562 Alfaro Saiz, Estrella Profesora Ayudante Doctora 987293408 Alonso Redondo, Raquel Profesora Titular de Universidad 987291554 Fern\u00e1ndez Gonz\u00e1lez, M\u00aa Delia Profesora [&hellip;]"}

Departamento de Biodiversidad y Gestión Ambiental

Personal perteneciente al departamento - Departamento de Biodiversidad y Gestión Ambiental

<blockquote class="wp-embedded-content" data-secret="m9B052zErn"><a href="https://departamentos.unileon.es/biodiversidad-y-gestion-ambiental/personal/">Personal perteneciente al departamento</a></blockquote><iframe sandbox="allow-scripts" security="restricted" src="https://departamentos.unileon.es/biodiversidad-y-gestion-ambiental/personal/embed/#?secret=m9B052zErn" width="600" height="338" title="«Personal perteneciente al departamento» — Departamento de Biodiversidad y Gestión Ambiental" data-secret="m9B052zErn" frameborder="0" marginwidth="0" marginheight="0" scrolling="no" class="wp-embedded-content"></iframe><script type="text/javascript">
/* <![CDATA[ */
/*! This file is auto-generated */
!function(d,l){"use strict";l.querySelector&&d.addEventListener&&"undefined"!=typeof URL&&(d.wp=d.wp||{},d.wp.receiveEmbedMessage||(d.wp.receiveEmbedMessage=function(e){var t=e.data;if((t||t.secret||t.message||t.value)&&!/[^a-zA-Z0-9]/.test(t.secret)){for(var s,r,n,a=l.querySelectorAll('iframe[data-secret="'+t.secret+'"]'),o=l.querySelectorAll('blockquote[data-secret="'+t.secret+'"]'),c=new RegExp("^https?:$","i"),i=0;i<o.length;i++)o[i].style.display="none";for(i=0;i<a.length;i++)s=a[i],e.source===s.contentWindow&&(s.removeAttribute("style"),"height"===t.message?(1e3<(r=parseInt(t.value,10))?r=1e3:~~r<200&&(r=200),s.height=r):"link"===t.message&&(r=new URL(s.getAttribute("src")),n=new URL(t.value),c.test(n.protocol))&&n.host===r.host&&l.activeElement===s&&(d.top.location.href=t.value))}},d.addEventListener("message",d.wp.receiveEmbedMessage,!1),l.addEventListener("DOMContentLoaded",function(){for(var e,t,s=l.querySelectorAll("iframe.wp-embedded-content"),r=0;r<s.length;r++)(t=(e=s[r]).getAttribute("data-secret"))||(t=Math.random().toString(36).substring(2,12),e.src+="#?secret="+t,e.setAttribute("data-secret",t)),e.contentWindow.postMessage({message:"ready",secret:t},"*")},!1)))}(window,document);
/* ]]> */
</script>

Nombre Puesto Extensión PROFESORADO ÁREA DE ANTROPOLOGÍA FÍSICA García Tabernero, Antonio Profesor Ayudante Doctor 987293311 Rodríguez García, Laura Profesora Titular de Universidad 987293294 ÁREA DE BOTÁNICA Acedo Casado, Mª Carmen Profesora Titular de Universidad 987291562 Alfaro Saiz, Estrella Profesora Ayudante Doctora 987293408 Alonso Redondo, Raquel Profesora Titular de Universidad 987291554 Fernández González, Mª Delia Profesora [&hellip;]
