{"id":805,"date":"2019-01-17T12:43:55","date_gmt":"2019-01-17T12:43:55","guid":{"rendered":"http:\/\/departamentos.unileon.es\/area-historia-del-arte\/?page_id=805"},"modified":"2023-03-08T17:53:36","modified_gmt":"2023-03-08T17:53:36","slug":"publicaciones-de-innovacion-docente","status":"publish","type":"page","link":"https:\/\/departamentos.unileon.es\/area-historia-del-arte\/publicaciones-de-innovacion-docente\/","title":{"rendered":"Publicaciones de Innovaci\u00f3n Docente (Grupo Id-Arte)"},"content":{"rendered":"\n<p><a href=\"http:\/\/departamentos.unileon.es\/area-historia-del-arte\/files\/2020\/11\/Articulo-Mar88.pdf\" target=\"_blank\" rel=\"noopener noreferrer\"><span style=\"color: #3366ff;\">Fl\u00f3rez Crespo, M\u00aa del Mar, M\u00aa Dolores Teijeira Pablos y M\u00aa Dolores Campos S\u00e1nchez-Bordona. \u00abLa incorporaci\u00f3n del \u00e1mbito profesional en los estudios de Historia del Arte\u00bb. En&nbsp;<em>Innovaci\u00f3n metodol\u00f3gica y docente en Historia, Arte y Geograf\u00eda<\/em>. 1097-1112. Santiago de Compostela: Universidad de Santiago, 2012.<\/span><\/a><\/p>\n<p><a href=\"http:\/\/departamentos.unileon.es\/area-historia-del-arte\/files\/2020\/11\/5429-21685-1-PB-1.pdf\" target=\"_blank\" rel=\"noopener noreferrer\">Teijeria Pablos, M\u00aa Dolores; Morais Vallejo, Emilio; Mor\u00e1is Mor\u00e1n, Jos\u00e9 Alberto. \u00abDel aula al museo: estrategias profesionalizantes de los alumnos de Historia del arte de la Universidad de Le\u00f3n a trav\u00e9s de un proyecto de innovaci\u00f3n docente (2017)\u00bb.&nbsp;<em>Teaching and Learning Innovation Journal. Revista de Innovaci\u00f3n en la Ense\u00f1anza y el Aprendizaj<\/em>e, n\u00ba 2 (2018), 20-26.<\/a><\/p>\n<p><a href=\"http:\/\/departamentos.unileon.es\/area-historia-del-arte\/files\/2020\/11\/El-reto.pdf\" target=\"_blank\" rel=\"noopener noreferrer\">Garc\u00eda Nistal, Joaqu\u00edn. \u00abEl reto (virtual y real) como m\u00e9todo de ense\u00f1anza-aprendizaje de laHistoria del Arte\u00bb. I<em>EYA. Infancia, Educaci\u00f3n y Aprendizaje,<\/em>&nbsp;vol. 3 n\u00ba 2 (2017), 133-138.<\/a><\/p>\n<p><a href=\"https:\/\/issuu.com\/rabanaln\/docs\/actas_20del_20iii_20congreso_20tele\" target=\"_blank\" rel=\"noopener noreferrer\">Castrillo Soto, Roberto. \u00abEl Hall Transformado. El valor de una propuesta art\u00edstica en el \u00e1mbito de la innovaci\u00f3n docente universitaria\u00bb. En <em>Nuevos enfoques en la Innovaci\u00f3n Docente Universitaria.<\/em>&nbsp;Le\u00f3n: Universidad de Le\u00f3n, 2017, 33-40.<\/a><\/p>\n<p><a href=\"https:\/\/dialnet.unirioja.es\/servlet\/articulo?codigo=6482735\" target=\"_blank\" rel=\"noopener noreferrer\">Herr\u00e1ez Ortega, M\u00aa Victoria; Fl\u00f3rez Crespo, M\u00aa del Mar; Morais Vallejo, Emilio; Catrillo Soto, Roberto; Garc\u00eda Nistal, Joaqu\u00edn; Mor\u00e1is Mor\u00e1n, Jos\u00e9 Alberto (coord.). \u00abEl Historiador del Arte en la Sociedad actual\u00bb. <em>Premios a la innovaci\u00f3n en la ense\u00f1anza<\/em>, n\u00ba 17 (2018) 38-58.<\/a><\/p>\n<p style=\"text-align: justify;\"><a href=\"http:\/\/departamentos.unileon.es\/area-historia-del-arte\/files\/2020\/11\/Id_Arte_proyectos_innovadores_para_la_pr.pdf\" target=\"_blank\" rel=\"noopener noreferrer\"><span style=\"color: #3366ff;\">Mor\u00e1is Mor\u00e1n, J. Alberto. \u00abId-Arte. Proyectos innovadores para la profesionalizaci\u00f3n del Historiador del Arte\u00bb, En I<em>nnovaci\u00f3n docente e investigaci\u00f3n en Arte y Humanidades, <\/em>159-167.&nbsp; Madrid: Dykinson, 2019<\/span><\/a><\/p>\n<p style=\"text-align: justify;\"><a href=\"http:\/\/departamentos.unileon.es\/area-historia-del-arte\/files\/2020\/11\/Poster-CEHA2018.pdf\" target=\"_blank\" rel=\"noopener noreferrer\"><span style=\"color: #3366ff;\">P\u00e9rez Gil, Javier, Luis Santos y Ganges, Jos\u00e9 Luis Lalana y Joaqu\u00edn Garc\u00eda Nistal. \u00abInnovaci\u00f3n y transversalidad. aplicaci\u00f3n del aprendizaje colaborativo al patrimonio arquitect\u00f3nico y el urbanismo en Castilla y Le\u00f3n\u00bb. En Vestir la Arquitectura. XXII Congreso Nacional de Historia del Arte. vol. 2, 1990-1991. Burgos: Universidad de Burgos, 2019.<\/span><\/a><\/p>\n<p style=\"text-align: justify;\"><a href=\"http:\/\/departamentos.unileon.es\/area-historia-del-arte\/files\/2020\/11\/Metodologias.pdf\" target=\"_blank\" rel=\"noopener noreferrer\"><span style=\"color: #3366ff;\">Teijeira Pablos, M\u00aa Dolores. \u00abMetodolog\u00edas activas para la profesionalizaci\u00f3n del futuro Historiador del Arte. Algunas experiencias\u00bb. En <\/span><span style=\"color: #3366ff;\"><em>Inclusi\u00f3n, Tecnolog\u00eda y sociedad. Investigaci\u00f3n e innovaci\u00f3n en Educaci\u00f3n. <\/em><\/span><span style=\"color: #3366ff;\">2207-2220. Madrid: Dykinson, 2019.<\/span><\/a><\/p>\n<p><a href=\"http:\/\/departamentos.unileon.es\/area-historia-del-arte\/files\/2020\/11\/Dragon-1.pdf\" target=\"_blank\" rel=\"noopener noreferrer\"><span style=\"color: #3366ff;\">Morais Vallejo, Emilio. \u00abDel Aula al Museo. III Plan de Colaboraci\u00f3n entre la Universidad y los Museos de Le\u00f3n\u00bb. Drag\u00f3n. Revista oficial Museo Gaud\u00ed (Casa Botines), n\u00ba 1 (2019), 26-29.<\/span><\/a><\/p>\n\n\n\n<p><a href=\"http:\/\/departamentos.unileon.es\/area-historia-del-arte\/files\/2020\/11\/Academia-educacio\u0301n-e.-innovacio\u0301n-1-1.pdf\" target=\"_blank\" rel=\"noopener noreferrer\"><span style=\"color: #3366ff;\"><em>Academia, Educaci\u00f3n e Innovacion en la Histora del Arte Medieval<\/em>&nbsp; (J. Alberto Mor\u00e1is Mor\u00e1n y M\u00aa Dolores Teijeria Pablos coords.). Granada: Univerisad de Granada, 2020.<\/span><\/a><\/p>\n<p><span style=\"color: #3366ff;\">Rega Castro, Iv\u00e1n y Teijeira Pablos, Mar\u00eda Dolores. \u201cMetodolog\u00edas centradas en el aprendizaje y adaptadas a un entorno (semi)virtual. Una experiencia para la reflexi\u00f3n en el Grado de Historia del Arte\u201d, <em>M\u00e1s all\u00e1 de las competencias: nuevos retos en la sociedad digital, XI Congreso CIDUI 2020+1<\/em>, Universidad Oberta de Catalunya, 29-30 de junio, 1 y 2 de julio.<\/span><\/p>\n<p><a href=\"https:\/\/drive.google.com\/file\/d\/1pPsuLHgGkSQ9Am3MssGsXFZT4lNGgM01\/view?usp=share_link\" target=\"_blank\" rel=\"noopener\">Mor\u00e1is Mor\u00e1n, Jos\u00e9 Alberto y Casti\u00f1eiras L\u00f3pez, Javier. \u00abInnovaci\u00f3n docente aplicada a la ense\u00f1anza de la Historia del Arte: de la practicidad del relato acad\u00e9mico a la profesionalizaci\u00f3n en las instituciones culturales\u00bb. En <em>Aprender innovando. Transferencia del conocimiento en los estudios de historia, artes, arquitectura y dise\u00f1o<\/em>. Aula Magna, 2022, 902-917.<\/a><\/p>\n\n\n\n<p><\/p>\n","protected":false},"excerpt":{"rendered":"<p>Fl\u00f3rez Crespo, M\u00aa del Mar, M\u00aa Dolores Teijeira Pablos y M\u00aa Dolores Campos S\u00e1nchez-Bordona. \u00abLa incorporaci\u00f3n del \u00e1mbito profesional en los estudios de Historia del Arte\u00bb. En&nbsp;Innovaci\u00f3n metodol\u00f3gica y docente en Historia, Arte y Geograf\u00eda. 1097-1112. Santiago de Compostela: Universidad de Santiago, 2012. Teijeria Pablos, M\u00aa Dolores; Morais Vallejo, Emilio; Mor\u00e1is Mor\u00e1n, Jos\u00e9 Alberto. \u00abDel [&hellip;]<\/p>\n","protected":false},"author":151,"featured_media":0,"parent":0,"menu_order":0,"comment_status":"closed","ping_status":"closed","template":"","meta":{"ngg_post_thumbnail":0,"footnotes":""},"class_list":["post-805","page","type-page","status-publish","hentry"],"yoast_head":"<!-- This site is optimized with the Yoast SEO plugin v25.8 - https:\/\/yoast.com\/wordpress\/plugins\/seo\/ -->\n<title>Publicaciones de Innovaci\u00f3n Docente (Grupo Id-Arte) - \u00c1rea de Historia del Arte<\/title>\n<meta name=\"robots\" content=\"index, follow, max-snippet:-1, max-image-preview:large, max-video-preview:-1\" \/>\n<link rel=\"canonical\" href=\"https:\/\/departamentos.unileon.es\/area-historia-del-arte\/publicaciones-de-innovacion-docente\/\" \/>\n<meta property=\"og:locale\" content=\"es_ES\" \/>\n<meta property=\"og:type\" content=\"article\" \/>\n<meta property=\"og:title\" content=\"Publicaciones de Innovaci\u00f3n Docente (Grupo Id-Arte) - \u00c1rea de Historia del Arte\" \/>\n<meta property=\"og:description\" content=\"Fl\u00f3rez Crespo, M\u00aa del Mar, M\u00aa Dolores Teijeira Pablos y M\u00aa Dolores Campos S\u00e1nchez-Bordona. \u00abLa incorporaci\u00f3n del \u00e1mbito profesional en los estudios de Historia del Arte\u00bb. En&nbsp;Innovaci\u00f3n metodol\u00f3gica y docente en Historia, Arte y Geograf\u00eda. 1097-1112. Santiago de Compostela: Universidad de Santiago, 2012. Teijeria Pablos, M\u00aa Dolores; Morais Vallejo, Emilio; Mor\u00e1is Mor\u00e1n, Jos\u00e9 Alberto. \u00abDel [&hellip;]\" \/>\n<meta property=\"og:url\" content=\"https:\/\/departamentos.unileon.es\/area-historia-del-arte\/publicaciones-de-innovacion-docente\/\" \/>\n<meta property=\"og:site_name\" content=\"\u00c1rea de Historia del Arte\" \/>\n<meta property=\"article:modified_time\" content=\"2023-03-08T17:53:36+00:00\" \/>\n<meta name=\"twitter:card\" content=\"summary_large_image\" \/>\n<meta name=\"twitter:label1\" content=\"Tiempo de lectura\" \/>\n\t<meta name=\"twitter:data1\" content=\"3 minutos\" \/>\n<script type=\"application\/ld+json\" class=\"yoast-schema-graph\">{\"@context\":\"https:\/\/schema.org\",\"@graph\":[{\"@type\":\"WebPage\",\"@id\":\"https:\/\/departamentos.unileon.es\/area-historia-del-arte\/publicaciones-de-innovacion-docente\/\",\"url\":\"https:\/\/departamentos.unileon.es\/area-historia-del-arte\/publicaciones-de-innovacion-docente\/\",\"name\":\"Publicaciones de Innovaci\u00f3n Docente (Grupo Id-Arte) - \u00c1rea de Historia del Arte\",\"isPartOf\":{\"@id\":\"https:\/\/departamentos.unileon.es\/area-historia-del-arte\/#website\"},\"datePublished\":\"2019-01-17T12:43:55+00:00\",\"dateModified\":\"2023-03-08T17:53:36+00:00\",\"inLanguage\":\"es\",\"potentialAction\":[{\"@type\":\"ReadAction\",\"target\":[\"https:\/\/departamentos.unileon.es\/area-historia-del-arte\/publicaciones-de-innovacion-docente\/\"]}]},{\"@type\":\"WebSite\",\"@id\":\"https:\/\/departamentos.unileon.es\/area-historia-del-arte\/#website\",\"url\":\"https:\/\/departamentos.unileon.es\/area-historia-del-arte\/\",\"name\":\"\u00c1rea de Historia del Arte\",\"description\":\"p\u00e1gina de \u00c1rea de la Universidad de Le\u00f3n\",\"potentialAction\":[{\"@type\":\"SearchAction\",\"target\":{\"@type\":\"EntryPoint\",\"urlTemplate\":\"https:\/\/departamentos.unileon.es\/area-historia-del-arte\/?s={search_term_string}\"},\"query-input\":{\"@type\":\"PropertyValueSpecification\",\"valueRequired\":true,\"valueName\":\"search_term_string\"}}],\"inLanguage\":\"es\"}]}<\/script>\n<!-- \/ Yoast SEO plugin. -->","yoast_head_json":{"title":"Publicaciones de Innovaci\u00f3n Docente (Grupo Id-Arte) - \u00c1rea de Historia del Arte","robots":{"index":"index","follow":"follow","max-snippet":"max-snippet:-1","max-image-preview":"max-image-preview:large","max-video-preview":"max-video-preview:-1"},"canonical":"https:\/\/departamentos.unileon.es\/area-historia-del-arte\/publicaciones-de-innovacion-docente\/","og_locale":"es_ES","og_type":"article","og_title":"Publicaciones de Innovaci\u00f3n Docente (Grupo Id-Arte) - \u00c1rea de Historia del Arte","og_description":"Fl\u00f3rez Crespo, M\u00aa del Mar, M\u00aa Dolores Teijeira Pablos y M\u00aa Dolores Campos S\u00e1nchez-Bordona. \u00abLa incorporaci\u00f3n del \u00e1mbito profesional en los estudios de Historia del Arte\u00bb. En&nbsp;Innovaci\u00f3n metodol\u00f3gica y docente en Historia, Arte y Geograf\u00eda. 1097-1112. Santiago de Compostela: Universidad de Santiago, 2012. Teijeria Pablos, M\u00aa Dolores; Morais Vallejo, Emilio; Mor\u00e1is Mor\u00e1n, Jos\u00e9 Alberto. \u00abDel [&hellip;]","og_url":"https:\/\/departamentos.unileon.es\/area-historia-del-arte\/publicaciones-de-innovacion-docente\/","og_site_name":"\u00c1rea de Historia del Arte","article_modified_time":"2023-03-08T17:53:36+00:00","twitter_card":"summary_large_image","twitter_misc":{"Tiempo de lectura":"3 minutos"},"schema":{"@context":"https:\/\/schema.org","@graph":[{"@type":"WebPage","@id":"https:\/\/departamentos.unileon.es\/area-historia-del-arte\/publicaciones-de-innovacion-docente\/","url":"https:\/\/departamentos.unileon.es\/area-historia-del-arte\/publicaciones-de-innovacion-docente\/","name":"Publicaciones de Innovaci\u00f3n Docente (Grupo Id-Arte) - \u00c1rea de Historia del Arte","isPartOf":{"@id":"https:\/\/departamentos.unileon.es\/area-historia-del-arte\/#website"},"datePublished":"2019-01-17T12:43:55+00:00","dateModified":"2023-03-08T17:53:36+00:00","inLanguage":"es","potentialAction":[{"@type":"ReadAction","target":["https:\/\/departamentos.unileon.es\/area-historia-del-arte\/publicaciones-de-innovacion-docente\/"]}]},{"@type":"WebSite","@id":"https:\/\/departamentos.unileon.es\/area-historia-del-arte\/#website","url":"https:\/\/departamentos.unileon.es\/area-historia-del-arte\/","name":"\u00c1rea de Historia del Arte","description":"p\u00e1gina de \u00c1rea de la Universidad de Le\u00f3n","potentialAction":[{"@type":"SearchAction","target":{"@type":"EntryPoint","urlTemplate":"https:\/\/departamentos.unileon.es\/area-historia-del-arte\/?s={search_term_string}"},"query-input":{"@type":"PropertyValueSpecification","valueRequired":true,"valueName":"search_term_string"}}],"inLanguage":"es"}]}},"_links":{"self":[{"href":"https:\/\/departamentos.unileon.es\/area-historia-del-arte\/wp-json\/wp\/v2\/pages\/805","targetHints":{"allow":["GET"]}}],"collection":[{"href":"https:\/\/departamentos.unileon.es\/area-historia-del-arte\/wp-json\/wp\/v2\/pages"}],"about":[{"href":"https:\/\/departamentos.unileon.es\/area-historia-del-arte\/wp-json\/wp\/v2\/types\/page"}],"author":[{"embeddable":true,"href":"https:\/\/departamentos.unileon.es\/area-historia-del-arte\/wp-json\/wp\/v2\/users\/151"}],"replies":[{"embeddable":true,"href":"https:\/\/departamentos.unileon.es\/area-historia-del-arte\/wp-json\/wp\/v2\/comments?post=805"}],"version-history":[{"count":31,"href":"https:\/\/departamentos.unileon.es\/area-historia-del-arte\/wp-json\/wp\/v2\/pages\/805\/revisions"}],"predecessor-version":[{"id":1792,"href":"https:\/\/departamentos.unileon.es\/area-historia-del-arte\/wp-json\/wp\/v2\/pages\/805\/revisions\/1792"}],"wp:attachment":[{"href":"https:\/\/departamentos.unileon.es\/area-historia-del-arte\/wp-json\/wp\/v2\/media?parent=805"}],"curies":[{"name":"wp","href":"https:\/\/api.w.org\/{rel}","templated":true}]}}