{"id":780,"date":"2019-01-16T18:39:39","date_gmt":"2019-01-16T18:39:39","guid":{"rendered":"http:\/\/departamentos.unileon.es\/area-historia-del-arte\/?page_id=780"},"modified":"2025-01-14T15:38:09","modified_gmt":"2025-01-14T15:38:09","slug":"el-hall-transformado","status":"publish","type":"page","link":"https:\/\/departamentos.unileon.es\/area-historia-del-arte\/el-hall-transformado\/","title":{"rendered":"El Hall Transformado"},"content":{"rendered":"\n<p class=\"has-vivid-red-color has-text-color has-link-color wp-elements-ae2a69c0cb107c8e619a1d21d961859b\"><strong>\u00a1Novedad!<\/strong><\/p>\n\n\n\n<p><a href=\"https:\/\/halltransformado.weebly.com\/inicio.html\">Convocatoria pr\u00f3xima edici\u00f3n Hall Transformado 202<\/a><a href=\"https:\/\/halltransformado.weebly.com\/inicio.html\" target=\"_blank\" rel=\"noreferrer noopener\">5<\/a> <\/p>\n\n\n\n<p style=\"text-align: justify;\"><img loading=\"lazy\" decoding=\"async\" class=\"alignleft wp-image-790 size-full\" src=\"http:\/\/departamentos.unileon.es\/area-historia-del-arte\/files\/2019\/01\/HALL.jpg\" alt=\"\" width=\"650\" height=\"130\" srcset=\"https:\/\/departamentos.unileon.es\/area-historia-del-arte\/files\/2019\/01\/HALL.jpg 650w, https:\/\/departamentos.unileon.es\/area-historia-del-arte\/files\/2019\/01\/HALL-300x60.jpg 300w\" sizes=\"auto, (max-width: 650px) 100vw, 650px\" \/><\/p>\n<p>\u00a0<\/p>\n<p style=\"text-align: justify;\">El <strong><em>Hall Transformado<\/em><\/strong>, proyecto art\u00edstico comisariado por el profesor Roberto Castrillo Soto, se ha incorporado desde el a\u00f1o 2017 dentro de las estrategias de innovaci\u00f3n docente con la finalidad de aproximar al alumnado a la organizaci\u00f3n, concepci\u00f3n y montaje de exposiciones art\u00edsticas.<\/p>\n<p style=\"text-align: justify;\">Esta propuesta de periodicidad anual consiste en una intervenci\u00f3n pl\u00e1stica realizada por un artista de reconocido prestigio con la que se transforma el hall de la Facultad de Filosof\u00eda y Letras durante un periodo de tiempo aproximado de dos meses. Las caracter\u00edsticas de esta experiencia permiten que los alumnos colaboren en las diferentes etapas de gestaci\u00f3n, comisariado y montaje de una instalaci\u00f3n art\u00edstica, que conozcan de primera mano el \u00e1mbito de la creaci\u00f3n art\u00edstica contempor\u00e1nea y puedan participar en las mesas de debate que se celebran como acto inaugural de las mismas.<\/p>\n<p><span style=\"background-color: #ffffff; color: #000080;\"><strong>Ediciones del Hall Transformado (desde 2017)<\/strong><\/span><\/p>\n<p><strong>\u00a0<img loading=\"lazy\" decoding=\"async\" class=\"size-medium wp-image-791 alignnone\" src=\"http:\/\/departamentos.unileon.es\/area-historia-del-arte\/files\/2019\/01\/megapeligros-200x300.jpg\" alt=\"\" width=\"200\" height=\"300\" \/>\u00a0 2017. Sebasti\u00e1n Rom\u00e1n. \u00abMegapeligros\u00bb.<\/strong><\/p>\n<p>\u00a0<\/p>\n<p><img loading=\"lazy\" decoding=\"async\" class=\"size-medium wp-image-799 alignleft\" src=\"http:\/\/departamentos.unileon.es\/area-historia-del-arte\/files\/2019\/01\/2018-05-16-Hall-Transformado-06.preview-300x207.jpg\" alt=\"\" width=\"300\" height=\"207\" srcset=\"https:\/\/departamentos.unileon.es\/area-historia-del-arte\/files\/2019\/01\/2018-05-16-Hall-Transformado-06.preview-300x207.jpg 300w, https:\/\/departamentos.unileon.es\/area-historia-del-arte\/files\/2019\/01\/2018-05-16-Hall-Transformado-06.preview.jpg 590w\" sizes=\"auto, (max-width: 300px) 100vw, 300px\" \/><\/p>\n<p>\u00a0<\/p>\n<p><strong>2018. David Iturregui y Jos\u00e9 Manuel Dugo. \u00abPleroma cu\u00e1ntico\u00bb.<\/strong><\/p>\n<p>\u00a0<\/p>\n<p><img loading=\"lazy\" decoding=\"async\" class=\"wp-image-1012 alignleft\" src=\"http:\/\/departamentos.unileon.es\/area-historia-del-arte\/files\/2020\/11\/imagen-PID.jpg\" alt=\"\" width=\"400\" height=\"300\" \/><\/p>\n<p><strong data-rich-text-format-boundary=\"true\">2019. Miembros del Grupo Id-arte en la instalaci\u00f3n del colectivo OMA (Arte Otros Medios) \u00abDial\u00e9ctica del sujeto\u00bb<\/strong><\/p>\n","protected":false},"excerpt":{"rendered":"<p>\u00a1Novedad! Convocatoria pr\u00f3xima edici\u00f3n Hall Transformado 2025 \u00a0 El Hall Transformado, proyecto art\u00edstico comisariado por el profesor Roberto Castrillo Soto, se ha incorporado desde el a\u00f1o 2017 dentro de las estrategias de innovaci\u00f3n docente con la finalidad de aproximar al alumnado a la organizaci\u00f3n, concepci\u00f3n y montaje de exposiciones art\u00edsticas. Esta propuesta de periodicidad anual [&hellip;]<\/p>\n","protected":false},"author":151,"featured_media":0,"parent":0,"menu_order":0,"comment_status":"closed","ping_status":"closed","template":"","meta":{"ngg_post_thumbnail":0,"footnotes":""},"class_list":["post-780","page","type-page","status-publish","hentry"],"yoast_head":"<!-- This site is optimized with the Yoast SEO plugin v25.8 - https:\/\/yoast.com\/wordpress\/plugins\/seo\/ -->\n<title>El Hall Transformado - \u00c1rea de Historia del Arte<\/title>\n<meta name=\"robots\" content=\"index, follow, max-snippet:-1, max-image-preview:large, max-video-preview:-1\" \/>\n<link rel=\"canonical\" href=\"https:\/\/departamentos.unileon.es\/area-historia-del-arte\/el-hall-transformado\/\" \/>\n<meta property=\"og:locale\" content=\"es_ES\" \/>\n<meta property=\"og:type\" content=\"article\" \/>\n<meta property=\"og:title\" content=\"El Hall Transformado - \u00c1rea de Historia del Arte\" \/>\n<meta property=\"og:description\" content=\"\u00a1Novedad! Convocatoria pr\u00f3xima edici\u00f3n Hall Transformado 2025 \u00a0 El Hall Transformado, proyecto art\u00edstico comisariado por el profesor Roberto Castrillo Soto, se ha incorporado desde el a\u00f1o 2017 dentro de las estrategias de innovaci\u00f3n docente con la finalidad de aproximar al alumnado a la organizaci\u00f3n, concepci\u00f3n y montaje de exposiciones art\u00edsticas. Esta propuesta de periodicidad anual [&hellip;]\" \/>\n<meta property=\"og:url\" content=\"https:\/\/departamentos.unileon.es\/area-historia-del-arte\/el-hall-transformado\/\" \/>\n<meta property=\"og:site_name\" content=\"\u00c1rea de Historia del Arte\" \/>\n<meta property=\"article:modified_time\" content=\"2025-01-14T15:38:09+00:00\" \/>\n<meta property=\"og:image\" content=\"http:\/\/departamentos.unileon.es\/area-historia-del-arte\/files\/2019\/01\/HALL.jpg\" \/>\n<meta name=\"twitter:card\" content=\"summary_large_image\" \/>\n<meta name=\"twitter:label1\" content=\"Tiempo de lectura\" \/>\n\t<meta name=\"twitter:data1\" content=\"2 minutos\" \/>\n<script type=\"application\/ld+json\" class=\"yoast-schema-graph\">{\"@context\":\"https:\/\/schema.org\",\"@graph\":[{\"@type\":\"WebPage\",\"@id\":\"https:\/\/departamentos.unileon.es\/area-historia-del-arte\/el-hall-transformado\/\",\"url\":\"https:\/\/departamentos.unileon.es\/area-historia-del-arte\/el-hall-transformado\/\",\"name\":\"El Hall Transformado - \u00c1rea de Historia del Arte\",\"isPartOf\":{\"@id\":\"https:\/\/departamentos.unileon.es\/area-historia-del-arte\/#website\"},\"primaryImageOfPage\":{\"@id\":\"https:\/\/departamentos.unileon.es\/area-historia-del-arte\/el-hall-transformado\/#primaryimage\"},\"image\":{\"@id\":\"https:\/\/departamentos.unileon.es\/area-historia-del-arte\/el-hall-transformado\/#primaryimage\"},\"thumbnailUrl\":\"http:\/\/departamentos.unileon.es\/area-historia-del-arte\/files\/2019\/01\/HALL.jpg\",\"datePublished\":\"2019-01-16T18:39:39+00:00\",\"dateModified\":\"2025-01-14T15:38:09+00:00\",\"inLanguage\":\"es\",\"potentialAction\":[{\"@type\":\"ReadAction\",\"target\":[\"https:\/\/departamentos.unileon.es\/area-historia-del-arte\/el-hall-transformado\/\"]}]},{\"@type\":\"ImageObject\",\"inLanguage\":\"es\",\"@id\":\"https:\/\/departamentos.unileon.es\/area-historia-del-arte\/el-hall-transformado\/#primaryimage\",\"url\":\"https:\/\/departamentos.unileon.es\/area-historia-del-arte\/files\/2019\/01\/HALL.jpg\",\"contentUrl\":\"https:\/\/departamentos.unileon.es\/area-historia-del-arte\/files\/2019\/01\/HALL.jpg\",\"width\":650,\"height\":130},{\"@type\":\"WebSite\",\"@id\":\"https:\/\/departamentos.unileon.es\/area-historia-del-arte\/#website\",\"url\":\"https:\/\/departamentos.unileon.es\/area-historia-del-arte\/\",\"name\":\"\u00c1rea de Historia del Arte\",\"description\":\"p\u00e1gina de \u00c1rea de la Universidad de Le\u00f3n\",\"potentialAction\":[{\"@type\":\"SearchAction\",\"target\":{\"@type\":\"EntryPoint\",\"urlTemplate\":\"https:\/\/departamentos.unileon.es\/area-historia-del-arte\/?s={search_term_string}\"},\"query-input\":{\"@type\":\"PropertyValueSpecification\",\"valueRequired\":true,\"valueName\":\"search_term_string\"}}],\"inLanguage\":\"es\"}]}<\/script>\n<!-- \/ Yoast SEO plugin. -->","yoast_head_json":{"title":"El Hall Transformado - \u00c1rea de Historia del Arte","robots":{"index":"index","follow":"follow","max-snippet":"max-snippet:-1","max-image-preview":"max-image-preview:large","max-video-preview":"max-video-preview:-1"},"canonical":"https:\/\/departamentos.unileon.es\/area-historia-del-arte\/el-hall-transformado\/","og_locale":"es_ES","og_type":"article","og_title":"El Hall Transformado - \u00c1rea de Historia del Arte","og_description":"\u00a1Novedad! Convocatoria pr\u00f3xima edici\u00f3n Hall Transformado 2025 \u00a0 El Hall Transformado, proyecto art\u00edstico comisariado por el profesor Roberto Castrillo Soto, se ha incorporado desde el a\u00f1o 2017 dentro de las estrategias de innovaci\u00f3n docente con la finalidad de aproximar al alumnado a la organizaci\u00f3n, concepci\u00f3n y montaje de exposiciones art\u00edsticas. Esta propuesta de periodicidad anual [&hellip;]","og_url":"https:\/\/departamentos.unileon.es\/area-historia-del-arte\/el-hall-transformado\/","og_site_name":"\u00c1rea de Historia del Arte","article_modified_time":"2025-01-14T15:38:09+00:00","og_image":[{"url":"http:\/\/departamentos.unileon.es\/area-historia-del-arte\/files\/2019\/01\/HALL.jpg","type":"","width":"","height":""}],"twitter_card":"summary_large_image","twitter_misc":{"Tiempo de lectura":"2 minutos"},"schema":{"@context":"https:\/\/schema.org","@graph":[{"@type":"WebPage","@id":"https:\/\/departamentos.unileon.es\/area-historia-del-arte\/el-hall-transformado\/","url":"https:\/\/departamentos.unileon.es\/area-historia-del-arte\/el-hall-transformado\/","name":"El Hall Transformado - \u00c1rea de Historia del Arte","isPartOf":{"@id":"https:\/\/departamentos.unileon.es\/area-historia-del-arte\/#website"},"primaryImageOfPage":{"@id":"https:\/\/departamentos.unileon.es\/area-historia-del-arte\/el-hall-transformado\/#primaryimage"},"image":{"@id":"https:\/\/departamentos.unileon.es\/area-historia-del-arte\/el-hall-transformado\/#primaryimage"},"thumbnailUrl":"http:\/\/departamentos.unileon.es\/area-historia-del-arte\/files\/2019\/01\/HALL.jpg","datePublished":"2019-01-16T18:39:39+00:00","dateModified":"2025-01-14T15:38:09+00:00","inLanguage":"es","potentialAction":[{"@type":"ReadAction","target":["https:\/\/departamentos.unileon.es\/area-historia-del-arte\/el-hall-transformado\/"]}]},{"@type":"ImageObject","inLanguage":"es","@id":"https:\/\/departamentos.unileon.es\/area-historia-del-arte\/el-hall-transformado\/#primaryimage","url":"https:\/\/departamentos.unileon.es\/area-historia-del-arte\/files\/2019\/01\/HALL.jpg","contentUrl":"https:\/\/departamentos.unileon.es\/area-historia-del-arte\/files\/2019\/01\/HALL.jpg","width":650,"height":130},{"@type":"WebSite","@id":"https:\/\/departamentos.unileon.es\/area-historia-del-arte\/#website","url":"https:\/\/departamentos.unileon.es\/area-historia-del-arte\/","name":"\u00c1rea de Historia del Arte","description":"p\u00e1gina de \u00c1rea de la Universidad de Le\u00f3n","potentialAction":[{"@type":"SearchAction","target":{"@type":"EntryPoint","urlTemplate":"https:\/\/departamentos.unileon.es\/area-historia-del-arte\/?s={search_term_string}"},"query-input":{"@type":"PropertyValueSpecification","valueRequired":true,"valueName":"search_term_string"}}],"inLanguage":"es"}]}},"_links":{"self":[{"href":"https:\/\/departamentos.unileon.es\/area-historia-del-arte\/wp-json\/wp\/v2\/pages\/780","targetHints":{"allow":["GET"]}}],"collection":[{"href":"https:\/\/departamentos.unileon.es\/area-historia-del-arte\/wp-json\/wp\/v2\/pages"}],"about":[{"href":"https:\/\/departamentos.unileon.es\/area-historia-del-arte\/wp-json\/wp\/v2\/types\/page"}],"author":[{"embeddable":true,"href":"https:\/\/departamentos.unileon.es\/area-historia-del-arte\/wp-json\/wp\/v2\/users\/151"}],"replies":[{"embeddable":true,"href":"https:\/\/departamentos.unileon.es\/area-historia-del-arte\/wp-json\/wp\/v2\/comments?post=780"}],"version-history":[{"count":27,"href":"https:\/\/departamentos.unileon.es\/area-historia-del-arte\/wp-json\/wp\/v2\/pages\/780\/revisions"}],"predecessor-version":[{"id":2085,"href":"https:\/\/departamentos.unileon.es\/area-historia-del-arte\/wp-json\/wp\/v2\/pages\/780\/revisions\/2085"}],"wp:attachment":[{"href":"https:\/\/departamentos.unileon.es\/area-historia-del-arte\/wp-json\/wp\/v2\/media?parent=780"}],"curies":[{"name":"wp","href":"https:\/\/api.w.org\/{rel}","templated":true}]}}