{"id":2086,"date":"2025-03-18T12:25:45","date_gmt":"2025-03-18T12:25:45","guid":{"rendered":"https:\/\/departamentos.unileon.es\/area-historia-del-arte\/?page_id=2086"},"modified":"2026-03-05T10:39:28","modified_gmt":"2026-03-05T10:39:28","slug":"pisabarros-ramos-diego","status":"publish","type":"page","link":"https:\/\/departamentos.unileon.es\/area-historia-del-arte\/pisabarros-ramos-diego\/","title":{"rendered":"Pisabarros Ramos, Diego"},"content":{"rendered":"\n<figure class=\"wp-block-image size-large is-resized\"><img loading=\"lazy\" decoding=\"async\" width=\"865\" height=\"1024\" src=\"https:\/\/departamentos.unileon.es\/area-historia-del-arte\/files\/2025\/03\/1741595665654-865x1024.jpg\" alt=\"\" class=\"wp-image-2087\" style=\"width:202px;height:auto\" srcset=\"https:\/\/departamentos.unileon.es\/area-historia-del-arte\/files\/2025\/03\/1741595665654-865x1024.jpg 865w, https:\/\/departamentos.unileon.es\/area-historia-del-arte\/files\/2025\/03\/1741595665654-254x300.jpg 254w, https:\/\/departamentos.unileon.es\/area-historia-del-arte\/files\/2025\/03\/1741595665654-768x909.jpg 768w, https:\/\/departamentos.unileon.es\/area-historia-del-arte\/files\/2025\/03\/1741595665654-1298x1536.jpg 1298w, https:\/\/departamentos.unileon.es\/area-historia-del-arte\/files\/2025\/03\/1741595665654.jpg 1598w\" sizes=\"auto, (max-width: 865px) 100vw, 865px\" \/><\/figure>\n\n\n\n<p><strong>Titulaci\u00f3n:<\/strong> Graduado en Historia del Arte y graduado en Historia. M\u00e1ster Universitario en Formaci\u00f3n del Profesorado de Educaci\u00f3n Secundaria Obligatoria y Bachillerato, Formaci\u00f3n Profesional y Ense\u00f1anzas de Idiomas<br><strong>Categor\u00eda profesional:<\/strong> Investigador contratado predoctoral ULE<br><strong>Tel\u00e9fono: <\/strong>987291042<br><strong>e-mail:<\/strong>&nbsp;<a href=\"dpisr@unileon.es\" target=\"_blank\" rel=\"noreferrer noopener\">dpisr@unileon.es<\/a><br><strong>Despacho:<\/strong> 200 (Dpto. Patrimonio Art\u00edstico y Documental)<\/p>\n\n\n\n<p><strong>L\u00edneas de investigaci\u00f3n:<\/strong> Villas y mosaicos romanos de la Antig\u00fcedad Tard\u00eda. Iconograf\u00eda, intercambios art\u00edsticos y proyecci\u00f3n en la Alta Edad Media.<\/p>\n\n\n\n<p><\/p>\n\n\n\n<p><strong>Grupos e institutos de investigaci\u00f3n a los que pertenece<\/strong>: <\/p>\n\n\n\n<p>Grupo de investigaci\u00f3n reconocido por la ULE \u201cPatrimonio Art\u00edstico Medieval\u201d<\/p>\n\n\n\n<p>Grupo de Innovaci\u00f3n Docente Id-ARTE, Universidad de Le\u00f3n<\/p>\n\n\n<div class=\"wp-block-image\">\n<figure class=\"alignleft is-resized\"><img loading=\"lazy\" decoding=\"async\" width=\"80\" height=\"23\" src=\"http:\/\/departamentos.unileon.es\/area-historia-del-arte\/files\/2017\/01\/dialnet-1-e1485947316953.jpg\" alt=\"\" class=\"wp-image-385\" style=\"width:80px;height:auto\"\/><\/figure><\/div>\n\n<div class=\"wp-block-image\">\n<figure class=\"alignleft is-resized\"><a href=\" https:\/\/orcid.org\/0009-0001-3569-1716\" target=\"_blank\" rel=\"noreferrer noopener\"><img loading=\"lazy\" decoding=\"async\" width=\"120\" height=\"41\" src=\"http:\/\/departamentos.unileon.es\/area-historia-del-arte\/files\/2018\/07\/orcid-e1531134521100.jpg\" alt=\"\" class=\"wp-image-624\" style=\"width:120px;height:auto\"\/><\/a><\/figure><\/div>\n\n<div class=\"wp-block-image\">\n<figure class=\"alignleft\"><a href=\"https:\/\/unileon.academia.edu\/DIEGOPISABARROSRAMOS\" target=\"_blank\" rel=\"noreferrer noopener\"><img loading=\"lazy\" decoding=\"async\" width=\"110\" height=\"33\" src=\"http:\/\/departamentos.unileon.es\/area-historia-del-arte\/files\/2017\/01\/academialogo-1-e1485950684797.png\" alt=\"\" class=\"wp-image-429\"\/><\/a><\/figure><\/div>\n\n\n<p><\/p>\n\n\n\n<p><\/p>\n\n\n\n<p><strong>Perfil docente<\/strong><\/p>\n\n\n\n<p><\/p>\n","protected":false},"excerpt":{"rendered":"<p>Titulaci\u00f3n: Graduado en Historia del Arte y graduado en Historia. M\u00e1ster Universitario en Formaci\u00f3n del Profesorado de Educaci\u00f3n Secundaria Obligatoria y Bachillerato, Formaci\u00f3n Profesional y Ense\u00f1anzas de IdiomasCategor\u00eda profesional: Investigador contratado predoctoral ULETel\u00e9fono: 987291042e-mail:&nbsp;dpisr@unileon.esDespacho: 200 (Dpto. Patrimonio Art\u00edstico y Documental) L\u00edneas de investigaci\u00f3n: Villas y mosaicos romanos de la Antig\u00fcedad Tard\u00eda. Iconograf\u00eda, intercambios art\u00edsticos y [&hellip;]<\/p>\n","protected":false},"author":253,"featured_media":0,"parent":0,"menu_order":0,"comment_status":"closed","ping_status":"closed","template":"","meta":{"ngg_post_thumbnail":0,"footnotes":""},"class_list":["post-2086","page","type-page","status-publish","hentry"],"yoast_head":"<!-- This site is optimized with the Yoast SEO plugin v25.8 - https:\/\/yoast.com\/wordpress\/plugins\/seo\/ -->\n<title>Pisabarros Ramos, Diego - \u00c1rea de Historia del Arte<\/title>\n<meta name=\"robots\" content=\"index, follow, max-snippet:-1, max-image-preview:large, max-video-preview:-1\" \/>\n<link rel=\"canonical\" href=\"https:\/\/departamentos.unileon.es\/area-historia-del-arte\/pisabarros-ramos-diego\/\" \/>\n<meta property=\"og:locale\" content=\"es_ES\" \/>\n<meta property=\"og:type\" content=\"article\" \/>\n<meta property=\"og:title\" content=\"Pisabarros Ramos, Diego - \u00c1rea de Historia del Arte\" \/>\n<meta property=\"og:description\" content=\"Titulaci\u00f3n: Graduado en Historia del Arte y graduado en Historia. M\u00e1ster Universitario en Formaci\u00f3n del Profesorado de Educaci\u00f3n Secundaria Obligatoria y Bachillerato, Formaci\u00f3n Profesional y Ense\u00f1anzas de IdiomasCategor\u00eda profesional: Investigador contratado predoctoral ULETel\u00e9fono: 987291042e-mail:&nbsp;dpisr@unileon.esDespacho: 200 (Dpto. Patrimonio Art\u00edstico y Documental) L\u00edneas de investigaci\u00f3n: Villas y mosaicos romanos de la Antig\u00fcedad Tard\u00eda. Iconograf\u00eda, intercambios art\u00edsticos y [&hellip;]\" \/>\n<meta property=\"og:url\" content=\"https:\/\/departamentos.unileon.es\/area-historia-del-arte\/pisabarros-ramos-diego\/\" \/>\n<meta property=\"og:site_name\" content=\"\u00c1rea de Historia del Arte\" \/>\n<meta property=\"article:modified_time\" content=\"2026-03-05T10:39:28+00:00\" \/>\n<meta property=\"og:image\" content=\"https:\/\/departamentos.unileon.es\/area-historia-del-arte\/files\/2025\/03\/1741595665654.jpg\" \/>\n\t<meta property=\"og:image:width\" content=\"1598\" \/>\n\t<meta property=\"og:image:height\" content=\"1891\" \/>\n\t<meta property=\"og:image:type\" content=\"image\/jpeg\" \/>\n<meta name=\"twitter:card\" content=\"summary_large_image\" \/>\n<meta name=\"twitter:label1\" content=\"Tiempo de lectura\" \/>\n\t<meta name=\"twitter:data1\" content=\"2 minutos\" \/>\n<script type=\"application\/ld+json\" class=\"yoast-schema-graph\">{\"@context\":\"https:\/\/schema.org\",\"@graph\":[{\"@type\":\"WebPage\",\"@id\":\"https:\/\/departamentos.unileon.es\/area-historia-del-arte\/pisabarros-ramos-diego\/\",\"url\":\"https:\/\/departamentos.unileon.es\/area-historia-del-arte\/pisabarros-ramos-diego\/\",\"name\":\"Pisabarros Ramos, Diego - \u00c1rea de Historia del Arte\",\"isPartOf\":{\"@id\":\"https:\/\/departamentos.unileon.es\/area-historia-del-arte\/#website\"},\"primaryImageOfPage\":{\"@id\":\"https:\/\/departamentos.unileon.es\/area-historia-del-arte\/pisabarros-ramos-diego\/#primaryimage\"},\"image\":{\"@id\":\"https:\/\/departamentos.unileon.es\/area-historia-del-arte\/pisabarros-ramos-diego\/#primaryimage\"},\"thumbnailUrl\":\"https:\/\/departamentos.unileon.es\/area-historia-del-arte\/files\/2025\/03\/1741595665654-865x1024.jpg\",\"datePublished\":\"2025-03-18T12:25:45+00:00\",\"dateModified\":\"2026-03-05T10:39:28+00:00\",\"inLanguage\":\"es\",\"potentialAction\":[{\"@type\":\"ReadAction\",\"target\":[\"https:\/\/departamentos.unileon.es\/area-historia-del-arte\/pisabarros-ramos-diego\/\"]}]},{\"@type\":\"ImageObject\",\"inLanguage\":\"es\",\"@id\":\"https:\/\/departamentos.unileon.es\/area-historia-del-arte\/pisabarros-ramos-diego\/#primaryimage\",\"url\":\"https:\/\/departamentos.unileon.es\/area-historia-del-arte\/files\/2025\/03\/1741595665654.jpg\",\"contentUrl\":\"https:\/\/departamentos.unileon.es\/area-historia-del-arte\/files\/2025\/03\/1741595665654.jpg\",\"width\":1598,\"height\":1891},{\"@type\":\"WebSite\",\"@id\":\"https:\/\/departamentos.unileon.es\/area-historia-del-arte\/#website\",\"url\":\"https:\/\/departamentos.unileon.es\/area-historia-del-arte\/\",\"name\":\"\u00c1rea de Historia del Arte\",\"description\":\"p\u00e1gina de \u00c1rea de la Universidad de Le\u00f3n\",\"potentialAction\":[{\"@type\":\"SearchAction\",\"target\":{\"@type\":\"EntryPoint\",\"urlTemplate\":\"https:\/\/departamentos.unileon.es\/area-historia-del-arte\/?s={search_term_string}\"},\"query-input\":{\"@type\":\"PropertyValueSpecification\",\"valueRequired\":true,\"valueName\":\"search_term_string\"}}],\"inLanguage\":\"es\"}]}<\/script>\n<!-- \/ Yoast SEO plugin. -->","yoast_head_json":{"title":"Pisabarros Ramos, Diego - \u00c1rea de Historia del Arte","robots":{"index":"index","follow":"follow","max-snippet":"max-snippet:-1","max-image-preview":"max-image-preview:large","max-video-preview":"max-video-preview:-1"},"canonical":"https:\/\/departamentos.unileon.es\/area-historia-del-arte\/pisabarros-ramos-diego\/","og_locale":"es_ES","og_type":"article","og_title":"Pisabarros Ramos, Diego - \u00c1rea de Historia del Arte","og_description":"Titulaci\u00f3n: Graduado en Historia del Arte y graduado en Historia. M\u00e1ster Universitario en Formaci\u00f3n del Profesorado de Educaci\u00f3n Secundaria Obligatoria y Bachillerato, Formaci\u00f3n Profesional y Ense\u00f1anzas de IdiomasCategor\u00eda profesional: Investigador contratado predoctoral ULETel\u00e9fono: 987291042e-mail:&nbsp;dpisr@unileon.esDespacho: 200 (Dpto. Patrimonio Art\u00edstico y Documental) L\u00edneas de investigaci\u00f3n: Villas y mosaicos romanos de la Antig\u00fcedad Tard\u00eda. Iconograf\u00eda, intercambios art\u00edsticos y [&hellip;]","og_url":"https:\/\/departamentos.unileon.es\/area-historia-del-arte\/pisabarros-ramos-diego\/","og_site_name":"\u00c1rea de Historia del Arte","article_modified_time":"2026-03-05T10:39:28+00:00","og_image":[{"width":1598,"height":1891,"url":"https:\/\/departamentos.unileon.es\/area-historia-del-arte\/files\/2025\/03\/1741595665654.jpg","type":"image\/jpeg"}],"twitter_card":"summary_large_image","twitter_misc":{"Tiempo de lectura":"2 minutos"},"schema":{"@context":"https:\/\/schema.org","@graph":[{"@type":"WebPage","@id":"https:\/\/departamentos.unileon.es\/area-historia-del-arte\/pisabarros-ramos-diego\/","url":"https:\/\/departamentos.unileon.es\/area-historia-del-arte\/pisabarros-ramos-diego\/","name":"Pisabarros Ramos, Diego - \u00c1rea de Historia del Arte","isPartOf":{"@id":"https:\/\/departamentos.unileon.es\/area-historia-del-arte\/#website"},"primaryImageOfPage":{"@id":"https:\/\/departamentos.unileon.es\/area-historia-del-arte\/pisabarros-ramos-diego\/#primaryimage"},"image":{"@id":"https:\/\/departamentos.unileon.es\/area-historia-del-arte\/pisabarros-ramos-diego\/#primaryimage"},"thumbnailUrl":"https:\/\/departamentos.unileon.es\/area-historia-del-arte\/files\/2025\/03\/1741595665654-865x1024.jpg","datePublished":"2025-03-18T12:25:45+00:00","dateModified":"2026-03-05T10:39:28+00:00","inLanguage":"es","potentialAction":[{"@type":"ReadAction","target":["https:\/\/departamentos.unileon.es\/area-historia-del-arte\/pisabarros-ramos-diego\/"]}]},{"@type":"ImageObject","inLanguage":"es","@id":"https:\/\/departamentos.unileon.es\/area-historia-del-arte\/pisabarros-ramos-diego\/#primaryimage","url":"https:\/\/departamentos.unileon.es\/area-historia-del-arte\/files\/2025\/03\/1741595665654.jpg","contentUrl":"https:\/\/departamentos.unileon.es\/area-historia-del-arte\/files\/2025\/03\/1741595665654.jpg","width":1598,"height":1891},{"@type":"WebSite","@id":"https:\/\/departamentos.unileon.es\/area-historia-del-arte\/#website","url":"https:\/\/departamentos.unileon.es\/area-historia-del-arte\/","name":"\u00c1rea de Historia del Arte","description":"p\u00e1gina de \u00c1rea de la Universidad de Le\u00f3n","potentialAction":[{"@type":"SearchAction","target":{"@type":"EntryPoint","urlTemplate":"https:\/\/departamentos.unileon.es\/area-historia-del-arte\/?s={search_term_string}"},"query-input":{"@type":"PropertyValueSpecification","valueRequired":true,"valueName":"search_term_string"}}],"inLanguage":"es"}]}},"_links":{"self":[{"href":"https:\/\/departamentos.unileon.es\/area-historia-del-arte\/wp-json\/wp\/v2\/pages\/2086","targetHints":{"allow":["GET"]}}],"collection":[{"href":"https:\/\/departamentos.unileon.es\/area-historia-del-arte\/wp-json\/wp\/v2\/pages"}],"about":[{"href":"https:\/\/departamentos.unileon.es\/area-historia-del-arte\/wp-json\/wp\/v2\/types\/page"}],"author":[{"embeddable":true,"href":"https:\/\/departamentos.unileon.es\/area-historia-del-arte\/wp-json\/wp\/v2\/users\/253"}],"replies":[{"embeddable":true,"href":"https:\/\/departamentos.unileon.es\/area-historia-del-arte\/wp-json\/wp\/v2\/comments?post=2086"}],"version-history":[{"count":2,"href":"https:\/\/departamentos.unileon.es\/area-historia-del-arte\/wp-json\/wp\/v2\/pages\/2086\/revisions"}],"predecessor-version":[{"id":2121,"href":"https:\/\/departamentos.unileon.es\/area-historia-del-arte\/wp-json\/wp\/v2\/pages\/2086\/revisions\/2121"}],"wp:attachment":[{"href":"https:\/\/departamentos.unileon.es\/area-historia-del-arte\/wp-json\/wp\/v2\/media?parent=2086"}],"curies":[{"name":"wp","href":"https:\/\/api.w.org\/{rel}","templated":true}]}}