{"id":1706,"date":"2022-10-14T17:15:15","date_gmt":"2022-10-14T17:15:15","guid":{"rendered":"https:\/\/departamentos.unileon.es\/area-historia-del-arte\/?page_id=1706"},"modified":"2022-11-14T12:44:25","modified_gmt":"2022-11-14T12:44:25","slug":"seminario-de-innovacion-docente-como-hacer-un-buen-trabajo-academico-herramientas-basicas-para-el-historiador-del-arte-2","status":"publish","type":"page","link":"https:\/\/departamentos.unileon.es\/area-historia-del-arte\/seminario-de-innovacion-docente-como-hacer-un-buen-trabajo-academico-herramientas-basicas-para-el-historiador-del-arte-2\/","title":{"rendered":"Seminario de Innovaci\u00f3n Docente \u00abc\u00f3mo hacer un buen trabajo acad\u00e9mico. Herramientas b\u00e1sicas para el Historiador del Arte\u00bb"},"content":{"rendered":"\n<p><strong><span style=\"color: #ff6600;\">14 de octubre de 2022 (Aula 20. Facultad Filosof\u00eda y Letras. Universidad de Le\u00f3n)<\/span><\/strong><\/p>\n<p><a href=\"https:\/\/departamentos.unileon.es\/area-historia-del-arte\/seminario-de-innovacion-docente-como-hacer-un-buen-trabajo-academico-herramientas-basicas-para-el-historiador-del-arte\/cartel-seminario-herramientas-i-2022-2\/\" rel=\"attachment wp-att-1693\"><img loading=\"lazy\" decoding=\"async\" class=\"alignleft wp-image-1693\" src=\"http:\/\/departamentos.unileon.es\/area-historia-del-arte\/files\/2022\/10\/Cartel-Seminario-Herramientas-I-2022.jpg\" alt=\"\" width=\"550\" height=\"309\"><\/a><\/p>\n\n\n\n<p><a href=\"http:\/\/departamentos.unileon.es\/area-historia-del-arte\/files\/2022\/10\/1.-Trabajo-academico-Victor.pdf\" data-type=\"URL\" data-id=\"http:\/\/departamentos.unileon.es\/area-historia-del-arte\/files\/2022\/10\/1.-Trabajo-academico-Victor.pdf\" target=\"_blank\" rel=\"noreferrer noopener\">Estructura b\u00e1sica de un trabajo acad\u00e9mico (V\u00edctor Rabasco)<\/a><\/p>\n\n\n\n<p>C\u00f3mo presentar un trabajo acad\u00e9mico: relato y comunicaci\u00f3n visual (Javier Cati\u00f1eiras)<\/p>\n\n\n\n<p><a href=\"http:\/\/departamentos.unileon.es\/area-historia-del-arte\/files\/2022\/10\/3.-Busqueda-de-informacion-Victor.pdf\" data-type=\"URL\" data-id=\"http:\/\/departamentos.unileon.es\/area-historia-del-arte\/files\/2022\/10\/3.-Busqueda-de-informacion-Victor.pdf\" target=\"_blank\" rel=\"noreferrer noopener\">Iniciaci\u00f3n a la b\u00fasqueda de una informaci\u00f3n de calidad (V\u00edctor Rabasco)<\/a><\/p>\n\n\n\n<p><a href=\"https:\/\/departamentos.unileon.es\/area-historia-del-arte\/files\/2021\/11\/Sistemas-de-citacion-final.pdf\" data-type=\"URL\" data-id=\"https:\/\/departamentos.unileon.es\/area-historia-del-arte\/files\/2021\/11\/Sistemas-de-citacion-final.pdf\" target=\"_blank\" rel=\"noreferrer noopener\">Sistemas de citaci\u00f3n bibliogr\u00e1fica (Mar Fl\u00f3rez)<\/a><\/p>\n","protected":false},"excerpt":{"rendered":"<p>14 de octubre de 2022 (Aula 20. Facultad Filosof\u00eda y Letras. Universidad de Le\u00f3n) Estructura b\u00e1sica de un trabajo acad\u00e9mico (V\u00edctor Rabasco) C\u00f3mo presentar un trabajo acad\u00e9mico: relato y comunicaci\u00f3n visual (Javier Cati\u00f1eiras) Iniciaci\u00f3n a la b\u00fasqueda de una informaci\u00f3n de calidad (V\u00edctor Rabasco) Sistemas de citaci\u00f3n bibliogr\u00e1fica (Mar Fl\u00f3rez)<\/p>\n","protected":false},"author":151,"featured_media":0,"parent":0,"menu_order":0,"comment_status":"closed","ping_status":"closed","template":"","meta":{"ngg_post_thumbnail":0,"footnotes":""},"class_list":["post-1706","page","type-page","status-publish","hentry"],"yoast_head":"<!-- This site is optimized with the Yoast SEO plugin v25.8 - https:\/\/yoast.com\/wordpress\/plugins\/seo\/ -->\n<title>Seminario de Innovaci\u00f3n Docente \u00abc\u00f3mo hacer un buen trabajo acad\u00e9mico. Herramientas b\u00e1sicas para el Historiador del Arte\u00bb - \u00c1rea de Historia del Arte<\/title>\n<meta name=\"robots\" content=\"index, follow, max-snippet:-1, max-image-preview:large, max-video-preview:-1\" \/>\n<link rel=\"canonical\" href=\"https:\/\/departamentos.unileon.es\/area-historia-del-arte\/seminario-de-innovacion-docente-como-hacer-un-buen-trabajo-academico-herramientas-basicas-para-el-historiador-del-arte-2\/\" \/>\n<meta property=\"og:locale\" content=\"es_ES\" \/>\n<meta property=\"og:type\" content=\"article\" \/>\n<meta property=\"og:title\" content=\"Seminario de Innovaci\u00f3n Docente \u00abc\u00f3mo hacer un buen trabajo acad\u00e9mico. Herramientas b\u00e1sicas para el Historiador del Arte\u00bb - \u00c1rea de Historia del Arte\" \/>\n<meta property=\"og:description\" content=\"14 de octubre de 2022 (Aula 20. Facultad Filosof\u00eda y Letras. Universidad de Le\u00f3n) Estructura b\u00e1sica de un trabajo acad\u00e9mico (V\u00edctor Rabasco) C\u00f3mo presentar un trabajo acad\u00e9mico: relato y comunicaci\u00f3n visual (Javier Cati\u00f1eiras) Iniciaci\u00f3n a la b\u00fasqueda de una informaci\u00f3n de calidad (V\u00edctor Rabasco) Sistemas de citaci\u00f3n bibliogr\u00e1fica (Mar Fl\u00f3rez)\" \/>\n<meta property=\"og:url\" content=\"https:\/\/departamentos.unileon.es\/area-historia-del-arte\/seminario-de-innovacion-docente-como-hacer-un-buen-trabajo-academico-herramientas-basicas-para-el-historiador-del-arte-2\/\" \/>\n<meta property=\"og:site_name\" content=\"\u00c1rea de Historia del Arte\" \/>\n<meta property=\"article:modified_time\" content=\"2022-11-14T12:44:25+00:00\" \/>\n<meta property=\"og:image\" content=\"https:\/\/departamentos.unileon.es\/area-historia-del-arte\/files\/2022\/10\/Cartel-Seminario-Herramientas-I-2022.jpg\" \/>\n\t<meta property=\"og:image:width\" content=\"2000\" \/>\n\t<meta property=\"og:image:height\" content=\"1125\" \/>\n\t<meta property=\"og:image:type\" content=\"image\/jpeg\" \/>\n<meta name=\"twitter:card\" content=\"summary_large_image\" \/>\n<script type=\"application\/ld+json\" class=\"yoast-schema-graph\">{\"@context\":\"https:\/\/schema.org\",\"@graph\":[{\"@type\":\"WebPage\",\"@id\":\"https:\/\/departamentos.unileon.es\/area-historia-del-arte\/seminario-de-innovacion-docente-como-hacer-un-buen-trabajo-academico-herramientas-basicas-para-el-historiador-del-arte-2\/\",\"url\":\"https:\/\/departamentos.unileon.es\/area-historia-del-arte\/seminario-de-innovacion-docente-como-hacer-un-buen-trabajo-academico-herramientas-basicas-para-el-historiador-del-arte-2\/\",\"name\":\"Seminario de Innovaci\u00f3n Docente \u00abc\u00f3mo hacer un buen trabajo acad\u00e9mico. Herramientas b\u00e1sicas para el Historiador del Arte\u00bb - \u00c1rea de Historia del Arte\",\"isPartOf\":{\"@id\":\"https:\/\/departamentos.unileon.es\/area-historia-del-arte\/#website\"},\"primaryImageOfPage\":{\"@id\":\"https:\/\/departamentos.unileon.es\/area-historia-del-arte\/seminario-de-innovacion-docente-como-hacer-un-buen-trabajo-academico-herramientas-basicas-para-el-historiador-del-arte-2\/#primaryimage\"},\"image\":{\"@id\":\"https:\/\/departamentos.unileon.es\/area-historia-del-arte\/seminario-de-innovacion-docente-como-hacer-un-buen-trabajo-academico-herramientas-basicas-para-el-historiador-del-arte-2\/#primaryimage\"},\"thumbnailUrl\":\"http:\/\/departamentos.unileon.es\/area-historia-del-arte\/files\/2022\/10\/Cartel-Seminario-Herramientas-I-2022.jpg\",\"datePublished\":\"2022-10-14T17:15:15+00:00\",\"dateModified\":\"2022-11-14T12:44:25+00:00\",\"inLanguage\":\"es\",\"potentialAction\":[{\"@type\":\"ReadAction\",\"target\":[\"https:\/\/departamentos.unileon.es\/area-historia-del-arte\/seminario-de-innovacion-docente-como-hacer-un-buen-trabajo-academico-herramientas-basicas-para-el-historiador-del-arte-2\/\"]}]},{\"@type\":\"ImageObject\",\"inLanguage\":\"es\",\"@id\":\"https:\/\/departamentos.unileon.es\/area-historia-del-arte\/seminario-de-innovacion-docente-como-hacer-un-buen-trabajo-academico-herramientas-basicas-para-el-historiador-del-arte-2\/#primaryimage\",\"url\":\"https:\/\/departamentos.unileon.es\/area-historia-del-arte\/files\/2022\/10\/Cartel-Seminario-Herramientas-I-2022.jpg\",\"contentUrl\":\"https:\/\/departamentos.unileon.es\/area-historia-del-arte\/files\/2022\/10\/Cartel-Seminario-Herramientas-I-2022.jpg\",\"width\":2000,\"height\":1125},{\"@type\":\"WebSite\",\"@id\":\"https:\/\/departamentos.unileon.es\/area-historia-del-arte\/#website\",\"url\":\"https:\/\/departamentos.unileon.es\/area-historia-del-arte\/\",\"name\":\"\u00c1rea de Historia del Arte\",\"description\":\"p\u00e1gina de \u00c1rea de la Universidad de Le\u00f3n\",\"potentialAction\":[{\"@type\":\"SearchAction\",\"target\":{\"@type\":\"EntryPoint\",\"urlTemplate\":\"https:\/\/departamentos.unileon.es\/area-historia-del-arte\/?s={search_term_string}\"},\"query-input\":{\"@type\":\"PropertyValueSpecification\",\"valueRequired\":true,\"valueName\":\"search_term_string\"}}],\"inLanguage\":\"es\"}]}<\/script>\n<!-- \/ Yoast SEO plugin. -->","yoast_head_json":{"title":"Seminario de Innovaci\u00f3n Docente \u00abc\u00f3mo hacer un buen trabajo acad\u00e9mico. Herramientas b\u00e1sicas para el Historiador del Arte\u00bb - \u00c1rea de Historia del Arte","robots":{"index":"index","follow":"follow","max-snippet":"max-snippet:-1","max-image-preview":"max-image-preview:large","max-video-preview":"max-video-preview:-1"},"canonical":"https:\/\/departamentos.unileon.es\/area-historia-del-arte\/seminario-de-innovacion-docente-como-hacer-un-buen-trabajo-academico-herramientas-basicas-para-el-historiador-del-arte-2\/","og_locale":"es_ES","og_type":"article","og_title":"Seminario de Innovaci\u00f3n Docente \u00abc\u00f3mo hacer un buen trabajo acad\u00e9mico. Herramientas b\u00e1sicas para el Historiador del Arte\u00bb - \u00c1rea de Historia del Arte","og_description":"14 de octubre de 2022 (Aula 20. Facultad Filosof\u00eda y Letras. Universidad de Le\u00f3n) Estructura b\u00e1sica de un trabajo acad\u00e9mico (V\u00edctor Rabasco) C\u00f3mo presentar un trabajo acad\u00e9mico: relato y comunicaci\u00f3n visual (Javier Cati\u00f1eiras) Iniciaci\u00f3n a la b\u00fasqueda de una informaci\u00f3n de calidad (V\u00edctor Rabasco) Sistemas de citaci\u00f3n bibliogr\u00e1fica (Mar Fl\u00f3rez)","og_url":"https:\/\/departamentos.unileon.es\/area-historia-del-arte\/seminario-de-innovacion-docente-como-hacer-un-buen-trabajo-academico-herramientas-basicas-para-el-historiador-del-arte-2\/","og_site_name":"\u00c1rea de Historia del Arte","article_modified_time":"2022-11-14T12:44:25+00:00","og_image":[{"width":2000,"height":1125,"url":"https:\/\/departamentos.unileon.es\/area-historia-del-arte\/files\/2022\/10\/Cartel-Seminario-Herramientas-I-2022.jpg","type":"image\/jpeg"}],"twitter_card":"summary_large_image","schema":{"@context":"https:\/\/schema.org","@graph":[{"@type":"WebPage","@id":"https:\/\/departamentos.unileon.es\/area-historia-del-arte\/seminario-de-innovacion-docente-como-hacer-un-buen-trabajo-academico-herramientas-basicas-para-el-historiador-del-arte-2\/","url":"https:\/\/departamentos.unileon.es\/area-historia-del-arte\/seminario-de-innovacion-docente-como-hacer-un-buen-trabajo-academico-herramientas-basicas-para-el-historiador-del-arte-2\/","name":"Seminario de Innovaci\u00f3n Docente \u00abc\u00f3mo hacer un buen trabajo acad\u00e9mico. Herramientas b\u00e1sicas para el Historiador del Arte\u00bb - \u00c1rea de Historia del Arte","isPartOf":{"@id":"https:\/\/departamentos.unileon.es\/area-historia-del-arte\/#website"},"primaryImageOfPage":{"@id":"https:\/\/departamentos.unileon.es\/area-historia-del-arte\/seminario-de-innovacion-docente-como-hacer-un-buen-trabajo-academico-herramientas-basicas-para-el-historiador-del-arte-2\/#primaryimage"},"image":{"@id":"https:\/\/departamentos.unileon.es\/area-historia-del-arte\/seminario-de-innovacion-docente-como-hacer-un-buen-trabajo-academico-herramientas-basicas-para-el-historiador-del-arte-2\/#primaryimage"},"thumbnailUrl":"http:\/\/departamentos.unileon.es\/area-historia-del-arte\/files\/2022\/10\/Cartel-Seminario-Herramientas-I-2022.jpg","datePublished":"2022-10-14T17:15:15+00:00","dateModified":"2022-11-14T12:44:25+00:00","inLanguage":"es","potentialAction":[{"@type":"ReadAction","target":["https:\/\/departamentos.unileon.es\/area-historia-del-arte\/seminario-de-innovacion-docente-como-hacer-un-buen-trabajo-academico-herramientas-basicas-para-el-historiador-del-arte-2\/"]}]},{"@type":"ImageObject","inLanguage":"es","@id":"https:\/\/departamentos.unileon.es\/area-historia-del-arte\/seminario-de-innovacion-docente-como-hacer-un-buen-trabajo-academico-herramientas-basicas-para-el-historiador-del-arte-2\/#primaryimage","url":"https:\/\/departamentos.unileon.es\/area-historia-del-arte\/files\/2022\/10\/Cartel-Seminario-Herramientas-I-2022.jpg","contentUrl":"https:\/\/departamentos.unileon.es\/area-historia-del-arte\/files\/2022\/10\/Cartel-Seminario-Herramientas-I-2022.jpg","width":2000,"height":1125},{"@type":"WebSite","@id":"https:\/\/departamentos.unileon.es\/area-historia-del-arte\/#website","url":"https:\/\/departamentos.unileon.es\/area-historia-del-arte\/","name":"\u00c1rea de Historia del Arte","description":"p\u00e1gina de \u00c1rea de la Universidad de Le\u00f3n","potentialAction":[{"@type":"SearchAction","target":{"@type":"EntryPoint","urlTemplate":"https:\/\/departamentos.unileon.es\/area-historia-del-arte\/?s={search_term_string}"},"query-input":{"@type":"PropertyValueSpecification","valueRequired":true,"valueName":"search_term_string"}}],"inLanguage":"es"}]}},"_links":{"self":[{"href":"https:\/\/departamentos.unileon.es\/area-historia-del-arte\/wp-json\/wp\/v2\/pages\/1706","targetHints":{"allow":["GET"]}}],"collection":[{"href":"https:\/\/departamentos.unileon.es\/area-historia-del-arte\/wp-json\/wp\/v2\/pages"}],"about":[{"href":"https:\/\/departamentos.unileon.es\/area-historia-del-arte\/wp-json\/wp\/v2\/types\/page"}],"author":[{"embeddable":true,"href":"https:\/\/departamentos.unileon.es\/area-historia-del-arte\/wp-json\/wp\/v2\/users\/151"}],"replies":[{"embeddable":true,"href":"https:\/\/departamentos.unileon.es\/area-historia-del-arte\/wp-json\/wp\/v2\/comments?post=1706"}],"version-history":[{"count":7,"href":"https:\/\/departamentos.unileon.es\/area-historia-del-arte\/wp-json\/wp\/v2\/pages\/1706\/revisions"}],"predecessor-version":[{"id":1753,"href":"https:\/\/departamentos.unileon.es\/area-historia-del-arte\/wp-json\/wp\/v2\/pages\/1706\/revisions\/1753"}],"wp:attachment":[{"href":"https:\/\/departamentos.unileon.es\/area-historia-del-arte\/wp-json\/wp\/v2\/media?parent=1706"}],"curies":[{"name":"wp","href":"https:\/\/api.w.org\/{rel}","templated":true}]}}