{"id":147,"date":"2017-01-23T09:35:46","date_gmt":"2017-01-23T09:35:46","guid":{"rendered":"http:\/\/departamentos.unileon.es\/area-historia-del-arte\/?page_id=147"},"modified":"2019-05-30T09:09:06","modified_gmt":"2019-05-30T09:09:06","slug":"teijeira-pablos-ma-dolores","status":"publish","type":"page","link":"https:\/\/departamentos.unileon.es\/area-historia-del-arte\/teijeira-pablos-ma-dolores\/","title":{"rendered":"Teijeira Pablos, M\u00aa Dolores"},"content":{"rendered":"<table style=\"height: 74px;\" width=\"195\">\n<tbody>\n<tr style=\"height: 172.5px;\">\n<td style=\"width: 450px; height: 172.5px;\"><span style=\"font-size: 10pt;\"><strong><img loading=\"lazy\" decoding=\"async\" class=\"alignleft size-full wp-image-319\" src=\"http:\/\/departamentos.unileon.es\/area-historia-del-arte\/files\/2017\/01\/Dolr-e1485429430558.png\" alt=\"\" width=\"100\" height=\"132\"><\/strong><strong>Titulaci\u00f3n:<\/strong>&nbsp;Doctora en Historia del Arte<\/span>\n<span style=\"font-size: 10pt;\"><strong>Categor\u00eda profesional:<\/strong> Profesora&nbsp;Titular<\/span>\n<span style=\"font-size: 10pt;\"><strong>Tel\u00e9fono: <\/strong>987293436<\/span>\n<span style=\"font-size: 10pt;\"><strong>e-mail:<\/strong> <a href=\"mailto:mdteip@unileon.es\">mdteip@unileon.es<\/a><\/span>\n<span style=\"font-size: 10pt;\"><strong>Despacho:<\/strong>&nbsp;214 bis (Dpto. Patrimonio Art\u00edstico y Documental)<\/span><\/td>\n<\/tr>\n<\/tbody>\n<\/table>\n<span style=\"font-size: 12pt;\"><strong>L\u00edneas de investigaci\u00f3n:<\/strong><\/span> Historia del Arte Medieval. Escultura tardog\u00f3tica. Siller\u00edas de coro. Iconograf\u00eda religiosa y profana\n<p style=\"text-align: justify; padding-left: 30px;\">Grupos e institutos de investigaci\u00f3n a los que pertenece: Instituto de Estudios Medievales (Directora). Grupo de investigaci\u00f3n reconocido por la ULE \u201cPatrimonio Art\u00edstico Medieval\u201d\/ Grupo de Innovaci\u00f3n Docente Id-ARTE (Universidad de Le\u00f3n)<\/p>\n<p style=\"text-align: justify; padding-left: 30px;\"><strong><a href=\"https:\/\/dialnet.unirioja.es\/servlet\/autor?codigo=3604\" target=\"_blank\" rel=\"noopener noreferrer\"><img loading=\"lazy\" decoding=\"async\" class=\"alignleft size-full wp-image-385\" src=\"http:\/\/departamentos.unileon.es\/area-historia-del-arte\/files\/2017\/01\/dialnet-1-e1485947316953.jpg\" alt=\"\" width=\"80\" height=\"23\"><\/a><a href=\"https:\/\/orcid.org\/0000-0003-3178-4306\" target=\"_blank\" rel=\"noopener noreferrer\"><img loading=\"lazy\" decoding=\"async\" class=\"alignleft size-full wp-image-624\" src=\"http:\/\/departamentos.unileon.es\/area-historia-del-arte\/files\/2018\/07\/orcid-e1531134521100.jpg\" alt=\"\" width=\"120\" height=\"41\"><\/a>&nbsp;<a href=\"https:\/\/unileon.academia.edu\/TeijeiraMar%C3%ADa\" target=\"_blank\" rel=\"noopener noreferrer\"><img loading=\"lazy\" decoding=\"async\" class=\"alignleft size-full wp-image-429\" src=\"http:\/\/departamentos.unileon.es\/area-historia-del-arte\/files\/2017\/01\/academialogo-1-e1485950684797.png\" alt=\"\" width=\"110\" height=\"33\"><\/a>&nbsp;<\/strong><\/p>\n<p style=\"text-align: justify; padding-left: 30px;\">&nbsp;<\/p>\n<p style=\"text-align: justify;\"><span style=\"font-size: 12pt;\"><strong>Perfil docente:<\/strong> Arte Medieval Universal, T\u00e9cnicas Art\u00edsticas, Teor\u00eda e Historia de la Restauraci\u00f3n. En M\u00e1ster: Arte europeo del Medievo: Influencias, mecenazgo y patrocinio. Historia del Arte (M\u00f3dulo de Geograf\u00eda e Historia)<\/span><\/p>","protected":false},"excerpt":{"rendered":"<p>Titulaci\u00f3n:&nbsp;Doctora en Historia del Arte Categor\u00eda profesional: Profesora&nbsp;Titular Tel\u00e9fono: 987293436 e-mail: mdteip@unileon.es Despacho:&nbsp;214 bis (Dpto. Patrimonio Art\u00edstico y Documental) L\u00edneas de investigaci\u00f3n: Historia del Arte Medieval. Escultura tardog\u00f3tica. Siller\u00edas de coro. Iconograf\u00eda religiosa y profana Grupos e institutos de investigaci\u00f3n a los que pertenece: Instituto de Estudios Medievales (Directora). Grupo de investigaci\u00f3n reconocido por la [&hellip;]<\/p>\n","protected":false},"author":151,"featured_media":0,"parent":0,"menu_order":0,"comment_status":"closed","ping_status":"closed","template":"onecolumn-page.php","meta":{"ngg_post_thumbnail":0,"footnotes":""},"class_list":["post-147","page","type-page","status-publish","hentry"],"yoast_head":"<!-- This site is optimized with the Yoast SEO plugin v25.8 - https:\/\/yoast.com\/wordpress\/plugins\/seo\/ -->\n<title>Teijeira Pablos, M\u00aa Dolores - \u00c1rea de Historia del Arte<\/title>\n<meta name=\"robots\" content=\"index, follow, max-snippet:-1, max-image-preview:large, max-video-preview:-1\" \/>\n<link rel=\"canonical\" href=\"https:\/\/departamentos.unileon.es\/area-historia-del-arte\/teijeira-pablos-ma-dolores\/\" \/>\n<meta property=\"og:locale\" content=\"es_ES\" \/>\n<meta property=\"og:type\" content=\"article\" \/>\n<meta property=\"og:title\" content=\"Teijeira Pablos, M\u00aa Dolores - \u00c1rea de Historia del Arte\" \/>\n<meta property=\"og:description\" content=\"Titulaci\u00f3n:&nbsp;Doctora en Historia del Arte Categor\u00eda profesional: Profesora&nbsp;Titular Tel\u00e9fono: 987293436 e-mail: mdteip@unileon.es Despacho:&nbsp;214 bis (Dpto. Patrimonio Art\u00edstico y Documental) L\u00edneas de investigaci\u00f3n: Historia del Arte Medieval. Escultura tardog\u00f3tica. Siller\u00edas de coro. Iconograf\u00eda religiosa y profana Grupos e institutos de investigaci\u00f3n a los que pertenece: Instituto de Estudios Medievales (Directora). Grupo de investigaci\u00f3n reconocido por la [&hellip;]\" \/>\n<meta property=\"og:url\" content=\"https:\/\/departamentos.unileon.es\/area-historia-del-arte\/teijeira-pablos-ma-dolores\/\" \/>\n<meta property=\"og:site_name\" content=\"\u00c1rea de Historia del Arte\" \/>\n<meta property=\"article:modified_time\" content=\"2019-05-30T09:09:06+00:00\" \/>\n<meta property=\"og:image\" content=\"https:\/\/departamentos.unileon.es\/area-historia-del-arte\/files\/2017\/01\/Dolr-e1485429430558.png\" \/>\n\t<meta property=\"og:image:width\" content=\"100\" \/>\n\t<meta property=\"og:image:height\" content=\"132\" \/>\n\t<meta property=\"og:image:type\" content=\"image\/png\" \/>\n<meta name=\"twitter:card\" content=\"summary_large_image\" \/>\n<meta name=\"twitter:label1\" content=\"Tiempo de lectura\" \/>\n\t<meta name=\"twitter:data1\" content=\"1 minuto\" \/>\n<script type=\"application\/ld+json\" class=\"yoast-schema-graph\">{\"@context\":\"https:\/\/schema.org\",\"@graph\":[{\"@type\":\"WebPage\",\"@id\":\"https:\/\/departamentos.unileon.es\/area-historia-del-arte\/teijeira-pablos-ma-dolores\/\",\"url\":\"https:\/\/departamentos.unileon.es\/area-historia-del-arte\/teijeira-pablos-ma-dolores\/\",\"name\":\"Teijeira Pablos, M\u00aa Dolores - \u00c1rea de Historia del Arte\",\"isPartOf\":{\"@id\":\"https:\/\/departamentos.unileon.es\/area-historia-del-arte\/#website\"},\"primaryImageOfPage\":{\"@id\":\"https:\/\/departamentos.unileon.es\/area-historia-del-arte\/teijeira-pablos-ma-dolores\/#primaryimage\"},\"image\":{\"@id\":\"https:\/\/departamentos.unileon.es\/area-historia-del-arte\/teijeira-pablos-ma-dolores\/#primaryimage\"},\"thumbnailUrl\":\"http:\/\/departamentos.unileon.es\/area-historia-del-arte\/files\/2017\/01\/Dolr-e1485429430558.png\",\"datePublished\":\"2017-01-23T09:35:46+00:00\",\"dateModified\":\"2019-05-30T09:09:06+00:00\",\"inLanguage\":\"es\",\"potentialAction\":[{\"@type\":\"ReadAction\",\"target\":[\"https:\/\/departamentos.unileon.es\/area-historia-del-arte\/teijeira-pablos-ma-dolores\/\"]}]},{\"@type\":\"ImageObject\",\"inLanguage\":\"es\",\"@id\":\"https:\/\/departamentos.unileon.es\/area-historia-del-arte\/teijeira-pablos-ma-dolores\/#primaryimage\",\"url\":\"https:\/\/departamentos.unileon.es\/area-historia-del-arte\/files\/2017\/01\/Dolr-e1485429430558.png\",\"contentUrl\":\"https:\/\/departamentos.unileon.es\/area-historia-del-arte\/files\/2017\/01\/Dolr-e1485429430558.png\",\"width\":100,\"height\":132},{\"@type\":\"WebSite\",\"@id\":\"https:\/\/departamentos.unileon.es\/area-historia-del-arte\/#website\",\"url\":\"https:\/\/departamentos.unileon.es\/area-historia-del-arte\/\",\"name\":\"\u00c1rea de Historia del Arte\",\"description\":\"p\u00e1gina de \u00c1rea de la Universidad de Le\u00f3n\",\"potentialAction\":[{\"@type\":\"SearchAction\",\"target\":{\"@type\":\"EntryPoint\",\"urlTemplate\":\"https:\/\/departamentos.unileon.es\/area-historia-del-arte\/?s={search_term_string}\"},\"query-input\":{\"@type\":\"PropertyValueSpecification\",\"valueRequired\":true,\"valueName\":\"search_term_string\"}}],\"inLanguage\":\"es\"}]}<\/script>\n<!-- \/ Yoast SEO plugin. -->","yoast_head_json":{"title":"Teijeira Pablos, M\u00aa Dolores - \u00c1rea de Historia del Arte","robots":{"index":"index","follow":"follow","max-snippet":"max-snippet:-1","max-image-preview":"max-image-preview:large","max-video-preview":"max-video-preview:-1"},"canonical":"https:\/\/departamentos.unileon.es\/area-historia-del-arte\/teijeira-pablos-ma-dolores\/","og_locale":"es_ES","og_type":"article","og_title":"Teijeira Pablos, M\u00aa Dolores - \u00c1rea de Historia del Arte","og_description":"Titulaci\u00f3n:&nbsp;Doctora en Historia del Arte Categor\u00eda profesional: Profesora&nbsp;Titular Tel\u00e9fono: 987293436 e-mail: mdteip@unileon.es Despacho:&nbsp;214 bis (Dpto. Patrimonio Art\u00edstico y Documental) L\u00edneas de investigaci\u00f3n: Historia del Arte Medieval. Escultura tardog\u00f3tica. Siller\u00edas de coro. Iconograf\u00eda religiosa y profana Grupos e institutos de investigaci\u00f3n a los que pertenece: Instituto de Estudios Medievales (Directora). Grupo de investigaci\u00f3n reconocido por la [&hellip;]","og_url":"https:\/\/departamentos.unileon.es\/area-historia-del-arte\/teijeira-pablos-ma-dolores\/","og_site_name":"\u00c1rea de Historia del Arte","article_modified_time":"2019-05-30T09:09:06+00:00","og_image":[{"width":100,"height":132,"url":"https:\/\/departamentos.unileon.es\/area-historia-del-arte\/files\/2017\/01\/Dolr-e1485429430558.png","type":"image\/png"}],"twitter_card":"summary_large_image","twitter_misc":{"Tiempo de lectura":"1 minuto"},"schema":{"@context":"https:\/\/schema.org","@graph":[{"@type":"WebPage","@id":"https:\/\/departamentos.unileon.es\/area-historia-del-arte\/teijeira-pablos-ma-dolores\/","url":"https:\/\/departamentos.unileon.es\/area-historia-del-arte\/teijeira-pablos-ma-dolores\/","name":"Teijeira Pablos, M\u00aa Dolores - \u00c1rea de Historia del Arte","isPartOf":{"@id":"https:\/\/departamentos.unileon.es\/area-historia-del-arte\/#website"},"primaryImageOfPage":{"@id":"https:\/\/departamentos.unileon.es\/area-historia-del-arte\/teijeira-pablos-ma-dolores\/#primaryimage"},"image":{"@id":"https:\/\/departamentos.unileon.es\/area-historia-del-arte\/teijeira-pablos-ma-dolores\/#primaryimage"},"thumbnailUrl":"http:\/\/departamentos.unileon.es\/area-historia-del-arte\/files\/2017\/01\/Dolr-e1485429430558.png","datePublished":"2017-01-23T09:35:46+00:00","dateModified":"2019-05-30T09:09:06+00:00","inLanguage":"es","potentialAction":[{"@type":"ReadAction","target":["https:\/\/departamentos.unileon.es\/area-historia-del-arte\/teijeira-pablos-ma-dolores\/"]}]},{"@type":"ImageObject","inLanguage":"es","@id":"https:\/\/departamentos.unileon.es\/area-historia-del-arte\/teijeira-pablos-ma-dolores\/#primaryimage","url":"https:\/\/departamentos.unileon.es\/area-historia-del-arte\/files\/2017\/01\/Dolr-e1485429430558.png","contentUrl":"https:\/\/departamentos.unileon.es\/area-historia-del-arte\/files\/2017\/01\/Dolr-e1485429430558.png","width":100,"height":132},{"@type":"WebSite","@id":"https:\/\/departamentos.unileon.es\/area-historia-del-arte\/#website","url":"https:\/\/departamentos.unileon.es\/area-historia-del-arte\/","name":"\u00c1rea de Historia del Arte","description":"p\u00e1gina de \u00c1rea de la Universidad de Le\u00f3n","potentialAction":[{"@type":"SearchAction","target":{"@type":"EntryPoint","urlTemplate":"https:\/\/departamentos.unileon.es\/area-historia-del-arte\/?s={search_term_string}"},"query-input":{"@type":"PropertyValueSpecification","valueRequired":true,"valueName":"search_term_string"}}],"inLanguage":"es"}]}},"_links":{"self":[{"href":"https:\/\/departamentos.unileon.es\/area-historia-del-arte\/wp-json\/wp\/v2\/pages\/147","targetHints":{"allow":["GET"]}}],"collection":[{"href":"https:\/\/departamentos.unileon.es\/area-historia-del-arte\/wp-json\/wp\/v2\/pages"}],"about":[{"href":"https:\/\/departamentos.unileon.es\/area-historia-del-arte\/wp-json\/wp\/v2\/types\/page"}],"author":[{"embeddable":true,"href":"https:\/\/departamentos.unileon.es\/area-historia-del-arte\/wp-json\/wp\/v2\/users\/151"}],"replies":[{"embeddable":true,"href":"https:\/\/departamentos.unileon.es\/area-historia-del-arte\/wp-json\/wp\/v2\/comments?post=147"}],"version-history":[{"count":12,"href":"https:\/\/departamentos.unileon.es\/area-historia-del-arte\/wp-json\/wp\/v2\/pages\/147\/revisions"}],"predecessor-version":[{"id":956,"href":"https:\/\/departamentos.unileon.es\/area-historia-del-arte\/wp-json\/wp\/v2\/pages\/147\/revisions\/956"}],"wp:attachment":[{"href":"https:\/\/departamentos.unileon.es\/area-historia-del-arte\/wp-json\/wp\/v2\/media?parent=147"}],"curies":[{"name":"wp","href":"https:\/\/api.w.org\/{rel}","templated":true}]}}