{"id":1446,"date":"2021-11-23T10:27:14","date_gmt":"2021-11-23T10:27:14","guid":{"rendered":"https:\/\/departamentos.unileon.es\/area-historia-del-arte\/?page_id=1446"},"modified":"2024-06-07T08:03:36","modified_gmt":"2024-06-07T08:03:36","slug":"castineiras-lopez-javier","status":"publish","type":"page","link":"https:\/\/departamentos.unileon.es\/area-historia-del-arte\/castineiras-lopez-javier\/","title":{"rendered":"Casti\u00f1eiras L\u00f3pez, Javier"},"content":{"rendered":"\n<figure class=\"wp-block-image size-full is-resized\"><img loading=\"lazy\" decoding=\"async\" width=\"600\" height=\"440\" src=\"https:\/\/departamentos.unileon.es\/area-historia-del-arte\/files\/2021\/11\/foto_castin\u0303eiras.jpeg\" alt=\"\" class=\"wp-image-1449\" style=\"width:264px;height:auto\"\/><\/figure>\n\n\n\n<p><strong>Titulaci\u00f3n:<\/strong> Doctor en Historia del Arte<br><strong>Categor\u00eda profesional:<\/strong> Profesor Permanente Laboral<br><strong>Tel\u00e9fono: <\/strong>987291042<br><strong>e-mail:<\/strong>\u00a0<a data-type=\"mailto\" data-id=\"mailto:jcasl@unileon.es\" href=\"mailto:jcasl@unileon.es\" target=\"_blank\" rel=\"noreferrer noopener\">jcasl@unileon.es<\/a><br><strong>Despacho:<\/strong> 210bis (Dpto. Patrimonio Art\u00edstico y Documental)<\/p>\n\n\n\n<p><\/p>\n\n\n\n<p><strong>L\u00edneas de investigaci\u00f3n:<\/strong> Historia del Arte Medieval. Arte rom\u00e1nico. Game Studies.<\/p>\n\n\n\n<p><\/p>\n\n\n\n<p><strong>Grupos e institutos de investigaci\u00f3n a los que pertenece<\/strong>: <\/p>\n\n\n\n<p>Grupo de investigaci\u00f3n reconocido por la ULE \u201cPatrimonio Art\u00edstico Medieval\u201d<\/p>\n\n\n\n<p>Instituto de Estudios Medievales, Universidad de Le\u00f3n<\/p>\n\n\n\n<p>Grupo de Innovaci\u00f3n Docente Id-ARTE (Universidad de Le\u00f3n)<\/p>\n\n\n<div class=\"wp-block-image\">\n<figure class=\"alignleft is-resized\"><a href=\"https:\/\/dialnet.unirioja.es\/servlet\/autor?codigo=4193269\"><img loading=\"lazy\" decoding=\"async\" width=\"80\" height=\"23\" src=\"http:\/\/departamentos.unileon.es\/area-historia-del-arte\/files\/2017\/01\/dialnet-1-e1485947316953.jpg\" alt=\"\" class=\"wp-image-385\" style=\"width:80px;height:auto\"\/><\/a><\/figure><\/div>\n\n<div class=\"wp-block-image\">\n<figure class=\"alignleft\"><a href=\"https:\/\/orcid.org\/0000-0002-1155-4987\" target=\"_blank\" rel=\"noreferrer noopener\"><img loading=\"lazy\" decoding=\"async\" width=\"120\" height=\"41\" src=\"http:\/\/departamentos.unileon.es\/area-historia-del-arte\/files\/2018\/07\/orcid-e1531134521100.jpg\" alt=\"\" class=\"wp-image-624\"\/><\/a><\/figure><\/div>\n\n<div class=\"wp-block-image\">\n<figure class=\"alignleft\"><a href=\"https:\/\/unileon.academia.edu\/JavierCasti\u00f1eirasL\u00f3pez\" target=\"_blank\" rel=\"noreferrer noopener\"><img loading=\"lazy\" decoding=\"async\" width=\"110\" height=\"33\" src=\"http:\/\/departamentos.unileon.es\/area-historia-del-arte\/files\/2017\/01\/academialogo-1-e1485950684797.png\" alt=\"\" class=\"wp-image-429\"\/><\/a><\/figure><\/div>\n\n\n<p><\/p>\n\n\n\n<p><\/p>\n\n\n\n<p><\/p>\n\n\n\n<p><strong>Perfil docente:<\/strong> Arte Medieval Universal, Patrimonio, Turismo Cultural, Arte y ciudad.<\/p>\n\n\n\n<p><\/p>\n\n\n\n<p><\/p>\n","protected":false},"excerpt":{"rendered":"<p>Titulaci\u00f3n: Doctor en Historia del ArteCategor\u00eda profesional: Profesor Permanente LaboralTel\u00e9fono: 987291042e-mail:\u00a0jcasl@unileon.esDespacho: 210bis (Dpto. Patrimonio Art\u00edstico y Documental) L\u00edneas de investigaci\u00f3n: Historia del Arte Medieval. Arte rom\u00e1nico. Game Studies. Grupos e institutos de investigaci\u00f3n a los que pertenece: Grupo de investigaci\u00f3n reconocido por la ULE \u201cPatrimonio Art\u00edstico Medieval\u201d Instituto de Estudios Medievales, Universidad de Le\u00f3n Grupo [&hellip;]<\/p>\n","protected":false},"author":151,"featured_media":0,"parent":0,"menu_order":0,"comment_status":"closed","ping_status":"closed","template":"","meta":{"ngg_post_thumbnail":0,"footnotes":""},"class_list":["post-1446","page","type-page","status-publish","hentry"],"yoast_head":"<!-- This site is optimized with the Yoast SEO plugin v25.8 - https:\/\/yoast.com\/wordpress\/plugins\/seo\/ -->\n<title>Casti\u00f1eiras L\u00f3pez, Javier - \u00c1rea de Historia del Arte<\/title>\n<meta name=\"robots\" content=\"index, follow, max-snippet:-1, max-image-preview:large, max-video-preview:-1\" \/>\n<link rel=\"canonical\" href=\"https:\/\/departamentos.unileon.es\/area-historia-del-arte\/castineiras-lopez-javier\/\" \/>\n<meta property=\"og:locale\" content=\"es_ES\" \/>\n<meta property=\"og:type\" content=\"article\" \/>\n<meta property=\"og:title\" content=\"Casti\u00f1eiras L\u00f3pez, Javier - \u00c1rea de Historia del Arte\" \/>\n<meta property=\"og:description\" content=\"Titulaci\u00f3n: Doctor en Historia del ArteCategor\u00eda profesional: Profesor Permanente LaboralTel\u00e9fono: 987291042e-mail:\u00a0jcasl@unileon.esDespacho: 210bis (Dpto. Patrimonio Art\u00edstico y Documental) L\u00edneas de investigaci\u00f3n: Historia del Arte Medieval. Arte rom\u00e1nico. Game Studies. Grupos e institutos de investigaci\u00f3n a los que pertenece: Grupo de investigaci\u00f3n reconocido por la ULE \u201cPatrimonio Art\u00edstico Medieval\u201d Instituto de Estudios Medievales, Universidad de Le\u00f3n Grupo [&hellip;]\" \/>\n<meta property=\"og:url\" content=\"https:\/\/departamentos.unileon.es\/area-historia-del-arte\/castineiras-lopez-javier\/\" \/>\n<meta property=\"og:site_name\" content=\"\u00c1rea de Historia del Arte\" \/>\n<meta property=\"article:modified_time\" content=\"2024-06-07T08:03:36+00:00\" \/>\n<meta property=\"og:image\" content=\"http:\/\/departamentos.unileon.es\/area-historia-del-arte\/files\/2017\/01\/dialnet-1-e1485947316953.jpg\" \/>\n<meta name=\"twitter:card\" content=\"summary_large_image\" \/>\n<meta name=\"twitter:label1\" content=\"Tiempo de lectura\" \/>\n\t<meta name=\"twitter:data1\" content=\"2 minutos\" \/>\n<script type=\"application\/ld+json\" class=\"yoast-schema-graph\">{\"@context\":\"https:\/\/schema.org\",\"@graph\":[{\"@type\":\"WebPage\",\"@id\":\"https:\/\/departamentos.unileon.es\/area-historia-del-arte\/castineiras-lopez-javier\/\",\"url\":\"https:\/\/departamentos.unileon.es\/area-historia-del-arte\/castineiras-lopez-javier\/\",\"name\":\"Casti\u00f1eiras L\u00f3pez, Javier - \u00c1rea de Historia del Arte\",\"isPartOf\":{\"@id\":\"https:\/\/departamentos.unileon.es\/area-historia-del-arte\/#website\"},\"primaryImageOfPage\":{\"@id\":\"https:\/\/departamentos.unileon.es\/area-historia-del-arte\/castineiras-lopez-javier\/#primaryimage\"},\"image\":{\"@id\":\"https:\/\/departamentos.unileon.es\/area-historia-del-arte\/castineiras-lopez-javier\/#primaryimage\"},\"thumbnailUrl\":\"http:\/\/departamentos.unileon.es\/area-historia-del-arte\/files\/2017\/01\/dialnet-1-e1485947316953.jpg\",\"datePublished\":\"2021-11-23T10:27:14+00:00\",\"dateModified\":\"2024-06-07T08:03:36+00:00\",\"inLanguage\":\"es\",\"potentialAction\":[{\"@type\":\"ReadAction\",\"target\":[\"https:\/\/departamentos.unileon.es\/area-historia-del-arte\/castineiras-lopez-javier\/\"]}]},{\"@type\":\"ImageObject\",\"inLanguage\":\"es\",\"@id\":\"https:\/\/departamentos.unileon.es\/area-historia-del-arte\/castineiras-lopez-javier\/#primaryimage\",\"url\":\"https:\/\/departamentos.unileon.es\/area-historia-del-arte\/files\/2017\/01\/dialnet-1-e1485947316953.jpg\",\"contentUrl\":\"https:\/\/departamentos.unileon.es\/area-historia-del-arte\/files\/2017\/01\/dialnet-1-e1485947316953.jpg\",\"width\":80,\"height\":23},{\"@type\":\"WebSite\",\"@id\":\"https:\/\/departamentos.unileon.es\/area-historia-del-arte\/#website\",\"url\":\"https:\/\/departamentos.unileon.es\/area-historia-del-arte\/\",\"name\":\"\u00c1rea de Historia del Arte\",\"description\":\"p\u00e1gina de \u00c1rea de la Universidad de Le\u00f3n\",\"potentialAction\":[{\"@type\":\"SearchAction\",\"target\":{\"@type\":\"EntryPoint\",\"urlTemplate\":\"https:\/\/departamentos.unileon.es\/area-historia-del-arte\/?s={search_term_string}\"},\"query-input\":{\"@type\":\"PropertyValueSpecification\",\"valueRequired\":true,\"valueName\":\"search_term_string\"}}],\"inLanguage\":\"es\"}]}<\/script>\n<!-- \/ Yoast SEO plugin. -->","yoast_head_json":{"title":"Casti\u00f1eiras L\u00f3pez, Javier - \u00c1rea de Historia del Arte","robots":{"index":"index","follow":"follow","max-snippet":"max-snippet:-1","max-image-preview":"max-image-preview:large","max-video-preview":"max-video-preview:-1"},"canonical":"https:\/\/departamentos.unileon.es\/area-historia-del-arte\/castineiras-lopez-javier\/","og_locale":"es_ES","og_type":"article","og_title":"Casti\u00f1eiras L\u00f3pez, Javier - \u00c1rea de Historia del Arte","og_description":"Titulaci\u00f3n: Doctor en Historia del ArteCategor\u00eda profesional: Profesor Permanente LaboralTel\u00e9fono: 987291042e-mail:\u00a0jcasl@unileon.esDespacho: 210bis (Dpto. Patrimonio Art\u00edstico y Documental) L\u00edneas de investigaci\u00f3n: Historia del Arte Medieval. Arte rom\u00e1nico. Game Studies. Grupos e institutos de investigaci\u00f3n a los que pertenece: Grupo de investigaci\u00f3n reconocido por la ULE \u201cPatrimonio Art\u00edstico Medieval\u201d Instituto de Estudios Medievales, Universidad de Le\u00f3n Grupo [&hellip;]","og_url":"https:\/\/departamentos.unileon.es\/area-historia-del-arte\/castineiras-lopez-javier\/","og_site_name":"\u00c1rea de Historia del Arte","article_modified_time":"2024-06-07T08:03:36+00:00","og_image":[{"url":"http:\/\/departamentos.unileon.es\/area-historia-del-arte\/files\/2017\/01\/dialnet-1-e1485947316953.jpg","type":"","width":"","height":""}],"twitter_card":"summary_large_image","twitter_misc":{"Tiempo de lectura":"2 minutos"},"schema":{"@context":"https:\/\/schema.org","@graph":[{"@type":"WebPage","@id":"https:\/\/departamentos.unileon.es\/area-historia-del-arte\/castineiras-lopez-javier\/","url":"https:\/\/departamentos.unileon.es\/area-historia-del-arte\/castineiras-lopez-javier\/","name":"Casti\u00f1eiras L\u00f3pez, Javier - \u00c1rea de Historia del Arte","isPartOf":{"@id":"https:\/\/departamentos.unileon.es\/area-historia-del-arte\/#website"},"primaryImageOfPage":{"@id":"https:\/\/departamentos.unileon.es\/area-historia-del-arte\/castineiras-lopez-javier\/#primaryimage"},"image":{"@id":"https:\/\/departamentos.unileon.es\/area-historia-del-arte\/castineiras-lopez-javier\/#primaryimage"},"thumbnailUrl":"http:\/\/departamentos.unileon.es\/area-historia-del-arte\/files\/2017\/01\/dialnet-1-e1485947316953.jpg","datePublished":"2021-11-23T10:27:14+00:00","dateModified":"2024-06-07T08:03:36+00:00","inLanguage":"es","potentialAction":[{"@type":"ReadAction","target":["https:\/\/departamentos.unileon.es\/area-historia-del-arte\/castineiras-lopez-javier\/"]}]},{"@type":"ImageObject","inLanguage":"es","@id":"https:\/\/departamentos.unileon.es\/area-historia-del-arte\/castineiras-lopez-javier\/#primaryimage","url":"https:\/\/departamentos.unileon.es\/area-historia-del-arte\/files\/2017\/01\/dialnet-1-e1485947316953.jpg","contentUrl":"https:\/\/departamentos.unileon.es\/area-historia-del-arte\/files\/2017\/01\/dialnet-1-e1485947316953.jpg","width":80,"height":23},{"@type":"WebSite","@id":"https:\/\/departamentos.unileon.es\/area-historia-del-arte\/#website","url":"https:\/\/departamentos.unileon.es\/area-historia-del-arte\/","name":"\u00c1rea de Historia del Arte","description":"p\u00e1gina de \u00c1rea de la Universidad de Le\u00f3n","potentialAction":[{"@type":"SearchAction","target":{"@type":"EntryPoint","urlTemplate":"https:\/\/departamentos.unileon.es\/area-historia-del-arte\/?s={search_term_string}"},"query-input":{"@type":"PropertyValueSpecification","valueRequired":true,"valueName":"search_term_string"}}],"inLanguage":"es"}]}},"_links":{"self":[{"href":"https:\/\/departamentos.unileon.es\/area-historia-del-arte\/wp-json\/wp\/v2\/pages\/1446","targetHints":{"allow":["GET"]}}],"collection":[{"href":"https:\/\/departamentos.unileon.es\/area-historia-del-arte\/wp-json\/wp\/v2\/pages"}],"about":[{"href":"https:\/\/departamentos.unileon.es\/area-historia-del-arte\/wp-json\/wp\/v2\/types\/page"}],"author":[{"embeddable":true,"href":"https:\/\/departamentos.unileon.es\/area-historia-del-arte\/wp-json\/wp\/v2\/users\/151"}],"replies":[{"embeddable":true,"href":"https:\/\/departamentos.unileon.es\/area-historia-del-arte\/wp-json\/wp\/v2\/comments?post=1446"}],"version-history":[{"count":27,"href":"https:\/\/departamentos.unileon.es\/area-historia-del-arte\/wp-json\/wp\/v2\/pages\/1446\/revisions"}],"predecessor-version":[{"id":2022,"href":"https:\/\/departamentos.unileon.es\/area-historia-del-arte\/wp-json\/wp\/v2\/pages\/1446\/revisions\/2022"}],"wp:attachment":[{"href":"https:\/\/departamentos.unileon.es\/area-historia-del-arte\/wp-json\/wp\/v2\/media?parent=1446"}],"curies":[{"name":"wp","href":"https:\/\/api.w.org\/{rel}","templated":true}]}}